{"id":16142,"date":"2025-07-15T16:06:19","date_gmt":"2025-07-15T14:06:19","guid":{"rendered":"https:\/\/uj.adatbank.ro\/lexikon\/termek\/nagy-ferenc\/"},"modified":"2025-07-15T16:06:19","modified_gmt":"2025-07-15T14:06:19","slug":"nagy-ferenc","status":"publish","type":"product","link":"https:\/\/uj.adatbank.ro\/lexikon\/termek\/nagy-ferenc\/","title":{"rendered":"NAGY Ferenc"},"content":{"rendered":"<p>? \u2020 ?: esk\u00fcdt polg\u00e1r, ad\u00f3t\u00e1rnok. \u2013 A mv.-i v\u00e1rosi esk\u00fcdt k\u00f6z\u00f6ns\u00e9g tagja, tan\u00e1csos (1758, 1759, 1760, 1762, 1764). Ad\u00f3t\u00e1rnok (\u20131759), a v\u00e1ros ad\u00f3ss\u00e1g\u00e1t a Tartom\u00e1nyi F\u0151biztoss\u00e1ggal szemben nem fizette ki (1754\u201358), ez\u00e9rt lefoglalt\u00e1k h\u00e1z\u00e1t amig nem rendezi az ad\u00f3h\u00e1tr\u00e1l\u00e9kot, sz\u00f3sz\u00f3l\u00f3 (1751), jegyz\u0151 (1758). <br \/><strong>Irod.:<\/strong> Id\u0151t\u00e1r 1; Mv.-i Pl\u00e9b\u00e1nia; P\u00e1l-Antal 2006<\/br><\/p>\n","protected":false},"excerpt":{"rendered":"<p>? \u2020 ?: esk\u00fcdt polg\u00e1r, ad\u00f3t\u00e1rnok. \u2013 A mv.-i v\u00e1rosi esk\u00fcdt k\u00f6z\u00f6ns\u00e9g tagja, tan\u00e1csos (1758, 1759, 1760, 1762, 1764). Ad\u00f3t\u00e1rnok (\u20131759), a v\u00e1ros ad\u00f3ss\u00e1g\u00e1t a Tartom\u00e1nyi F\u0151biztoss\u00e1ggal szemben nem fizette ki (1754\u201358), ez\u00e9rt lefoglalt\u00e1k h\u00e1z\u00e1t amig nem rendezi az ad\u00f3h\u00e1tr\u00e1l\u00e9kot, sz\u00f3sz\u00f3l\u00f3 (1751), jegyz\u0151 (1758). Irod.: Id\u0151t\u00e1r 1; Mv.-i Pl\u00e9b\u00e1nia; P\u00e1l-Antal 2006<\/p>\n","protected":false},"featured_media":0,"comment_status":"open","ping_status":"closed","template":"","meta":[],"product_brand":[],"product_cat":[137],"product_tag":[],"class_list":{"0":"post-16142","1":"product","2":"type-product","3":"status-publish","5":"product_cat-maros-megyei-eletrajzi-lexikon","7":"first","8":"instock","9":"shipping-taxable","10":"product-type-simple"},"_links":{"self":[{"href":"https:\/\/uj.adatbank.ro\/lexikon\/wp-json\/wp\/v2\/product\/16142","targetHints":{"allow":["GET"]}}],"collection":[{"href":"https:\/\/uj.adatbank.ro\/lexikon\/wp-json\/wp\/v2\/product"}],"about":[{"href":"https:\/\/uj.adatbank.ro\/lexikon\/wp-json\/wp\/v2\/types\/product"}],"replies":[{"embeddable":true,"href":"https:\/\/uj.adatbank.ro\/lexikon\/wp-json\/wp\/v2\/comments?post=16142"}],"wp:attachment":[{"href":"https:\/\/uj.adatbank.ro\/lexikon\/wp-json\/wp\/v2\/media?parent=16142"}],"wp:term":[{"taxonomy":"product_brand","embeddable":true,"href":"https:\/\/uj.adatbank.ro\/lexikon\/wp-json\/wp\/v2\/product_brand?post=16142"},{"taxonomy":"product_cat","embeddable":true,"href":"https:\/\/uj.adatbank.ro\/lexikon\/wp-json\/wp\/v2\/product_cat?post=16142"},{"taxonomy":"product_tag","embeddable":true,"href":"https:\/\/uj.adatbank.ro\/lexikon\/wp-json\/wp\/v2\/product_tag?post=16142"}],"curies":[{"name":"wp","href":"https:\/\/api.w.org\/{rel}","templated":true}]}}