{"id":16151,"date":"2025-07-15T16:06:39","date_gmt":"2025-07-15T14:06:39","guid":{"rendered":"https:\/\/uj.adatbank.ro\/lexikon\/termek\/nagy-ferenc-10\/"},"modified":"2025-07-15T16:06:39","modified_gmt":"2025-07-15T14:06:39","slug":"nagy-ferenc-10","status":"publish","type":"product","link":"https:\/\/uj.adatbank.ro\/lexikon\/termek\/nagy-ferenc-10\/","title":{"rendered":"NAGY Ferenc"},"content":{"rendered":"<p>Hagym\u00e1sbodon, 1839. j\u00fan. 5.\u2020 Sz\u00e1szbonyha, 1898. \u00e1pr. 29.: tan\u00edt\u00f3. \u2013 A mv.-i Ref. Koll.-ban tanult, de betegs\u00e9ge miatt nem fejezte be. Sz\u00fcl\u0151faluj\u00e1ban k\u00e1ntortan\u00edt\u00f3 (1866\u2013). Elv\u00e9gezte a Vall\u00e1s \u2013 \u00e9s K\u00f6zoktat\u00e1s-\u00fcgyi Miniszt\u00e9rium n\u00e9ptan\u00edt\u00f3k r\u00e9sz\u00e9re Mv.-en szervezett tanfolyamot (1871) \u00e9s egy gazd\u00e1szati tanfolyamot is v\u00e9gzett (1872). Hagym\u00e1sbodonba kapott megh\u00edv\u00e1st a k\u00e1ntortan\u00edt\u00f3i \u00e1ll\u00e1sra (1873. j\u00fan. 3.\u201376). Az iskola tanszereket nyert a miniszt\u00e9riumt\u00f3l. Gr. Toldalagi Mih\u00e1ly \u00e9s V\u00e1lyi P\u00e1l esperes seg\u00edts\u00e9g\u00e9vel, k\u00e9r\u00e9s\u00e9re \u00faj orgon\u00e1t kapott a templom, Tak\u00e1ts Ign\u00e1cz mv.-i orgonak\u00e9sz\u00edt\u0151 \u00e9p\u00edtette (1874). M\u00e9h\u00e9szk\u00e9nt el\u0151ad\u00e1sokat, gyakorlati bem\u00fatat\u00f3kat is tartott. T\u00f6bbsz\u00f6r r\u00e9szes\u00fclt kit\u00fcntet\u00e9si tiszteletd\u00edjban. K\u00e1ntortan\u00edt\u00f3 lett Csittszentiv\u00e1nyban (1876. szept. 29.\u2013). <br \/><strong>Irod.:<\/strong> Ny\u00e1r\u00e1dszentbenedek<\/br><\/p>\n","protected":false},"excerpt":{"rendered":"<p>Hagym\u00e1sbodon, 1839. j\u00fan. 5.\u2020 Sz\u00e1szbonyha, 1898. \u00e1pr. 29.: tan\u00edt\u00f3. \u2013 A mv.-i Ref. Koll.-ban tanult, de betegs\u00e9ge miatt nem fejezte be. Sz\u00fcl\u0151faluj\u00e1ban k\u00e1ntortan\u00edt\u00f3 (1866\u2013). Elv\u00e9gezte a Vall\u00e1s \u2013 \u00e9s K\u00f6zoktat\u00e1s-\u00fcgyi Miniszt\u00e9rium n\u00e9ptan\u00edt\u00f3k r\u00e9sz\u00e9re Mv.-en szervezett tanfolyamot (1871) \u00e9s egy gazd\u00e1szati tanfolyamot is v\u00e9gzett (1872). Hagym\u00e1sbodonba kapott megh\u00edv\u00e1st a k\u00e1ntortan\u00edt\u00f3i \u00e1ll\u00e1sra (1873. j\u00fan. 3.\u201376). Az iskola [&hellip;]<\/p>\n","protected":false},"featured_media":0,"comment_status":"open","ping_status":"closed","template":"","meta":[],"product_brand":[],"product_cat":[137],"product_tag":[],"class_list":{"0":"post-16151","1":"product","2":"type-product","3":"status-publish","5":"product_cat-maros-megyei-eletrajzi-lexikon","7":"first","8":"instock","9":"shipping-taxable","10":"product-type-simple"},"_links":{"self":[{"href":"https:\/\/uj.adatbank.ro\/lexikon\/wp-json\/wp\/v2\/product\/16151","targetHints":{"allow":["GET"]}}],"collection":[{"href":"https:\/\/uj.adatbank.ro\/lexikon\/wp-json\/wp\/v2\/product"}],"about":[{"href":"https:\/\/uj.adatbank.ro\/lexikon\/wp-json\/wp\/v2\/types\/product"}],"replies":[{"embeddable":true,"href":"https:\/\/uj.adatbank.ro\/lexikon\/wp-json\/wp\/v2\/comments?post=16151"}],"wp:attachment":[{"href":"https:\/\/uj.adatbank.ro\/lexikon\/wp-json\/wp\/v2\/media?parent=16151"}],"wp:term":[{"taxonomy":"product_brand","embeddable":true,"href":"https:\/\/uj.adatbank.ro\/lexikon\/wp-json\/wp\/v2\/product_brand?post=16151"},{"taxonomy":"product_cat","embeddable":true,"href":"https:\/\/uj.adatbank.ro\/lexikon\/wp-json\/wp\/v2\/product_cat?post=16151"},{"taxonomy":"product_tag","embeddable":true,"href":"https:\/\/uj.adatbank.ro\/lexikon\/wp-json\/wp\/v2\/product_tag?post=16151"}],"curies":[{"name":"wp","href":"https:\/\/api.w.org\/{rel}","templated":true}]}}

<p>Hagymásbodon, 1839. jún. 5.† Szászbonyha, 1898. ápr. 29.: tanító. – A mv.-i Ref. Koll.-ban tanult, de betegsége miatt nem fejezte be. Szülőfalujában kántortanító (1866–). Elvégezte a Vallás – és Közoktatás-ügyi Minisztérium néptanítók részére Mv.-en szervezett tanfolyamot (1871) és egy gazdászati tanfolyamot is végzett (1872). Hagymásbodonba kapott meghívást a kántortanítói állásra (1873. jún. 3.–76). Az iskola tanszereket nyert a minisztériumtól. Gr. Toldalagi Mihály és Vályi Pál esperes segítségével, kérésére új orgonát kapott a templom, Takáts Ignácz mv.-i orgonakészítő építette (1874). Méhészként előadásokat, gyakorlati bemútatókat is tartott. Többször részesült kitüntetési tiszteletdíjban. Kántortanító lett Csittszentiványban (1876. szept. 29.–). <br /><strong>Irod.:</strong> Nyárádszentbenedek</br></p>

<p>Hagymásbodon, 1839. jún. 5.† Szászbonyha, 1898. ápr. 29.: tanító. – A mv.-i Ref. Koll.-ban tanult, de betegsége miatt nem fejezte be. Szülőfalujában kántortanító (1866–). Elvégezte a Vallás – és Közoktatás-ügyi Minisztérium néptanítók részére Mv.-en szervezett tanfolyamot (1871) és egy gazdászati tanfolyamot is végzett (1872). Hagymásbodonba kapott meghívást a kántortanítói állásra (1873. jún. 3.–76). Az iskola [&hellip;]</p>
