{"id":16155,"date":"2025-07-15T16:06:47","date_gmt":"2025-07-15T14:06:47","guid":{"rendered":"https:\/\/uj.adatbank.ro\/lexikon\/termek\/nagy-ferenc-14\/"},"modified":"2025-07-15T16:06:47","modified_gmt":"2025-07-15T14:06:47","slug":"nagy-ferenc-14","status":"publish","type":"product","link":"https:\/\/uj.adatbank.ro\/lexikon\/termek\/nagy-ferenc-14\/","title":{"rendered":"NAGY Ferenc"},"content":{"rendered":"<p>Segesv\u00e1r, 1916. j\u00fan. 30., \u2020 ?: unit\u00e1rius lelk\u00e9sz. \u2013 \u00c9retts\u00e9gizett Segesv\u00e1ron (1934), Kv.-on elv\u00e9gezte az Unit\u00e1rius Teol\u00f3giai Akad\u00e9mi\u00e1t (1939), majd az egyetem b\u00f6lcs\u00e9szkar\u00e1n nyert tan\u00e1ri oklevelet (1934, 1941); vall\u00e1stan\u00e1ri k\u00e9pes\u00edt\u00e1st szerzett (1944); a K\u00f6zgazdas\u00e1gi Karon szoci\u00e1lis tanfolyamot v\u00e9gzett (1945), a manchesteri unit. Koll. \u00d6szt\u00f6nd\u00edjasa (1973). A kv.-i Irisztelep s. lelk\u00e9sze (1938\u201345), lelk\u00e9sz Recseny\u00e9den (1945\u201353), Segesv\u00e1ron (1953\u2013). Apj\u00e1t N. B\u00e9la unit. lelk\u00e9szt k\u00f6vette (1953\u2013) a segesv\u00e1ri par\u00f3ki\u00e1n, munk\u00e1j\u00e1t is folytatta, tornyot \u00e9p\u00edtetett a templomnak. M\u0171kedvel\u0151 dalszerz\u0151 \u00e9s fest\u0151m\u0171v\u00e9sz, k\u00e9peivel mv.-i \u00e9s segesv\u00e1ri csoportos ki\u00e1ll\u00edt\u00e1sok r\u00e9sztevev\u0151je. <br \/><strong>Irod.:<\/strong> Kelemen Imre; KKACs<\/br><\/p>\n","protected":false},"excerpt":{"rendered":"<p>Segesv\u00e1r, 1916. j\u00fan. 30., \u2020 ?: unit\u00e1rius lelk\u00e9sz. \u2013 \u00c9retts\u00e9gizett Segesv\u00e1ron (1934), Kv.-on elv\u00e9gezte az Unit\u00e1rius Teol\u00f3giai Akad\u00e9mi\u00e1t (1939), majd az egyetem b\u00f6lcs\u00e9szkar\u00e1n nyert tan\u00e1ri oklevelet (1934, 1941); vall\u00e1stan\u00e1ri k\u00e9pes\u00edt\u00e1st szerzett (1944); a K\u00f6zgazdas\u00e1gi Karon szoci\u00e1lis tanfolyamot v\u00e9gzett (1945), a manchesteri unit. Koll. \u00d6szt\u00f6nd\u00edjasa (1973). A kv.-i Irisztelep s. lelk\u00e9sze (1938\u201345), lelk\u00e9sz Recseny\u00e9den (1945\u201353), Segesv\u00e1ron [&hellip;]<\/p>\n","protected":false},"featured_media":0,"comment_status":"open","ping_status":"closed","template":"","meta":[],"product_brand":[],"product_cat":[137],"product_tag":[],"class_list":{"0":"post-16155","1":"product","2":"type-product","3":"status-publish","5":"product_cat-maros-megyei-eletrajzi-lexikon","7":"first","8":"instock","9":"shipping-taxable","10":"product-type-simple"},"_links":{"self":[{"href":"https:\/\/uj.adatbank.ro\/lexikon\/wp-json\/wp\/v2\/product\/16155","targetHints":{"allow":["GET"]}}],"collection":[{"href":"https:\/\/uj.adatbank.ro\/lexikon\/wp-json\/wp\/v2\/product"}],"about":[{"href":"https:\/\/uj.adatbank.ro\/lexikon\/wp-json\/wp\/v2\/types\/product"}],"replies":[{"embeddable":true,"href":"https:\/\/uj.adatbank.ro\/lexikon\/wp-json\/wp\/v2\/comments?post=16155"}],"wp:attachment":[{"href":"https:\/\/uj.adatbank.ro\/lexikon\/wp-json\/wp\/v2\/media?parent=16155"}],"wp:term":[{"taxonomy":"product_brand","embeddable":true,"href":"https:\/\/uj.adatbank.ro\/lexikon\/wp-json\/wp\/v2\/product_brand?post=16155"},{"taxonomy":"product_cat","embeddable":true,"href":"https:\/\/uj.adatbank.ro\/lexikon\/wp-json\/wp\/v2\/product_cat?post=16155"},{"taxonomy":"product_tag","embeddable":true,"href":"https:\/\/uj.adatbank.ro\/lexikon\/wp-json\/wp\/v2\/product_tag?post=16155"}],"curies":[{"name":"wp","href":"https:\/\/api.w.org\/{rel}","templated":true}]}}

<p>Segesvár, 1916. jún. 30., † ?: unitárius lelkész. – Érettségizett Segesváron (1934), Kv.-on elvégezte az Unitárius Teológiai Akadémiát (1939), majd az egyetem bölcsészkarán nyert tanári oklevelet (1934, 1941); vallástanári képesítást szerzett (1944); a Közgazdasági Karon szociális tanfolyamot végzett (1945), a manchesteri unit. Koll. Ösztöndíjasa (1973). A kv.-i Irisztelep s. lelkésze (1938–45), lelkész Recsenyéden (1945–53), Segesváron (1953–). Apját N. Béla unit. lelkészt követte (1953–) a segesvári parókián, munkáját is folytatta, tornyot építetett a templomnak. Műkedvelő dalszerző és festőművész, képeivel mv.-i és segesvári csoportos kiállítások résztevevője. <br /><strong>Irod.:</strong> Kelemen Imre; KKACs</br></p>

<p>Segesvár, 1916. jún. 30., † ?: unitárius lelkész. – Érettségizett Segesváron (1934), Kv.-on elvégezte az Unitárius Teológiai Akadémiát (1939), majd az egyetem bölcsészkarán nyert tanári oklevelet (1934, 1941); vallástanári képesítást szerzett (1944); a Közgazdasági Karon szociális tanfolyamot végzett (1945), a manchesteri unit. Koll. Ösztöndíjasa (1973). A kv.-i Irisztelep s. lelkésze (1938–45), lelkész Recsenyéden (1945–53), Segesváron [&hellip;]</p>
