{"id":16158,"date":"2025-07-15T16:06:52","date_gmt":"2025-07-15T14:06:52","guid":{"rendered":"https:\/\/uj.adatbank.ro\/lexikon\/termek\/nagy-ferenc-17\/"},"modified":"2025-07-15T16:06:52","modified_gmt":"2025-07-15T14:06:52","slug":"nagy-ferenc-17","status":"publish","type":"product","link":"https:\/\/uj.adatbank.ro\/lexikon\/termek\/nagy-ferenc-17\/","title":{"rendered":"NAGY Ferenc"},"content":{"rendered":"<p>B\u00fazah\u00e1za, 1935. nov. 15., \u2020 Csikfalva, 2008. aug. 9.: tan\u00e1r, zen\u00e9sz. \u2013 P\u00e1l \u2013 f\u00f6ldm\u0171ves, Sik\u00f3 Karolina. Feles\u00e9ge (1958\u2013): Butyurka Roz\u00e1lia tan\u00edt\u00f3n\u0151 (1958), n\u00e9gy gyermek anyja: Zolt\u00e1n (1959) asztalos; Attila (1960) asztalos; Zsolt (1970) k\u0151m\u00fcves; Alp\u00e1r (1973) tan\u00e1r. A Sz\u00e1szr\u00e9geni Magyar Tan\u00edt\u00f3k\u00e9pz\u0151ben kapott tan\u00edt\u00f3i oklevelet (1949\u20131953); majd a Gh.Dima Zeneakad\u00e9mi\u00e1n v\u00e9gzett (1970). Tan\u00e1r Mikh\u00e1z\u00e1n (1955\u201358), itt megalak\u00edtja a Bekecsalji Nevel\u0151k N\u00e9pi Egy\u00fcttes\u00e9t. Jobb\u00e1gytelk\u00e9n a vegyes kar vezet\u0151je (1958\u201362). Tan\u00e1r \u00e9s igazgat\u00f3 Cs\u00edkfalv\u00e1n (1987\u20131998).I.fok.tan\u00e1r (1981). \u00c9nekkarokat alak\u00edtott, k\u00f3rusversenyeket szervezett. Megalap\u00edtotta a Sepr\u0151di J\u00e1nos Nemzetk\u00f6zi K\u00f3russz\u00f6vets\u00e9get (1991), melynek \u00f6r\u00f6k\u00f6s eln\u00f6ke \u00e9s elk\u00e9sz\u00edtette az alapszab\u00e1lyzat\u00e1t. Bart\u00f3k B\u00e9la-d\u00edjjal t\u00fcntett\u00e9k ki (2006), a M. Kult\u00fara Lovgj\u00e1v\u00e1 avatt\u00e1k (2008. jan. 22.). A cs\u00edkfalvi iskola el\u0151tt tisztelet\u00e9re eml\u00e9koszlop \u00e1ll. Eml\u00e9k\u00e9re \u00e9vente \u0151szi k\u00f3rustal\u00e1lkoz\u00f3t is szerveznek Ny\u00e1r\u00e1dszered\u00e1ban. (2010\u2013), majd \u00e1thelyezt\u00e9k Cs\u00edkfalv\u00e1ra \u00e9s Jobb\u00e1gyfalv\u00e1ra.(2014\u2013).A Rom. Magyar Dalsz\u00f6vets\u00e9g, a K\u00d3TA, az Europa Cantat tagja. K\u00e1ntor (1948\u201353). <br \/><strong>Irod.:<\/strong> Cs\u00edkfalva; Damj\u00e1n B. S\u00e1ndor: Nagy Ferenc Ny\u00e1r\u00e1dmenti K\u00f3russz\u00f6vets\u00e9g: Avagy Isten \u00e9ltesse Sepr\u0151di \u00far! (N\u00fa., 2003. j\u00fal. 3.); Gligor R\u00f3bert L\u00e1szl\u00f3: Hangversennyel eml\u00e9keztek N. F.-re (V\u00e1s\u00e1rhelyi H\u00edrlap, 2010. nov.16.); GRL:Nagy Ferencre eml\u00e9keznek (N\u00fa., 2022. aug. 30); M\u00e1rton Zsolt: Nagy Ferenc karnagy eml\u00e9k\u00e9re (N\u00fa., 2010. nov. 16.); M\u00e1rton Zsolt \u2013 Nyilas Szabolcs: A k\u00f3rusmuzsika volt az \u00e9lete (N\u00fa., 2008. aug. 13.); [Nekrol\u00f3g] (N\u00fa., 2008. aug. 11..); Kajcsa Jen\u0151: Eml\u00e9kezz\u00fcnk Nagy Ferenc karnagyra, a magyar kult\u00fara lovagj\u00e1ra<\/br><\/p>\n","protected":false},"excerpt":{"rendered":"<p>B\u00fazah\u00e1za, 1935. nov. 15., \u2020 Csikfalva, 2008. aug. 9.: tan\u00e1r, zen\u00e9sz. \u2013 P\u00e1l \u2013 f\u00f6ldm\u0171ves, Sik\u00f3 Karolina. Feles\u00e9ge (1958\u2013): Butyurka Roz\u00e1lia tan\u00edt\u00f3n\u0151 (1958), n\u00e9gy gyermek anyja: Zolt\u00e1n (1959) asztalos; Attila (1960) asztalos; Zsolt (1970) k\u0151m\u00fcves; Alp\u00e1r (1973) tan\u00e1r. A Sz\u00e1szr\u00e9geni Magyar Tan\u00edt\u00f3k\u00e9pz\u0151ben kapott tan\u00edt\u00f3i oklevelet (1949\u20131953); majd a Gh.Dima Zeneakad\u00e9mi\u00e1n v\u00e9gzett (1970). Tan\u00e1r Mikh\u00e1z\u00e1n (1955\u201358), [&hellip;]<\/p>\n","protected":false},"featured_media":0,"comment_status":"open","ping_status":"closed","template":"","meta":[],"product_brand":[],"product_cat":[137],"product_tag":[],"class_list":{"0":"post-16158","1":"product","2":"type-product","3":"status-publish","5":"product_cat-maros-megyei-eletrajzi-lexikon","7":"first","8":"instock","9":"shipping-taxable","10":"product-type-simple"},"_links":{"self":[{"href":"https:\/\/uj.adatbank.ro\/lexikon\/wp-json\/wp\/v2\/product\/16158","targetHints":{"allow":["GET"]}}],"collection":[{"href":"https:\/\/uj.adatbank.ro\/lexikon\/wp-json\/wp\/v2\/product"}],"about":[{"href":"https:\/\/uj.adatbank.ro\/lexikon\/wp-json\/wp\/v2\/types\/product"}],"replies":[{"embeddable":true,"href":"https:\/\/uj.adatbank.ro\/lexikon\/wp-json\/wp\/v2\/comments?post=16158"}],"wp:attachment":[{"href":"https:\/\/uj.adatbank.ro\/lexikon\/wp-json\/wp\/v2\/media?parent=16158"}],"wp:term":[{"taxonomy":"product_brand","embeddable":true,"href":"https:\/\/uj.adatbank.ro\/lexikon\/wp-json\/wp\/v2\/product_brand?post=16158"},{"taxonomy":"product_cat","embeddable":true,"href":"https:\/\/uj.adatbank.ro\/lexikon\/wp-json\/wp\/v2\/product_cat?post=16158"},{"taxonomy":"product_tag","embeddable":true,"href":"https:\/\/uj.adatbank.ro\/lexikon\/wp-json\/wp\/v2\/product_tag?post=16158"}],"curies":[{"name":"wp","href":"https:\/\/api.w.org\/{rel}","templated":true}]}}

<p>Búzaháza, 1935. nov. 15., † Csikfalva, 2008. aug. 9.: tanár, zenész. – Pál – földműves, Sikó Karolina. Felesége (1958–): Butyurka Rozália tanítónő (1958), négy gyermek anyja: Zoltán (1959) asztalos; Attila (1960) asztalos; Zsolt (1970) kőmüves; Alpár (1973) tanár. A Szászrégeni Magyar Tanítóképzőben kapott tanítói oklevelet (1949–1953); majd a Gh.Dima Zeneakadémián végzett (1970). Tanár Mikházán (1955–58), itt megalakítja a Bekecsalji Nevelők Népi Együttesét. Jobbágytelkén a vegyes kar vezetője (1958–62). Tanár és igazgató Csíkfalván (1987–1998).I.fok.tanár (1981). Énekkarokat alakított, kórusversenyeket szervezett. Megalapította a Seprődi János Nemzetközi Kórusszövetséget (1991), melynek örökös elnöke és elkészítette az alapszabályzatát. Bartók Béla-díjjal tüntették ki (2006), a M. Kultúra Lovgjává avatták (2008. jan. 22.). A csíkfalvi iskola előtt tiszteletére emlékoszlop áll. Emlékére évente őszi kórustalálkozót is szerveznek Nyárádszeredában. (2010–), majd áthelyezték Csíkfalvára és Jobbágyfalvára.(2014–).A Rom. Magyar Dalszövetség, a KÓTA, az Europa Cantat tagja. Kántor (1948–53). <br /><strong>Irod.:</strong> Csíkfalva; Damján B. Sándor: Nagy Ferenc Nyárádmenti Kórusszövetség: Avagy Isten éltesse Seprődi úr! (Nú., 2003. júl. 3.); Gligor Róbert László: Hangversennyel emlékeztek N. F.-re (Vásárhelyi Hírlap, 2010. nov.16.); GRL:Nagy Ferencre emlékeznek (Nú., 2022. aug. 30); Márton Zsolt: Nagy Ferenc karnagy emlékére (Nú., 2010. nov. 16.); Márton Zsolt – Nyilas Szabolcs: A kórusmuzsika volt az élete (Nú., 2008. aug. 13.); [Nekrológ] (Nú., 2008. aug. 11..); Kajcsa Jenő: Emlékezzünk Nagy Ferenc karnagyra, a magyar kultúra lovagjára</br></p>

<p>Búzaháza, 1935. nov. 15., † Csikfalva, 2008. aug. 9.: tanár, zenész. – Pál – földműves, Sikó Karolina. Felesége (1958–): Butyurka Rozália tanítónő (1958), négy gyermek anyja: Zoltán (1959) asztalos; Attila (1960) asztalos; Zsolt (1970) kőmüves; Alpár (1973) tanár. A Szászrégeni Magyar Tanítóképzőben kapott tanítói oklevelet (1949–1953); majd a Gh.Dima Zeneakadémián végzett (1970). Tanár Mikházán (1955–58), [&hellip;]</p>
