{"id":16159,"date":"2025-07-15T16:06:55","date_gmt":"2025-07-15T14:06:55","guid":{"rendered":"https:\/\/uj.adatbank.ro\/lexikon\/termek\/nagy-ferenc-%c2%a7\/"},"modified":"2025-07-15T16:06:55","modified_gmt":"2025-07-15T14:06:55","slug":"nagy-ferenc-%c2%a7","status":"publish","type":"product","link":"https:\/\/uj.adatbank.ro\/lexikon\/termek\/nagy-ferenc-%c2%a7\/","title":{"rendered":"NAGY Ferenc, \u00a7"},"content":{"rendered":"<p>K\u00f6z\u00e9pajta, 1934. nov. 3., \u2020 Mv., 2007. jan.12. Magyardell\u0151n temett\u00e9k: \u00fajs\u00e1g\u00edr\u00f3. \u2013 Nagy Mih\u00e1ly \u00e9s Barab\u00e1s Berta fia. Feles\u00e9ge: Kozma Erzs\u00e9bet (1938. aug. 7.\u2013), \u00f3v\u00f3n\u0151. Gyermekeik: N. L\u00e1szl\u00f3 Mih\u00e1ly (1957\u2013), \u00fajs\u00e1g\u00edr\u00f3; Ferenc Hunor (1965\u2013), fizikus; Tibor (1968\u2013), \u00fajs\u00e1g\u00edr\u00f3. \u2013 Tanulm\u00e1nyait K\u00f6z\u00e9pajt\u00e1n kezdte, az \u00e1ltal\u00e1nos iskol\u00e1t Nagyajt\u00e1n v\u00e9gezte, majd Brass\u00f3ba szakiskol\u00e1ba ker\u00fclt, le\u00e9retts\u00e9gizett. A buk.-i \u015etefan Gheorghiu \u00dajs\u00e1g\u00edr\u00f3 Akad\u00e9mi\u00e1n \u00fajs\u00e1g\u00edr\u00f3 oklevelet szerzett (1958). \u00dajs\u00e1g\u00edr\u00f3 gyakornok a buk.-i El\u0151re napilapn\u00e1l (1952\u2013), a K\u00e9zdiv\u00e1s\u00e1rhelyi R\u00e1di\u00f3 riportere (1956\u201357), nyugd\u00edjaz\u00e1sig a V\u00f6r\u00f6s Z\u00e1szl\u00f3 napilap, majd a N\u00e9p\u00fajs\u00e1g munkat\u00e1rsa, f\u0151munkat\u00e1rsa, a mez\u0151gazdas\u00e1gi rovat szerkeszt\u0151je (1958\u201392).Tagja volt a Rom\u00e1niai \u00dajs\u00e1g\u00edr\u00f3 Sz\u00f6vets\u00e9g-, illetve \u00dajs\u00e1g\u00edr\u00f3k Nemzetk\u00f6zi Sz\u00f6vets\u00e9g\u00e9nek. <br \/><strong>Irod.:<\/strong> csal\u00e1di inf. Nagy Tibort\u00f3l<\/br><\/p>\n","protected":false},"excerpt":{"rendered":"<p>K\u00f6z\u00e9pajta, 1934. nov. 3., \u2020 Mv., 2007. jan.12. Magyardell\u0151n temett\u00e9k: \u00fajs\u00e1g\u00edr\u00f3. \u2013 Nagy Mih\u00e1ly \u00e9s Barab\u00e1s Berta fia. Feles\u00e9ge: Kozma Erzs\u00e9bet (1938. aug. 7.\u2013), \u00f3v\u00f3n\u0151. Gyermekeik: N. L\u00e1szl\u00f3 Mih\u00e1ly (1957\u2013), \u00fajs\u00e1g\u00edr\u00f3; Ferenc Hunor (1965\u2013), fizikus; Tibor (1968\u2013), \u00fajs\u00e1g\u00edr\u00f3. \u2013 Tanulm\u00e1nyait K\u00f6z\u00e9pajt\u00e1n kezdte, az \u00e1ltal\u00e1nos iskol\u00e1t Nagyajt\u00e1n v\u00e9gezte, majd Brass\u00f3ba szakiskol\u00e1ba ker\u00fclt, le\u00e9retts\u00e9gizett. A buk.-i \u015etefan [&hellip;]<\/p>\n","protected":false},"featured_media":0,"comment_status":"open","ping_status":"closed","template":"","meta":[],"product_brand":[],"product_cat":[137],"product_tag":[],"class_list":{"0":"post-16159","1":"product","2":"type-product","3":"status-publish","5":"product_cat-maros-megyei-eletrajzi-lexikon","7":"first","8":"instock","9":"shipping-taxable","10":"product-type-simple"},"_links":{"self":[{"href":"https:\/\/uj.adatbank.ro\/lexikon\/wp-json\/wp\/v2\/product\/16159","targetHints":{"allow":["GET"]}}],"collection":[{"href":"https:\/\/uj.adatbank.ro\/lexikon\/wp-json\/wp\/v2\/product"}],"about":[{"href":"https:\/\/uj.adatbank.ro\/lexikon\/wp-json\/wp\/v2\/types\/product"}],"replies":[{"embeddable":true,"href":"https:\/\/uj.adatbank.ro\/lexikon\/wp-json\/wp\/v2\/comments?post=16159"}],"wp:attachment":[{"href":"https:\/\/uj.adatbank.ro\/lexikon\/wp-json\/wp\/v2\/media?parent=16159"}],"wp:term":[{"taxonomy":"product_brand","embeddable":true,"href":"https:\/\/uj.adatbank.ro\/lexikon\/wp-json\/wp\/v2\/product_brand?post=16159"},{"taxonomy":"product_cat","embeddable":true,"href":"https:\/\/uj.adatbank.ro\/lexikon\/wp-json\/wp\/v2\/product_cat?post=16159"},{"taxonomy":"product_tag","embeddable":true,"href":"https:\/\/uj.adatbank.ro\/lexikon\/wp-json\/wp\/v2\/product_tag?post=16159"}],"curies":[{"name":"wp","href":"https:\/\/api.w.org\/{rel}","templated":true}]}}

<p>Középajta, 1934. nov. 3., † Mv., 2007. jan.12. Magyardellőn temették: újságíró. – Nagy Mihály és Barabás Berta fia. Felesége: Kozma Erzsébet (1938. aug. 7.–), óvónő. Gyermekeik: N. László Mihály (1957–), újságíró; Ferenc Hunor (1965–), fizikus; Tibor (1968–), újságíró. – Tanulmányait Középajtán kezdte, az általános iskolát Nagyajtán végezte, majd Brassóba szakiskolába került, leérettségizett. A buk.-i Ştefan Gheorghiu Újságíró Akadémián újságíró oklevelet szerzett (1958). Újságíró gyakornok a buk.-i Előre napilapnál (1952–), a Kézdivásárhelyi Rádió riportere (1956–57), nyugdíjazásig a Vörös Zászló napilap, majd a Népújság munkatársa, főmunkatársa, a mezőgazdasági rovat szerkesztője (1958–92).Tagja volt a Romániai Újságíró Szövetség-, illetve Újságírók Nemzetközi Szövetségének. <br /><strong>Irod.:</strong> családi inf. Nagy Tibortól</br></p>

<p>Középajta, 1934. nov. 3., † Mv., 2007. jan.12. Magyardellőn temették: újságíró. – Nagy Mihály és Barabás Berta fia. Felesége: Kozma Erzsébet (1938. aug. 7.–), óvónő. Gyermekeik: N. László Mihály (1957–), újságíró; Ferenc Hunor (1965–), fizikus; Tibor (1968–), újságíró. – Tanulmányait Középajtán kezdte, az általános iskolát Nagyajtán végezte, majd Brassóba szakiskolába került, leérettségizett. A buk.-i Ştefan [&hellip;]</p>
