{"id":16161,"date":"2025-07-15T16:06:58","date_gmt":"2025-07-15T14:06:58","guid":{"rendered":"https:\/\/uj.adatbank.ro\/lexikon\/termek\/nagy-ferenc-hosszumezei\/"},"modified":"2025-07-15T16:06:58","modified_gmt":"2025-07-15T14:06:58","slug":"nagy-ferenc-hosszumezei","status":"publish","type":"product","link":"https:\/\/uj.adatbank.ro\/lexikon\/termek\/nagy-ferenc-hosszumezei\/","title":{"rendered":"NAGY Ferenc, hossz\u00famezei"},"content":{"rendered":"<p>Mez\u0151cs\u00e1v\u00e1s, 1877., \u2020 ?: gazd\u00e1lkod\u00f3. \u2013 Iskol\u00e1i elv\u00e9gz\u00e9se ut\u00e1n apja mellett gazd\u00e1lkodott, \u00f6n\u00e1ll\u00f3 lett (1901\u2013) Mez\u0151cs\u00e1v\u00e1son. Az els\u0151 vh.-ban a 22. h. gy. ezredben orosz fogs\u00e1gba esett (1916\u201318), mint \u0151rmester szerelt le. A Hangya ig. tagja \u00e9s \u00fcgyvezet\u0151 eln\u00f6ke, a Gazdak\u00f6r vezet\u0151s\u00e9gi tagja, a v\u00e1rmegye t\u00f6rv. hat. biz. tagja, k\u00f6zs\u00e9gi b\u00edr\u00f3 (1940\u2013), a ref. egyh\u00e1z presbitere \u00e9s gondnokavolt. <br \/><strong>Irod.:<\/strong> Sz\u00e9kelyf\u00f6ld \u00ed.k.<\/br><\/p>\n","protected":false},"excerpt":{"rendered":"<p>Mez\u0151cs\u00e1v\u00e1s, 1877., \u2020 ?: gazd\u00e1lkod\u00f3. \u2013 Iskol\u00e1i elv\u00e9gz\u00e9se ut\u00e1n apja mellett gazd\u00e1lkodott, \u00f6n\u00e1ll\u00f3 lett (1901\u2013) Mez\u0151cs\u00e1v\u00e1son. Az els\u0151 vh.-ban a 22. h. gy. ezredben orosz fogs\u00e1gba esett (1916\u201318), mint \u0151rmester szerelt le. A Hangya ig. tagja \u00e9s \u00fcgyvezet\u0151 eln\u00f6ke, a Gazdak\u00f6r vezet\u0151s\u00e9gi tagja, a v\u00e1rmegye t\u00f6rv. hat. biz. tagja, k\u00f6zs\u00e9gi b\u00edr\u00f3 (1940\u2013), a ref. egyh\u00e1z [&hellip;]<\/p>\n","protected":false},"featured_media":0,"comment_status":"open","ping_status":"closed","template":"","meta":[],"product_brand":[],"product_cat":[137],"product_tag":[],"class_list":{"0":"post-16161","1":"product","2":"type-product","3":"status-publish","5":"product_cat-maros-megyei-eletrajzi-lexikon","7":"first","8":"instock","9":"shipping-taxable","10":"product-type-simple"},"_links":{"self":[{"href":"https:\/\/uj.adatbank.ro\/lexikon\/wp-json\/wp\/v2\/product\/16161","targetHints":{"allow":["GET"]}}],"collection":[{"href":"https:\/\/uj.adatbank.ro\/lexikon\/wp-json\/wp\/v2\/product"}],"about":[{"href":"https:\/\/uj.adatbank.ro\/lexikon\/wp-json\/wp\/v2\/types\/product"}],"replies":[{"embeddable":true,"href":"https:\/\/uj.adatbank.ro\/lexikon\/wp-json\/wp\/v2\/comments?post=16161"}],"wp:attachment":[{"href":"https:\/\/uj.adatbank.ro\/lexikon\/wp-json\/wp\/v2\/media?parent=16161"}],"wp:term":[{"taxonomy":"product_brand","embeddable":true,"href":"https:\/\/uj.adatbank.ro\/lexikon\/wp-json\/wp\/v2\/product_brand?post=16161"},{"taxonomy":"product_cat","embeddable":true,"href":"https:\/\/uj.adatbank.ro\/lexikon\/wp-json\/wp\/v2\/product_cat?post=16161"},{"taxonomy":"product_tag","embeddable":true,"href":"https:\/\/uj.adatbank.ro\/lexikon\/wp-json\/wp\/v2\/product_tag?post=16161"}],"curies":[{"name":"wp","href":"https:\/\/api.w.org\/{rel}","templated":true}]}}