{"id":16165,"date":"2025-07-15T16:07:07","date_gmt":"2025-07-15T14:07:07","guid":{"rendered":"https:\/\/uj.adatbank.ro\/lexikon\/termek\/nagy-gabor-bikfalvi\/"},"modified":"2025-07-15T16:07:07","modified_gmt":"2025-07-15T14:07:07","slug":"nagy-gabor-bikfalvi","status":"publish","type":"product","link":"https:\/\/uj.adatbank.ro\/lexikon\/termek\/nagy-gabor-bikfalvi\/","title":{"rendered":"NAGY G\u00e1bor, bikfalvi"},"content":{"rendered":"<p>? \u2020 ?: Szentiv\u00e1nyi Mih\u00e1ly ir\u00f3de\u00e1kja. \u2013 Nagy G\u00e1sp\u00e1r fia, aki a sepsiszentgy\u00f6rgyi \u00e1gat Marossz\u00e9kbe hozta. Szentiv\u00e1nyi Mih\u00e1ly biztat\u00e1s\u00e1ra elvette \u00f6zv. Sipos Gy\u00f6rgyn\u00e9t \u00e9s Ny\u00e1r\u00e1dg\u00e1lfalv\u00e1n \u201eudvari inspektora, di\u00e1kja \u00e9s mindenese\u201d lett Szentiv\u00e1nyi Mih\u00e1lynak. Fi\u00e1t J\u00e1nost sepsiszentiv\u00e1nyi Nagy J\u00e1nosnak s apja ut\u00e1n G\u00e1bor J\u00e1nosnak is nevezt\u00e9k, pert is folytatott helyes neve \u00e9rdek\u00e9ben. <br \/><strong>Irod.:<\/strong> Kelemen Lajos; Kelemen Lajos 2006<\/br><\/p>\n","protected":false},"excerpt":{"rendered":"<p>? \u2020 ?: Szentiv\u00e1nyi Mih\u00e1ly ir\u00f3de\u00e1kja. \u2013 Nagy G\u00e1sp\u00e1r fia, aki a sepsiszentgy\u00f6rgyi \u00e1gat Marossz\u00e9kbe hozta. Szentiv\u00e1nyi Mih\u00e1ly biztat\u00e1s\u00e1ra elvette \u00f6zv. Sipos Gy\u00f6rgyn\u00e9t \u00e9s Ny\u00e1r\u00e1dg\u00e1lfalv\u00e1n \u201eudvari inspektora, di\u00e1kja \u00e9s mindenese\u201d lett Szentiv\u00e1nyi Mih\u00e1lynak. Fi\u00e1t J\u00e1nost sepsiszentiv\u00e1nyi Nagy J\u00e1nosnak s apja ut\u00e1n G\u00e1bor J\u00e1nosnak is nevezt\u00e9k, pert is folytatott helyes neve \u00e9rdek\u00e9ben. Irod.: Kelemen Lajos; Kelemen [&hellip;]<\/p>\n","protected":false},"featured_media":0,"comment_status":"open","ping_status":"closed","template":"","meta":[],"product_brand":[],"product_cat":[137],"product_tag":[],"class_list":{"0":"post-16165","1":"product","2":"type-product","3":"status-publish","5":"product_cat-maros-megyei-eletrajzi-lexikon","7":"first","8":"instock","9":"shipping-taxable","10":"product-type-simple"},"_links":{"self":[{"href":"https:\/\/uj.adatbank.ro\/lexikon\/wp-json\/wp\/v2\/product\/16165","targetHints":{"allow":["GET"]}}],"collection":[{"href":"https:\/\/uj.adatbank.ro\/lexikon\/wp-json\/wp\/v2\/product"}],"about":[{"href":"https:\/\/uj.adatbank.ro\/lexikon\/wp-json\/wp\/v2\/types\/product"}],"replies":[{"embeddable":true,"href":"https:\/\/uj.adatbank.ro\/lexikon\/wp-json\/wp\/v2\/comments?post=16165"}],"wp:attachment":[{"href":"https:\/\/uj.adatbank.ro\/lexikon\/wp-json\/wp\/v2\/media?parent=16165"}],"wp:term":[{"taxonomy":"product_brand","embeddable":true,"href":"https:\/\/uj.adatbank.ro\/lexikon\/wp-json\/wp\/v2\/product_brand?post=16165"},{"taxonomy":"product_cat","embeddable":true,"href":"https:\/\/uj.adatbank.ro\/lexikon\/wp-json\/wp\/v2\/product_cat?post=16165"},{"taxonomy":"product_tag","embeddable":true,"href":"https:\/\/uj.adatbank.ro\/lexikon\/wp-json\/wp\/v2\/product_tag?post=16165"}],"curies":[{"name":"wp","href":"https:\/\/api.w.org\/{rel}","templated":true}]}}