{"id":16166,"date":"2025-07-15T16:07:09","date_gmt":"2025-07-15T14:07:09","guid":{"rendered":"https:\/\/uj.adatbank.ro\/lexikon\/termek\/nagy-gabor-hosszumezoi\/"},"modified":"2025-07-15T16:07:09","modified_gmt":"2025-07-15T14:07:09","slug":"nagy-gabor-hosszumezoi","status":"publish","type":"product","link":"https:\/\/uj.adatbank.ro\/lexikon\/termek\/nagy-gabor-hosszumezoi\/","title":{"rendered":"NAGY G\u00e1bor, hossz\u00famez\u0151i"},"content":{"rendered":"<p>Mez\u0151cs\u00e1v\u00e1s, 1893., \u2020 ?: gazd\u00e1lkod\u00f3. \u2013 Iskol\u00e1it sz\u00fcl\u0151hely\u00e9n \u00e9s Mv.-en v\u00e9gezte, majd sz\u00fclei mellett tanult gazd\u00e1lkodni, \u00f6n\u00e1ll\u00f3 lett (1923). Az els\u0151 vh.-ban a 62. k. gy. ezredben az orosz \u00e9s az olasz fronton harcolt, k\u00e9tszer megsebes\u00fclt. A MP \u00e9s az EGE tagja volt, r\u00e9szt vett a sz\u00f6vetkezeti \u00e9letben. <br \/><strong>Irod.:<\/strong> Sz\u00e9kelyf\u00f6ld \u00ed.k.<\/br><\/p>\n","protected":false},"excerpt":{"rendered":"<p>Mez\u0151cs\u00e1v\u00e1s, 1893., \u2020 ?: gazd\u00e1lkod\u00f3. \u2013 Iskol\u00e1it sz\u00fcl\u0151hely\u00e9n \u00e9s Mv.-en v\u00e9gezte, majd sz\u00fclei mellett tanult gazd\u00e1lkodni, \u00f6n\u00e1ll\u00f3 lett (1923). Az els\u0151 vh.-ban a 62. k. gy. ezredben az orosz \u00e9s az olasz fronton harcolt, k\u00e9tszer megsebes\u00fclt. A MP \u00e9s az EGE tagja volt, r\u00e9szt vett a sz\u00f6vetkezeti \u00e9letben. Irod.: Sz\u00e9kelyf\u00f6ld \u00ed.k.<\/p>\n","protected":false},"featured_media":0,"comment_status":"open","ping_status":"closed","template":"","meta":[],"product_brand":[],"product_cat":[137],"product_tag":[],"class_list":{"0":"post-16166","1":"product","2":"type-product","3":"status-publish","5":"product_cat-maros-megyei-eletrajzi-lexikon","7":"first","8":"instock","9":"shipping-taxable","10":"product-type-simple"},"_links":{"self":[{"href":"https:\/\/uj.adatbank.ro\/lexikon\/wp-json\/wp\/v2\/product\/16166","targetHints":{"allow":["GET"]}}],"collection":[{"href":"https:\/\/uj.adatbank.ro\/lexikon\/wp-json\/wp\/v2\/product"}],"about":[{"href":"https:\/\/uj.adatbank.ro\/lexikon\/wp-json\/wp\/v2\/types\/product"}],"replies":[{"embeddable":true,"href":"https:\/\/uj.adatbank.ro\/lexikon\/wp-json\/wp\/v2\/comments?post=16166"}],"wp:attachment":[{"href":"https:\/\/uj.adatbank.ro\/lexikon\/wp-json\/wp\/v2\/media?parent=16166"}],"wp:term":[{"taxonomy":"product_brand","embeddable":true,"href":"https:\/\/uj.adatbank.ro\/lexikon\/wp-json\/wp\/v2\/product_brand?post=16166"},{"taxonomy":"product_cat","embeddable":true,"href":"https:\/\/uj.adatbank.ro\/lexikon\/wp-json\/wp\/v2\/product_cat?post=16166"},{"taxonomy":"product_tag","embeddable":true,"href":"https:\/\/uj.adatbank.ro\/lexikon\/wp-json\/wp\/v2\/product_tag?post=16166"}],"curies":[{"name":"wp","href":"https:\/\/api.w.org\/{rel}","templated":true}]}}