{"id":16167,"date":"2025-07-15T16:07:10","date_gmt":"2025-07-15T14:07:10","guid":{"rendered":"https:\/\/uj.adatbank.ro\/lexikon\/termek\/nagy-gabor-kaali\/"},"modified":"2025-07-15T16:07:10","modified_gmt":"2025-07-15T14:07:10","slug":"nagy-gabor-kaali","status":"publish","type":"product","link":"https:\/\/uj.adatbank.ro\/lexikon\/termek\/nagy-gabor-kaali\/","title":{"rendered":"NAGY G\u00e1bor, ka\u00e1li"},"content":{"rendered":"<p>1838.?, \u2020 Ka\u00e1l, 1905 jan. 23.: f\u00f6ldbirtokos. \u2013 Feles\u00e9ge: M. Vass Vilma. Gyermekeik: N. Lenke F\u00fcl\u00f6p Ed\u00e9n\u00e9; N. Margit; N. Erzsi; Nagy \u00c1rp\u00e1d. \u2013 Ka\u00e1li f\u00f6ldbirtokos, v\u00e1rmegyei t\u00f6rv. Hat\u00f3s\u00e1gi izotts\u00e1gi tag, az unit. egyh\u00e1z ker\u00fcleti f\u0151gondnoka, egyh\u00e1zmegyei tan\u00e1csos. <br \/><strong>Irod.:<\/strong> Gy\u00e1szjelent\u0151<\/br><\/p>\n","protected":false},"excerpt":{"rendered":"<p>1838.?, \u2020 Ka\u00e1l, 1905 jan. 23.: f\u00f6ldbirtokos. \u2013 Feles\u00e9ge: M. Vass Vilma. Gyermekeik: N. Lenke F\u00fcl\u00f6p Ed\u00e9n\u00e9; N. Margit; N. Erzsi; Nagy \u00c1rp\u00e1d. \u2013 Ka\u00e1li f\u00f6ldbirtokos, v\u00e1rmegyei t\u00f6rv. Hat\u00f3s\u00e1gi izotts\u00e1gi tag, az unit. egyh\u00e1z ker\u00fcleti f\u0151gondnoka, egyh\u00e1zmegyei tan\u00e1csos. Irod.: Gy\u00e1szjelent\u0151<\/p>\n","protected":false},"featured_media":0,"comment_status":"open","ping_status":"closed","template":"","meta":[],"product_brand":[],"product_cat":[137],"product_tag":[],"class_list":{"0":"post-16167","1":"product","2":"type-product","3":"status-publish","5":"product_cat-maros-megyei-eletrajzi-lexikon","7":"first","8":"instock","9":"shipping-taxable","10":"product-type-simple"},"_links":{"self":[{"href":"https:\/\/uj.adatbank.ro\/lexikon\/wp-json\/wp\/v2\/product\/16167","targetHints":{"allow":["GET"]}}],"collection":[{"href":"https:\/\/uj.adatbank.ro\/lexikon\/wp-json\/wp\/v2\/product"}],"about":[{"href":"https:\/\/uj.adatbank.ro\/lexikon\/wp-json\/wp\/v2\/types\/product"}],"replies":[{"embeddable":true,"href":"https:\/\/uj.adatbank.ro\/lexikon\/wp-json\/wp\/v2\/comments?post=16167"}],"wp:attachment":[{"href":"https:\/\/uj.adatbank.ro\/lexikon\/wp-json\/wp\/v2\/media?parent=16167"}],"wp:term":[{"taxonomy":"product_brand","embeddable":true,"href":"https:\/\/uj.adatbank.ro\/lexikon\/wp-json\/wp\/v2\/product_brand?post=16167"},{"taxonomy":"product_cat","embeddable":true,"href":"https:\/\/uj.adatbank.ro\/lexikon\/wp-json\/wp\/v2\/product_cat?post=16167"},{"taxonomy":"product_tag","embeddable":true,"href":"https:\/\/uj.adatbank.ro\/lexikon\/wp-json\/wp\/v2\/product_tag?post=16167"}],"curies":[{"name":"wp","href":"https:\/\/api.w.org\/{rel}","templated":true}]}}