{"id":16172,"date":"2025-07-15T16:07:19","date_gmt":"2025-07-15T14:07:19","guid":{"rendered":"https:\/\/uj.adatbank.ro\/lexikon\/termek\/nagy-gergely\/"},"modified":"2025-07-15T16:07:19","modified_gmt":"2025-07-15T14:07:19","slug":"nagy-gergely","status":"publish","type":"product","link":"https:\/\/uj.adatbank.ro\/lexikon\/termek\/nagy-gergely\/","title":{"rendered":"NAGY Gergely"},"content":{"rendered":"<p>Balav\u00e1s\u00e1r, 1858. nov. 30., \u2020 ?: katona, \u00fatmester. \u2013 Segesv\u00e1rt k\u00e9t re\u00e1liskolai oszt\u00e1lyt v\u00e9gzett, azut\u00e1n Brass\u00f3ba ment keresked\u00e9sbe s felszabadult seg\u00e9dnek (1878), de a keresked\u00e9st elhagyta \u00e9s \u00f6nk\u00e9nt katon\u00e1nak \u00e1llott. A katonas\u00e1gt\u00f3l haza ker\u00fclt Balav\u00e1s\u00e1rra (1879), a megye szolg\u00e1lat\u00e1ba \u00e1llott, verseket \u00edrt. V\u00e1rmegyei \u00fatmester \u00e9s bizotts\u00e1gi tag Erzs\u00e9betv\u00e1rosban. \u2013 <strong>F. m.:<\/strong> Falusi k\u00e9pek. (K\u00f6ltem\u00e9nyek). (Mv, 1886). <br \/><strong>Irod.:<\/strong> F\u00fcl\u00f6p\u2013Ferencz; Rugonfalvi Kiss; Szinnyei; Szinnyei J.<\/br><\/p>\n","protected":false},"excerpt":{"rendered":"<p>Balav\u00e1s\u00e1r, 1858. nov. 30., \u2020 ?: katona, \u00fatmester. \u2013 Segesv\u00e1rt k\u00e9t re\u00e1liskolai oszt\u00e1lyt v\u00e9gzett, azut\u00e1n Brass\u00f3ba ment keresked\u00e9sbe s felszabadult seg\u00e9dnek (1878), de a keresked\u00e9st elhagyta \u00e9s \u00f6nk\u00e9nt katon\u00e1nak \u00e1llott. A katonas\u00e1gt\u00f3l haza ker\u00fclt Balav\u00e1s\u00e1rra (1879), a megye szolg\u00e1lat\u00e1ba \u00e1llott, verseket \u00edrt. V\u00e1rmegyei \u00fatmester \u00e9s bizotts\u00e1gi tag Erzs\u00e9betv\u00e1rosban. \u2013 F. m.: Falusi k\u00e9pek. (K\u00f6ltem\u00e9nyek). (Mv, [&hellip;]<\/p>\n","protected":false},"featured_media":0,"comment_status":"open","ping_status":"closed","template":"","meta":[],"product_brand":[],"product_cat":[137],"product_tag":[],"class_list":{"0":"post-16172","1":"product","2":"type-product","3":"status-publish","5":"product_cat-maros-megyei-eletrajzi-lexikon","7":"first","8":"instock","9":"shipping-taxable","10":"product-type-simple"},"_links":{"self":[{"href":"https:\/\/uj.adatbank.ro\/lexikon\/wp-json\/wp\/v2\/product\/16172","targetHints":{"allow":["GET"]}}],"collection":[{"href":"https:\/\/uj.adatbank.ro\/lexikon\/wp-json\/wp\/v2\/product"}],"about":[{"href":"https:\/\/uj.adatbank.ro\/lexikon\/wp-json\/wp\/v2\/types\/product"}],"replies":[{"embeddable":true,"href":"https:\/\/uj.adatbank.ro\/lexikon\/wp-json\/wp\/v2\/comments?post=16172"}],"wp:attachment":[{"href":"https:\/\/uj.adatbank.ro\/lexikon\/wp-json\/wp\/v2\/media?parent=16172"}],"wp:term":[{"taxonomy":"product_brand","embeddable":true,"href":"https:\/\/uj.adatbank.ro\/lexikon\/wp-json\/wp\/v2\/product_brand?post=16172"},{"taxonomy":"product_cat","embeddable":true,"href":"https:\/\/uj.adatbank.ro\/lexikon\/wp-json\/wp\/v2\/product_cat?post=16172"},{"taxonomy":"product_tag","embeddable":true,"href":"https:\/\/uj.adatbank.ro\/lexikon\/wp-json\/wp\/v2\/product_tag?post=16172"}],"curies":[{"name":"wp","href":"https:\/\/api.w.org\/{rel}","templated":true}]}}

<p>Balavásár, 1858. nov. 30., † ?: katona, útmester. – Segesvárt két reáliskolai osztályt végzett, azután Brassóba ment kereskedésbe s felszabadult segédnek (1878), de a kereskedést elhagyta és önként katonának állott. A katonaságtól haza került Balavásárra (1879), a megye szolgálatába állott, verseket írt. Vármegyei útmester és bizottsági tag Erzsébetvárosban. – <strong>F. m.:</strong> Falusi képek. (Költemények). (Mv, 1886). <br /><strong>Irod.:</strong> Fülöp–Ferencz; Rugonfalvi Kiss; Szinnyei; Szinnyei J.</br></p>

<p>Balavásár, 1858. nov. 30., † ?: katona, útmester. – Segesvárt két reáliskolai osztályt végzett, azután Brassóba ment kereskedésbe s felszabadult segédnek (1878), de a kereskedést elhagyta és önként katonának állott. A katonaságtól haza került Balavásárra (1879), a megye szolgálatába állott, verseket írt. Vármegyei útmester és bizottsági tag Erzsébetvárosban. – F. m.: Falusi képek. (Költemények). (Mv, [&hellip;]</p>
