{"id":16277,"date":"2025-07-15T16:11:04","date_gmt":"2025-07-15T14:11:04","guid":{"rendered":"https:\/\/uj.adatbank.ro\/lexikon\/termek\/nagy-janos-23\/"},"modified":"2025-07-15T16:11:04","modified_gmt":"2025-07-15T14:11:04","slug":"nagy-janos-23","status":"publish","type":"product","link":"https:\/\/uj.adatbank.ro\/lexikon\/termek\/nagy-janos-23\/","title":{"rendered":"NAGY J\u00e1nos"},"content":{"rendered":"<p>Segesv\u00e1r, 1941. szept. 19.\u2020 ?:eszterg\u00e1lyos. \u2013 Brass\u00f3ban dolgozott.Letart\u00f3ztatt\u00e1k (1958. okt. 11.). a kv.-i katonai B\u00edr\u00f3s\u00e1g 12 \u00e9vre \u00edt\u00e9lte, b\u00f6rt\u00f6n\u00e9veit Mv.-en, Jilav\u00e1n, Nagyenyeden \u00e9s Szamos\u00fajv\u00e1ron t\u00f6lt\u00f6tte, ahonnan szabadult (1964. j\u00fan. 25.), Segesv\u00e1ron \u00e9l. <br \/><strong>Irod.:<\/strong> 1956 Erd\u00e9lyben<\/br><\/p>\n","protected":false},"excerpt":{"rendered":"<p>Segesv\u00e1r, 1941. szept. 19.\u2020 ?:eszterg\u00e1lyos. \u2013 Brass\u00f3ban dolgozott.Letart\u00f3ztatt\u00e1k (1958. okt. 11.). a kv.-i katonai B\u00edr\u00f3s\u00e1g 12 \u00e9vre \u00edt\u00e9lte, b\u00f6rt\u00f6n\u00e9veit Mv.-en, Jilav\u00e1n, Nagyenyeden \u00e9s Szamos\u00fajv\u00e1ron t\u00f6lt\u00f6tte, ahonnan szabadult (1964. j\u00fan. 25.), Segesv\u00e1ron \u00e9l. Irod.: 1956 Erd\u00e9lyben<\/p>\n","protected":false},"featured_media":0,"comment_status":"open","ping_status":"closed","template":"","meta":[],"product_brand":[],"product_cat":[137],"product_tag":[],"class_list":{"0":"post-16277","1":"product","2":"type-product","3":"status-publish","5":"product_cat-maros-megyei-eletrajzi-lexikon","7":"first","8":"instock","9":"shipping-taxable","10":"product-type-simple"},"_links":{"self":[{"href":"https:\/\/uj.adatbank.ro\/lexikon\/wp-json\/wp\/v2\/product\/16277","targetHints":{"allow":["GET"]}}],"collection":[{"href":"https:\/\/uj.adatbank.ro\/lexikon\/wp-json\/wp\/v2\/product"}],"about":[{"href":"https:\/\/uj.adatbank.ro\/lexikon\/wp-json\/wp\/v2\/types\/product"}],"replies":[{"embeddable":true,"href":"https:\/\/uj.adatbank.ro\/lexikon\/wp-json\/wp\/v2\/comments?post=16277"}],"wp:attachment":[{"href":"https:\/\/uj.adatbank.ro\/lexikon\/wp-json\/wp\/v2\/media?parent=16277"}],"wp:term":[{"taxonomy":"product_brand","embeddable":true,"href":"https:\/\/uj.adatbank.ro\/lexikon\/wp-json\/wp\/v2\/product_brand?post=16277"},{"taxonomy":"product_cat","embeddable":true,"href":"https:\/\/uj.adatbank.ro\/lexikon\/wp-json\/wp\/v2\/product_cat?post=16277"},{"taxonomy":"product_tag","embeddable":true,"href":"https:\/\/uj.adatbank.ro\/lexikon\/wp-json\/wp\/v2\/product_tag?post=16277"}],"curies":[{"name":"wp","href":"https:\/\/api.w.org\/{rel}","templated":true}]}}