{"id":16282,"date":"2025-07-15T16:11:16","date_gmt":"2025-07-15T14:11:16","guid":{"rendered":"https:\/\/uj.adatbank.ro\/lexikon\/termek\/nagy-janos-d-%c2%a7-debreceni-debreczeni-nagy-janos-d-nagy-janos\/"},"modified":"2025-07-15T16:11:16","modified_gmt":"2025-07-15T14:11:16","slug":"nagy-janos-d-%c2%a7-debreceni-debreczeni-nagy-janos-d-nagy-janos","status":"publish","type":"product","link":"https:\/\/uj.adatbank.ro\/lexikon\/termek\/nagy-janos-d-%c2%a7-debreceni-debreczeni-nagy-janos-d-nagy-janos\/","title":{"rendered":"NAGY J\u00e1nos D.\u00a7 debreceni, Debreczeni Nagy J\u00e1nos, D. Nagy J\u00e1nos"},"content":{"rendered":"<p>Mv., 1846., \u2020 Mv., 1912. j\u00fal. 23.: \u00fcgyv\u00e9d, f\u0151\u00fcgy\u00e9sz, szerk. \u2013 Testv\u00e9rei: N. Lidia Hollenberg J\u00f3zsefn\u00e9; N. Ter\u00e9z M\u00e1rton Zsigmondn\u00e9. Feles\u00e9ge: Sombory Matild. (1856 \u2013 Mv., 1938. jan. 27). Gyermekeik: N. Gizella dr. K\u00e1lnoki Bed\u0151 S\u00e1ndorn\u00e9; N. Matild bozzai Bozzay Rezs\u0151n\u00e9; N. S\u00e1ndor, feles\u00e9ge \u00c1gh Ella. \u2013 A mv. \u2013 Ref. Koll.-ban tanult, miut\u00e1n az \u00fcgyv\u00e9di diplom\u00e1t megszerezte, Mv.-en volt \u00fcgyv\u00e9di irod\u00e1ja (\u20131906), a v\u00e1rosi t\u00f6rv\u00e9nyhat\u00f3s\u00e1gi bizotts\u00e1g, a ref. egyh\u00e1zi tan\u00e1cs tagja. V\u00e1lyi K\u00e1roly lemond\u00e1sa ut\u00e1n a mv.-i iskolasz\u00e9k eln\u00f6ke (1890. m\u00e1rc. 26.\u20131893. aug. 21), \u0151t k\u00f6vette dr. Bern\u00e1dy Gy\u00f6rgy.T. f\u0151\u00fcgy\u00e9sz c. kapott (1908. febr. 10.). Szerk.-te a Marosvid\u00e9ket (1877\u201396). A KZST tagja. A KMTT tagja (1874). A Mv.-i sz\u00ednp\u00e1rtol\u00f3 egylet tagja (1884. szept. 14.). A mv.-i Pet\u0151fi \u00fcnneps\u00e9gek rendez\u0151bizotts\u00e1gi tagja (1884. szept 28). <br \/><strong>Irod.:<\/strong> Bern\u00e1dy; Er\u0151ss; Guly\u00e1s; Gy\u00e1szjelent\u0151; KMTT; Kusz\u00e1lik\u2013Zal\u00e1nyi; Nemes<\/br><\/p>\n","protected":false},"excerpt":{"rendered":"<p>Mv., 1846., \u2020 Mv., 1912. j\u00fal. 23.: \u00fcgyv\u00e9d, f\u0151\u00fcgy\u00e9sz, szerk. \u2013 Testv\u00e9rei: N. Lidia Hollenberg J\u00f3zsefn\u00e9; N. Ter\u00e9z M\u00e1rton Zsigmondn\u00e9. Feles\u00e9ge: Sombory Matild. (1856 \u2013 Mv., 1938. jan. 27). Gyermekeik: N. Gizella dr. K\u00e1lnoki Bed\u0151 S\u00e1ndorn\u00e9; N. Matild bozzai Bozzay Rezs\u0151n\u00e9; N. S\u00e1ndor, feles\u00e9ge \u00c1gh Ella. \u2013 A mv. \u2013 Ref. Koll.-ban tanult, miut\u00e1n az [&hellip;]<\/p>\n","protected":false},"featured_media":0,"comment_status":"open","ping_status":"closed","template":"","meta":[],"product_brand":[],"product_cat":[137],"product_tag":[],"class_list":{"0":"post-16282","1":"product","2":"type-product","3":"status-publish","5":"product_cat-maros-megyei-eletrajzi-lexikon","7":"first","8":"instock","9":"shipping-taxable","10":"product-type-simple"},"_links":{"self":[{"href":"https:\/\/uj.adatbank.ro\/lexikon\/wp-json\/wp\/v2\/product\/16282","targetHints":{"allow":["GET"]}}],"collection":[{"href":"https:\/\/uj.adatbank.ro\/lexikon\/wp-json\/wp\/v2\/product"}],"about":[{"href":"https:\/\/uj.adatbank.ro\/lexikon\/wp-json\/wp\/v2\/types\/product"}],"replies":[{"embeddable":true,"href":"https:\/\/uj.adatbank.ro\/lexikon\/wp-json\/wp\/v2\/comments?post=16282"}],"wp:attachment":[{"href":"https:\/\/uj.adatbank.ro\/lexikon\/wp-json\/wp\/v2\/media?parent=16282"}],"wp:term":[{"taxonomy":"product_brand","embeddable":true,"href":"https:\/\/uj.adatbank.ro\/lexikon\/wp-json\/wp\/v2\/product_brand?post=16282"},{"taxonomy":"product_cat","embeddable":true,"href":"https:\/\/uj.adatbank.ro\/lexikon\/wp-json\/wp\/v2\/product_cat?post=16282"},{"taxonomy":"product_tag","embeddable":true,"href":"https:\/\/uj.adatbank.ro\/lexikon\/wp-json\/wp\/v2\/product_tag?post=16282"}],"curies":[{"name":"wp","href":"https:\/\/api.w.org\/{rel}","templated":true}]}}

NAGY János D.§ debreceni, Debreczeni Nagy János, D. Nagy János

<p>Mv., 1846., † Mv., 1912. júl. 23.: ügyvéd, főügyész, szerk. – Testvérei: N. Lidia Hollenberg Józsefné; N. Teréz Márton Zsigmondné. Felesége: Sombory Matild. (1856 – Mv., 1938. jan. 27). Gyermekeik: N. Gizella dr. Kálnoki Bedő Sándorné; N. Matild bozzai Bozzay Rezsőné; N. Sándor, felesége Ágh Ella. – A mv. – Ref. Koll.-ban tanult, miután az ügyvédi diplomát megszerezte, Mv.-en volt ügyvédi irodája (–1906), a városi törvényhatósági bizottság, a ref. egyházi tanács tagja. Vályi Károly lemondása után a mv.-i iskolaszék elnöke (1890. márc. 26.–1893. aug. 21), őt követte dr. Bernády György.T. főügyész c. kapott (1908. febr. 10.). Szerk.-te a Marosvidéket (1877–96). A KZST tagja. A KMTT tagja (1874). A Mv.-i színpártoló egylet tagja (1884. szept. 14.). A mv.-i Petőfi ünnepségek rendezőbizottsági tagja (1884. szept 28). <br /><strong>Irod.:</strong> Bernády; Erőss; Gulyás; Gyászjelentő; KMTT; Kuszálik–Zalányi; Nemes</br></p>

<p>Mv., 1846., † Mv., 1912. júl. 23.: ügyvéd, főügyész, szerk. – Testvérei: N. Lidia Hollenberg Józsefné; N. Teréz Márton Zsigmondné. Felesége: Sombory Matild. (1856 – Mv., 1938. jan. 27). Gyermekeik: N. Gizella dr. Kálnoki Bedő Sándorné; N. Matild bozzai Bozzay Rezsőné; N. Sándor, felesége Ágh Ella. – A mv. – Ref. Koll.-ban tanult, miután az [&hellip;]</p>
