{"id":16283,"date":"2025-07-15T16:11:19","date_gmt":"2025-07-15T14:11:19","guid":{"rendered":"https:\/\/uj.adatbank.ro\/lexikon\/termek\/nagy-jeno\/"},"modified":"2025-07-15T16:11:19","modified_gmt":"2025-07-15T14:11:19","slug":"nagy-jeno","status":"publish","type":"product","link":"https:\/\/uj.adatbank.ro\/lexikon\/termek\/nagy-jeno\/","title":{"rendered":"NAGY Jen\u0151"},"content":{"rendered":"<p>1875., \u2020 Mv., 1920. \u00e1pr. 19.: szobafest\u0151. \u2013 Testv\u00e9re: Dezs\u0151. \u2013 A mv.-i V\u00e1rosh\u00e1za \u00e9p\u00edt\u00e9s\u00e9n\u00e9l a szobefest\u0151 munk\u00e1latokat v\u00e9gezte testv\u00e9r\u00e9vel, Nagy Dezs\u0151vel (1906\u201308). Testv\u00e9r\u00e9vel gy\u00e1rtelepe volt a S\u00e1ndor J\u00e1nos utc\u00e1ban (1920), \u00e9p\u00edtkez\u00e9sbe kezdtek. T\u0171z \u00fct\u00f6tt ki a gy\u00e1rtelepen (1920). <br \/><strong>Irod.:<\/strong> Id\u0151t\u00e1r 3.; Kereszetes Gyula: Szecesszi\u00f3 Mv.-en 4.: A V\u00e1rosh\u00e1za (N\u00fa., 1991. okt. 26.); Kereszetes Gyula: A tornyos V\u00e1rosh\u00e1za \u00e9p\u00edt\u00e9s\u00e9nek 100. \u00e9vfordul\u00f3j\u00e1ra (N\u00fa., Sz\u00ednes Vil\u00e1g, 2007. m\u00e1j. 26.); Maros megyei m.-s\u00e1g.4.; Mv.-i zsid\u00f3 temet\u0151 dok.; Szentgy\u00f6rgyi<\/br><\/p>\n","protected":false},"excerpt":{"rendered":"<p>1875., \u2020 Mv., 1920. \u00e1pr. 19.: szobafest\u0151. \u2013 Testv\u00e9re: Dezs\u0151. \u2013 A mv.-i V\u00e1rosh\u00e1za \u00e9p\u00edt\u00e9s\u00e9n\u00e9l a szobefest\u0151 munk\u00e1latokat v\u00e9gezte testv\u00e9r\u00e9vel, Nagy Dezs\u0151vel (1906\u201308). Testv\u00e9r\u00e9vel gy\u00e1rtelepe volt a S\u00e1ndor J\u00e1nos utc\u00e1ban (1920), \u00e9p\u00edtkez\u00e9sbe kezdtek. T\u0171z \u00fct\u00f6tt ki a gy\u00e1rtelepen (1920). Irod.: Id\u0151t\u00e1r 3.; Kereszetes Gyula: Szecesszi\u00f3 Mv.-en 4.: A V\u00e1rosh\u00e1za (N\u00fa., 1991. okt. 26.); Kereszetes Gyula: [&hellip;]<\/p>\n","protected":false},"featured_media":0,"comment_status":"open","ping_status":"closed","template":"","meta":[],"product_brand":[],"product_cat":[137],"product_tag":[],"class_list":{"0":"post-16283","1":"product","2":"type-product","3":"status-publish","5":"product_cat-maros-megyei-eletrajzi-lexikon","7":"first","8":"instock","9":"shipping-taxable","10":"product-type-simple"},"_links":{"self":[{"href":"https:\/\/uj.adatbank.ro\/lexikon\/wp-json\/wp\/v2\/product\/16283","targetHints":{"allow":["GET"]}}],"collection":[{"href":"https:\/\/uj.adatbank.ro\/lexikon\/wp-json\/wp\/v2\/product"}],"about":[{"href":"https:\/\/uj.adatbank.ro\/lexikon\/wp-json\/wp\/v2\/types\/product"}],"replies":[{"embeddable":true,"href":"https:\/\/uj.adatbank.ro\/lexikon\/wp-json\/wp\/v2\/comments?post=16283"}],"wp:attachment":[{"href":"https:\/\/uj.adatbank.ro\/lexikon\/wp-json\/wp\/v2\/media?parent=16283"}],"wp:term":[{"taxonomy":"product_brand","embeddable":true,"href":"https:\/\/uj.adatbank.ro\/lexikon\/wp-json\/wp\/v2\/product_brand?post=16283"},{"taxonomy":"product_cat","embeddable":true,"href":"https:\/\/uj.adatbank.ro\/lexikon\/wp-json\/wp\/v2\/product_cat?post=16283"},{"taxonomy":"product_tag","embeddable":true,"href":"https:\/\/uj.adatbank.ro\/lexikon\/wp-json\/wp\/v2\/product_tag?post=16283"}],"curies":[{"name":"wp","href":"https:\/\/api.w.org\/{rel}","templated":true}]}}

NAGY Jenő

<p>1875., † Mv., 1920. ápr. 19.: szobafestő. – Testvére: Dezső. – A mv.-i Városháza építésénél a szobefestő munkálatokat végezte testvérével, Nagy Dezsővel (1906–08). Testvérével gyártelepe volt a Sándor János utcában (1920), építkezésbe kezdtek. Tűz ütött ki a gyártelepen (1920). <br /><strong>Irod.:</strong> Időtár 3.; Kereszetes Gyula: Szecesszió Mv.-en 4.: A Városháza (Nú., 1991. okt. 26.); Kereszetes Gyula: A tornyos Városháza építésének 100. évfordulójára (Nú., Színes Világ, 2007. máj. 26.); Maros megyei m.-ság.4.; Mv.-i zsidó temető dok.; Szentgyörgyi</br></p>

<p>1875., † Mv., 1920. ápr. 19.: szobafestő. – Testvére: Dezső. – A mv.-i Városháza építésénél a szobefestő munkálatokat végezte testvérével, Nagy Dezsővel (1906–08). Testvérével gyártelepe volt a Sándor János utcában (1920), építkezésbe kezdtek. Tűz ütött ki a gyártelepen (1920). Irod.: Időtár 3.; Kereszetes Gyula: Szecesszió Mv.-en 4.: A Városháza (Nú., 1991. okt. 26.); Kereszetes Gyula: [&hellip;]</p>
