{"id":16286,"date":"2025-07-15T16:11:24","date_gmt":"2025-07-15T14:11:24","guid":{"rendered":"https:\/\/uj.adatbank.ro\/lexikon\/termek\/nagy-jeno-4\/"},"modified":"2025-07-15T16:11:24","modified_gmt":"2025-07-15T14:11:24","slug":"nagy-jeno-4","status":"publish","type":"product","link":"https:\/\/uj.adatbank.ro\/lexikon\/termek\/nagy-jeno-4\/","title":{"rendered":"NAGY Jen\u0151"},"content":{"rendered":"<p>Segesv\u00e1r, 1917. dec. 12., \u2020 Torda, 1981. \u00e1pr. 19.: zenetan\u00e1r, k\u00f3rusvezet\u0151. \u2013 A kv.-i Unit\u00e1rius Koll.-ban \u00e9retts\u00e9gizett (1939), majd zenetan\u00e1ri k\u00e9pes\u00edt\u00e9st szerzett. Koz\u00e1rv\u00e1ron kezdte p\u00e1ly\u00e1j\u00e1t. A II. vh.-b\u00f3l s\u00falyos rokkantk\u00e9nt f\u00e9ll\u00e1bbal ker\u00fclt haza, \u00c1d\u00e1moson tan\u00edtott, majd Tord\u00e1n (1947\u201374), ott az orsz\u00e1gos h\u00edr\u0171 Tordai Dal\u00e1rd\u00e1t vezette. Alm\u00e1si Gyula sz\u00f6veg\u00e9re b\u00e1ny\u00e1szindul\u00f3t szerzett (1948), Zsuzsika \u00e9s a sz\u00f3fogadatlan medvebocs c. szerzem\u00e9ny\u00e9t saj\u00e1t sz\u00f6veg\u00e9re \u00edrta. Zenei t\u00e1rgy\u00fa cikkei az Utunk, M\u0171vel\u0151d\u00e9s, Falvak Dolgoz\u00f3 N\u00e9pe, \u00daj \u00c9let has\u00e1bjain. <br \/><strong>Irod.:<\/strong> RMIL<\/br><\/p>\n","protected":false},"excerpt":{"rendered":"<p>Segesv\u00e1r, 1917. dec. 12., \u2020 Torda, 1981. \u00e1pr. 19.: zenetan\u00e1r, k\u00f3rusvezet\u0151. \u2013 A kv.-i Unit\u00e1rius Koll.-ban \u00e9retts\u00e9gizett (1939), majd zenetan\u00e1ri k\u00e9pes\u00edt\u00e9st szerzett. Koz\u00e1rv\u00e1ron kezdte p\u00e1ly\u00e1j\u00e1t. A II. vh.-b\u00f3l s\u00falyos rokkantk\u00e9nt f\u00e9ll\u00e1bbal ker\u00fclt haza, \u00c1d\u00e1moson tan\u00edtott, majd Tord\u00e1n (1947\u201374), ott az orsz\u00e1gos h\u00edr\u0171 Tordai Dal\u00e1rd\u00e1t vezette. Alm\u00e1si Gyula sz\u00f6veg\u00e9re b\u00e1ny\u00e1szindul\u00f3t szerzett (1948), Zsuzsika \u00e9s a sz\u00f3fogadatlan [&hellip;]<\/p>\n","protected":false},"featured_media":0,"comment_status":"open","ping_status":"closed","template":"","meta":[],"product_brand":[],"product_cat":[137],"product_tag":[],"class_list":{"0":"post-16286","1":"product","2":"type-product","3":"status-publish","5":"product_cat-maros-megyei-eletrajzi-lexikon","7":"first","8":"instock","9":"shipping-taxable","10":"product-type-simple"},"_links":{"self":[{"href":"https:\/\/uj.adatbank.ro\/lexikon\/wp-json\/wp\/v2\/product\/16286","targetHints":{"allow":["GET"]}}],"collection":[{"href":"https:\/\/uj.adatbank.ro\/lexikon\/wp-json\/wp\/v2\/product"}],"about":[{"href":"https:\/\/uj.adatbank.ro\/lexikon\/wp-json\/wp\/v2\/types\/product"}],"replies":[{"embeddable":true,"href":"https:\/\/uj.adatbank.ro\/lexikon\/wp-json\/wp\/v2\/comments?post=16286"}],"wp:attachment":[{"href":"https:\/\/uj.adatbank.ro\/lexikon\/wp-json\/wp\/v2\/media?parent=16286"}],"wp:term":[{"taxonomy":"product_brand","embeddable":true,"href":"https:\/\/uj.adatbank.ro\/lexikon\/wp-json\/wp\/v2\/product_brand?post=16286"},{"taxonomy":"product_cat","embeddable":true,"href":"https:\/\/uj.adatbank.ro\/lexikon\/wp-json\/wp\/v2\/product_cat?post=16286"},{"taxonomy":"product_tag","embeddable":true,"href":"https:\/\/uj.adatbank.ro\/lexikon\/wp-json\/wp\/v2\/product_tag?post=16286"}],"curies":[{"name":"wp","href":"https:\/\/api.w.org\/{rel}","templated":true}]}}

NAGY Jenő

<p>Segesvár, 1917. dec. 12., † Torda, 1981. ápr. 19.: zenetanár, kórusvezető. – A kv.-i Unitárius Koll.-ban érettségizett (1939), majd zenetanári képesítést szerzett. Kozárváron kezdte pályáját. A II. vh.-ból súlyos rokkantként féllábbal került haza, Ádámoson tanított, majd Tordán (1947–74), ott az országos hírű Tordai Dalárdát vezette. Almási Gyula szövegére bányászindulót szerzett (1948), Zsuzsika és a szófogadatlan medvebocs c. szerzeményét saját szövegére írta. Zenei tárgyú cikkei az Utunk, Művelődés, Falvak Dolgozó Népe, Új Élet hasábjain. <br /><strong>Irod.:</strong> RMIL</br></p>

<p>Segesvár, 1917. dec. 12., † Torda, 1981. ápr. 19.: zenetanár, kórusvezető. – A kv.-i Unitárius Koll.-ban érettségizett (1939), majd zenetanári képesítést szerzett. Kozárváron kezdte pályáját. A II. vh.-ból súlyos rokkantként féllábbal került haza, Ádámoson tanított, majd Tordán (1947–74), ott az országos hírű Tordai Dalárdát vezette. Almási Gyula szövegére bányászindulót szerzett (1948), Zsuzsika és a szófogadatlan [&hellip;]</p>
