{"id":16287,"date":"2025-07-15T16:11:26","date_gmt":"2025-07-15T14:11:26","guid":{"rendered":"https:\/\/uj.adatbank.ro\/lexikon\/termek\/nagy-jeno-5\/"},"modified":"2025-07-15T16:11:26","modified_gmt":"2025-07-15T14:11:26","slug":"nagy-jeno-5","status":"publish","type":"product","link":"https:\/\/uj.adatbank.ro\/lexikon\/termek\/nagy-jeno-5\/","title":{"rendered":"NAGY Jen\u0151"},"content":{"rendered":"<p>Mv., 1922. \u00e1pr. 2., \u2020 Mv., 1974. m\u00e1rc. 24.: gy\u00f3gyszer\u00e9sz. \u2013 Apja: Nagy Jen\u0151 (1891\u20131980) gy\u00f3gyszer\u00e9sz. \u2013 Gy\u00f3gyszer\u00e9sz oklevelet Szegeden kapott a FJTE-en (1946. j\u00fal. 13.), Mv.-en apja Szent Gy\u00f6rgy gy\u00f3gyszert\u00e1r\u00e1ban dolgozott az \u00e1llamos\u00edt\u00e1sig (1946\u201349). Sz\u00e1szr\u00e9genbe helyezt\u00e9k a 25. sz. gy\u00f3gyszert\u00e1rba, ahol betegnyugd\u00edjaz\u00e1s\u00e1ig dolgozott (1962. \u00e1pr. 3.). K\u00f6zben a MOGYI GYK f\u0151gy\u00f3gyszer\u00e9sz vizsg\u00e1t tett (1959. okt. 26.). <br \/><strong>Irod.:<\/strong> P\u00e9ter H. M.; P\u00e9ter H. M. 2013<\/br><\/p>\n","protected":false},"excerpt":{"rendered":"<p>Mv., 1922. \u00e1pr. 2., \u2020 Mv., 1974. m\u00e1rc. 24.: gy\u00f3gyszer\u00e9sz. \u2013 Apja: Nagy Jen\u0151 (1891\u20131980) gy\u00f3gyszer\u00e9sz. \u2013 Gy\u00f3gyszer\u00e9sz oklevelet Szegeden kapott a FJTE-en (1946. j\u00fal. 13.), Mv.-en apja Szent Gy\u00f6rgy gy\u00f3gyszert\u00e1r\u00e1ban dolgozott az \u00e1llamos\u00edt\u00e1sig (1946\u201349). Sz\u00e1szr\u00e9genbe helyezt\u00e9k a 25. sz. gy\u00f3gyszert\u00e1rba, ahol betegnyugd\u00edjaz\u00e1s\u00e1ig dolgozott (1962. \u00e1pr. 3.). K\u00f6zben a MOGYI GYK f\u0151gy\u00f3gyszer\u00e9sz vizsg\u00e1t tett (1959. [&hellip;]<\/p>\n","protected":false},"featured_media":0,"comment_status":"open","ping_status":"closed","template":"","meta":[],"product_brand":[],"product_cat":[137],"product_tag":[],"class_list":{"0":"post-16287","1":"product","2":"type-product","3":"status-publish","5":"product_cat-maros-megyei-eletrajzi-lexikon","7":"first","8":"instock","9":"shipping-taxable","10":"product-type-simple"},"_links":{"self":[{"href":"https:\/\/uj.adatbank.ro\/lexikon\/wp-json\/wp\/v2\/product\/16287","targetHints":{"allow":["GET"]}}],"collection":[{"href":"https:\/\/uj.adatbank.ro\/lexikon\/wp-json\/wp\/v2\/product"}],"about":[{"href":"https:\/\/uj.adatbank.ro\/lexikon\/wp-json\/wp\/v2\/types\/product"}],"replies":[{"embeddable":true,"href":"https:\/\/uj.adatbank.ro\/lexikon\/wp-json\/wp\/v2\/comments?post=16287"}],"wp:attachment":[{"href":"https:\/\/uj.adatbank.ro\/lexikon\/wp-json\/wp\/v2\/media?parent=16287"}],"wp:term":[{"taxonomy":"product_brand","embeddable":true,"href":"https:\/\/uj.adatbank.ro\/lexikon\/wp-json\/wp\/v2\/product_brand?post=16287"},{"taxonomy":"product_cat","embeddable":true,"href":"https:\/\/uj.adatbank.ro\/lexikon\/wp-json\/wp\/v2\/product_cat?post=16287"},{"taxonomy":"product_tag","embeddable":true,"href":"https:\/\/uj.adatbank.ro\/lexikon\/wp-json\/wp\/v2\/product_tag?post=16287"}],"curies":[{"name":"wp","href":"https:\/\/api.w.org\/{rel}","templated":true}]}}

NAGY Jenő

<p>Mv., 1922. ápr. 2., † Mv., 1974. márc. 24.: gyógyszerész. – Apja: Nagy Jenő (1891–1980) gyógyszerész. – Gyógyszerész oklevelet Szegeden kapott a FJTE-en (1946. júl. 13.), Mv.-en apja Szent György gyógyszertárában dolgozott az államosításig (1946–49). Szászrégenbe helyezték a 25. sz. gyógyszertárba, ahol betegnyugdíjazásáig dolgozott (1962. ápr. 3.). Közben a MOGYI GYK főgyógyszerész vizsgát tett (1959. okt. 26.). <br /><strong>Irod.:</strong> Péter H. M.; Péter H. M. 2013</br></p>

<p>Mv., 1922. ápr. 2., † Mv., 1974. márc. 24.: gyógyszerész. – Apja: Nagy Jenő (1891–1980) gyógyszerész. – Gyógyszerész oklevelet Szegeden kapott a FJTE-en (1946. júl. 13.), Mv.-en apja Szent György gyógyszertárában dolgozott az államosításig (1946–49). Szászrégenbe helyezték a 25. sz. gyógyszertárba, ahol betegnyugdíjazásáig dolgozott (1962. ápr. 3.). Közben a MOGYI GYK főgyógyszerész vizsgát tett (1959. [&hellip;]</p>
