{"id":16289,"date":"2025-07-15T16:11:30","date_gmt":"2025-07-15T14:11:30","guid":{"rendered":"https:\/\/uj.adatbank.ro\/lexikon\/termek\/nagy-jeno-%c2%a7\/"},"modified":"2025-07-15T16:11:30","modified_gmt":"2025-07-15T14:11:30","slug":"nagy-jeno-%c2%a7","status":"publish","type":"product","link":"https:\/\/uj.adatbank.ro\/lexikon\/termek\/nagy-jeno-%c2%a7\/","title":{"rendered":"NAGY Jen\u0151, \u00a7"},"content":{"rendered":"<p>Nagyszeben, 1891. dec.15., \u2020 Mv., 1980. m\u00e1j. 8.: gy\u00f3gyszer\u00e9sz, szerkeszt\u0151. \u2013 Apja katonatiszt volt. Feles\u00e9ge Bartha Etelka (\u20131965). Gyermekei: M\u00e1rta (Mv., 1922. \u00e1pr. 2.-Mv., 2012. febr. 15.) Buka Ferencn\u00e9 \u00e9s Jen\u0151, gy\u00f3gyszer\u00e9szek. K\u00f6z\u00e9piskol\u00e1it sz\u00fcl\u0151v\u00e1ros\u00e1ban \u00e9s Nagyenyeden v\u00e9gezte, gy\u00f3gyszer\u00e9sz gyakornok Gyulafeh\u00e9rv\u00e1ron, Kv.-on a FJTE-en szerzett gy\u00f3gyszer\u00e9szeti oklevelet (1914. j\u00fan. 23.). R\u00e9szt vett az I. vh.-ban, katonai gy\u00f3gyszer\u00e9sz hadnagy a 82.-es sz\u00e9kely gyalogezredben, az olasz fronton \u00e9rte a h\u00e1bor\u00fa v\u00e9ge, megsebes\u00fclt (1914\u201318). Katonai <strong>Kit\u00fcntet\u00e9sei:<\/strong> Signum Laudis, a K\u00e1roly Csapatkereszt \u00e9s m\u00e9g sz\u00e1mos eml\u00e9k\u00e9rem. Sz\u00e1szr\u00e9genben a Czopelt-gy\u00f3gyszert\u00e1rban dolgozott (1918. okt. 1. \u2013 1919. \u00e1pr.1.). Mv.-re telepedett (1919), Osv\u00e1th K\u00e1roly (1885\u20131951), gy\u00f3gyszer\u00e9sz alkalmazta. Mag\u00e1npatik\u00e1t nyitott Szent Gy\u00f6rgy gy\u00f3gyszert\u00e1r n\u00e9ven a Szentgy\u00f6rgy t\u00e9ren (1920. szept. 21.\u201349. \u00e1pr. 4.), jele a Kolozsv\u00e1ri testv\u00e9rek s\u00e1rk\u00e1ny\u00f6l\u0151 Szent Gy\u00f6rgy szobra volt. Nagy forgalmat bonyol\u00edtott le. N\u00e1la volt alkalmazott Turcu Augustin (1930), Orlik M\u00e1ria (sz. Mv., 1904\u2013), aki r\u00f6vid ideig dolgozott (1942. jan.-aug.) \u00e9s Nagy Matild (sz. Bp., 1900. dec 3.) gy\u00f3gyszer\u00e9szn\u0151 (1942. febr.\u20131948. aug.) \u00e9s ifj. Nagy Jen\u0151 (1946\u201349). A gy\u00f3gyszert\u00e1rak \u00e1llamos\u00edt\u00e1sa (1949. \u00e1pr. 2.) ut\u00e1n kitett\u00e9k lak\u00e1s\u00e1b\u00f3l is. A Rom\u00e1niai \u00c1ltal\u00e1nos Gy\u00f3gyszer\u00e9sz Egyes\u00fclet erd\u00e9lyi \u00e9s b\u00e1ns\u00e1gi ker\u00fcleteiben a Marostorda, Kisk\u00fck\u00fcll\u0151, Cs\u00edk \u00e9s Udvarhely megy\u00e9k szervezet\u00e9nek \u00fcgyvezet\u0151 aleln\u00f6ke (a 20-as \u00e9vekt\u0151l). Els\u0151k\u00e9nt szerkesztette Molit\u00f3risz P\u00e1llal egy\u00fctt a h\u00e1romnyelv\u0171 Gy\u00f3gyszer\u00e9szek Zsebnapt\u00e1ra els\u0151 h\u00e1rom \u00e9vfolyam\u00e1t (1921\u201323). A gy\u00f3gyszert\u00e1rak \u00e1llamos\u00edt\u00e1sa ut\u00e1n kitett\u00e9k lak\u00e1s\u00e1b\u00f3l, a mv.-i Albina t\u00e9ren CFR patika l\u00e9trehoz\u00e1s\u00e1val b\u00edzt\u00e1k meg, melyet nyugd\u00edjaz\u00e1s\u00e1ig, 79 \u00e9ves kor\u00e1ig vezetett (1949\u201369). Sportolni egyetemi hallgat\u00f3 kor\u00e1ban kezdett Kv.-on az EAC sz\u00edneiben v\u00edvott, torn\u00e1szott \u00e1s atl\u00e9tiz\u00e1lt, sz\u00e1mos I. II. III. helyez\u00e9st \u00e9rt el. Torn\u00e1szott \u00e9s atl\u00e9tiz\u00e1lt a MSE sz\u00edneiben, r\u00e9szt vett Buk.-ben Rom\u00e1nia els\u0151 atl\u00e9tikai bajnoks\u00e1g\u00e1n (1920) Az MSE v\u00e1lasztm\u00e1nyi tagja (1919 \u2013 ), az atl\u00e9tikai szakoszt\u00e1ly eln\u00f6ke (1921\u2013); a torna szakoszt\u00e1ly megalap\u00edt\u00f3ja (1923\u2013), \u00fcgyvezet\u0151 aleln\u00f6ke \u00e9s torn\u00e1sza \u00e9vt\u00edzedeken \u00e1t.Az 59 f\u00e9rfi \u00e9s 98 n\u0151i tag\u00fa szakoszt\u00e9ly torna\u00fcnnep\u00e9lyen mutatkozott be a Ref. koll. tornaterm\u00e9ben (1924. febr. 24.). K\u00e9s\u0151bb az egyes\u00fclet f\u0151titk\u00e1ra, majd \u00fcgyvezet\u0151 eln\u00f6ke (1929\u201339), az atl\u00e9tikai szakoszt\u00e1ly eln\u00f6ke (1924). A futballp\u00e1ly\u00e1t a nagy\u00e1llom\u00e1s mell\u0151l a ligetbe k\u00f6lt\u00f6ztett\u00e9k, a vikend telepet is \u0151k \u00e9p\u00edtett\u00e9k. A legnehezebb id\u0151kben vezette az egyes\u00fcletet p\u00e9ld\u00e1s \u00f6ntudattal \u00e9s nagy anyagi \u00e9s erk\u00f6lcsi \u00e1ldozatokkal. Munk\u00e1ss\u00e1g\u00e1\u00e9rt ez egyes\u00fclet \u00f6r\u00f6k\u00f6s tiszteletbeli tagj\u00e1v\u00e1 v\u00e1lasztotta (1933). Gy\u00f3gyszer\u00e9szeti tev\u00e9kenys\u00e9g\u00e9\u00e9rt a Szegedi Orvostudom\u00e1nyi Egyetem arany (1964), gy\u00e9m\u00e1nt (1974) \u00e9s vas d\u00edszoklevelet (1979) adom\u00e1nyozott sz\u00e1m\u00e1ra. <strong>F. m.:<\/strong> Gy\u00f3gyszer\u00e9szek czimt\u00e1ra \u00e9s zsebnapt\u00e1ra az 1921. \u00e9vre (1. \u00e9vt.; Tg.M. \u2013 Mv.); <strong>antol\u00f3g.:<\/strong> Az athletik\u00e1r\u00f3l = Illy\u00e9s; <strong>szerk.:<\/strong> Almanachul farmaceutic \u2013Gy\u00f3gyszer\u00e9szek zsebnapt\u00e1ra \u2013 Pharmazeutischer Almanach ( II. \u00e9vf. 1922.; Molit\u00f3risz P\u00e1llal; Cluj-Kv..-Klausenburg); Kereszt\u00e9ny Magyar K\u00f6z\u00e9leti Almanach (III. k\u00f6t.: Erd\u00e9ly; Bp., 1923). <br \/><strong>Irod.:<\/strong> D\u00f6rnyei 2005; Erd\u00e9lyi ezredek; Genersich; Gy\u00e1rf\u00e1s L. Mikl\u00f3s: N. J. (V. Z., 1979. szept. 16.); Gy\u00e1rf\u00e1s 2013; Id\u0151t\u00e1r 3; Illy\u00e9s; Mv. t\u00f6rt. 2.; [Nekrol\u00f3g] (V. Z., 1980. m\u00e1j. 9.); Ol\u00e1h; P\u00e9ter H. M.; P\u00e9ter H. M. 2013; Pluh\u00e1r; RMIL; Sipos; Tam\u00e1s Mikl\u00f3s: A gy\u00f3gyszer\u00e9szet megjelen\u00e9se \u00e9s fejl\u0151d\u00e9se Erd\u00e9lyben 1512-t\u0151l 1920-ig (Bp., 1990)<\/br><\/p>\n","protected":false},"excerpt":{"rendered":"<p>Nagyszeben, 1891. dec.15., \u2020 Mv., 1980. m\u00e1j. 8.: gy\u00f3gyszer\u00e9sz, szerkeszt\u0151. \u2013 Apja katonatiszt volt. Feles\u00e9ge Bartha Etelka (\u20131965). Gyermekei: M\u00e1rta (Mv., 1922. \u00e1pr. 2.-Mv., 2012. febr. 15.) Buka Ferencn\u00e9 \u00e9s Jen\u0151, gy\u00f3gyszer\u00e9szek. K\u00f6z\u00e9piskol\u00e1it sz\u00fcl\u0151v\u00e1ros\u00e1ban \u00e9s Nagyenyeden v\u00e9gezte, gy\u00f3gyszer\u00e9sz gyakornok Gyulafeh\u00e9rv\u00e1ron, Kv.-on a FJTE-en szerzett gy\u00f3gyszer\u00e9szeti oklevelet (1914. j\u00fan. 23.). R\u00e9szt vett az I. vh.-ban, katonai [&hellip;]<\/p>\n","protected":false},"featured_media":0,"comment_status":"open","ping_status":"closed","template":"","meta":[],"product_brand":[],"product_cat":[137],"product_tag":[],"class_list":{"0":"post-16289","1":"product","2":"type-product","3":"status-publish","5":"product_cat-maros-megyei-eletrajzi-lexikon","7":"first","8":"instock","9":"shipping-taxable","10":"product-type-simple"},"_links":{"self":[{"href":"https:\/\/uj.adatbank.ro\/lexikon\/wp-json\/wp\/v2\/product\/16289","targetHints":{"allow":["GET"]}}],"collection":[{"href":"https:\/\/uj.adatbank.ro\/lexikon\/wp-json\/wp\/v2\/product"}],"about":[{"href":"https:\/\/uj.adatbank.ro\/lexikon\/wp-json\/wp\/v2\/types\/product"}],"replies":[{"embeddable":true,"href":"https:\/\/uj.adatbank.ro\/lexikon\/wp-json\/wp\/v2\/comments?post=16289"}],"wp:attachment":[{"href":"https:\/\/uj.adatbank.ro\/lexikon\/wp-json\/wp\/v2\/media?parent=16289"}],"wp:term":[{"taxonomy":"product_brand","embeddable":true,"href":"https:\/\/uj.adatbank.ro\/lexikon\/wp-json\/wp\/v2\/product_brand?post=16289"},{"taxonomy":"product_cat","embeddable":true,"href":"https:\/\/uj.adatbank.ro\/lexikon\/wp-json\/wp\/v2\/product_cat?post=16289"},{"taxonomy":"product_tag","embeddable":true,"href":"https:\/\/uj.adatbank.ro\/lexikon\/wp-json\/wp\/v2\/product_tag?post=16289"}],"curies":[{"name":"wp","href":"https:\/\/api.w.org\/{rel}","templated":true}]}}

NAGY Jenő, §

<p>Nagyszeben, 1891. dec.15., † Mv., 1980. máj. 8.: gyógyszerész, szerkesztő. – Apja katonatiszt volt. Felesége Bartha Etelka (–1965). Gyermekei: Márta (Mv., 1922. ápr. 2.-Mv., 2012. febr. 15.) Buka Ferencné és Jenő, gyógyszerészek. Középiskoláit szülővárosában és Nagyenyeden végezte, gyógyszerész gyakornok Gyulafehérváron, Kv.-on a FJTE-en szerzett gyógyszerészeti oklevelet (1914. jún. 23.). Részt vett az I. vh.-ban, katonai gyógyszerész hadnagy a 82.-es székely gyalogezredben, az olasz fronton érte a háború vége, megsebesült (1914–18). Katonai <strong>Kitüntetései:</strong> Signum Laudis, a Károly Csapatkereszt és még számos emlékérem. Szászrégenben a Czopelt-gyógyszertárban dolgozott (1918. okt. 1. – 1919. ápr.1.). Mv.-re telepedett (1919), Osváth Károly (1885–1951), gyógyszerész alkalmazta. Magánpatikát nyitott Szent György gyógyszertár néven a Szentgyörgy téren (1920. szept. 21.–49. ápr. 4.), jele a Kolozsvári testvérek sárkányölő Szent György szobra volt. Nagy forgalmat bonyolított le. Nála volt alkalmazott Turcu Augustin (1930), Orlik Mária (sz. Mv., 1904–), aki rövid ideig dolgozott (1942. jan.-aug.) és Nagy Matild (sz. Bp., 1900. dec 3.) gyógyszerésznő (1942. febr.–1948. aug.) és ifj. Nagy Jenő (1946–49). A gyógyszertárak államosítása (1949. ápr. 2.) után kitették lakásából is. A Romániai Általános Gyógyszerész Egyesület erdélyi és bánsági kerületeiben a Marostorda, Kisküküllő, Csík és Udvarhely megyék szervezetének ügyvezető alelnöke (a 20-as évektől). Elsőként szerkesztette Molitórisz Pállal együtt a háromnyelvű Gyógyszerészek Zsebnaptára első három évfolyamát (1921–23). A gyógyszertárak államosítása után kitették lakásából, a mv.-i Albina téren CFR patika létrehozásával bízták meg, melyet nyugdíjazásáig, 79 éves koráig vezetett (1949–69). Sportolni egyetemi hallgató korában kezdett Kv.-on az EAC színeiben vívott, tornászott ás atlétizált, számos I. II. III. helyezést ért el. Tornászott és atlétizált a MSE színeiben, részt vett Buk.-ben Románia első atlétikai bajnokságán (1920) Az MSE választmányi tagja (1919 – ), az atlétikai szakosztály elnöke (1921–); a torna szakosztály megalapítója (1923–), ügyvezető alelnöke és tornásza évtízedeken át.Az 59 férfi és 98 női tagú szakosztély tornaünnepélyen mutatkozott be a Ref. koll. tornatermében (1924. febr. 24.). Később az egyesület főtitkára, majd ügyvezető elnöke (1929–39), az atlétikai szakosztály elnöke (1924). A futballpályát a nagyállomás mellől a ligetbe költöztették, a vikend telepet is ők építették. A legnehezebb időkben vezette az egyesületet példás öntudattal és nagy anyagi és erkölcsi áldozatokkal. Munkásságáért ez egyesület örökös tiszteletbeli tagjává választotta (1933). Gyógyszerészeti tevékenységéért a Szegedi Orvostudományi Egyetem arany (1964), gyémánt (1974) és vas díszoklevelet (1979) adományozott számára. <strong>F. m.:</strong> Gyógyszerészek czimtára és zsebnaptára az 1921. évre (1. évt.; Tg.M. – Mv.); <strong>antológ.:</strong> Az athletikáról = Illyés; <strong>szerk.:</strong> Almanachul farmaceutic –Gyógyszerészek zsebnaptára – Pharmazeutischer Almanach ( II. évf. 1922.; Molitórisz Pállal; Cluj-Kv..-Klausenburg); Keresztény Magyar Közéleti Almanach (III. köt.: Erdély; Bp., 1923). <br /><strong>Irod.:</strong> Dörnyei 2005; Erdélyi ezredek; Genersich; Gyárfás L. Miklós: N. J. (V. Z., 1979. szept. 16.); Gyárfás 2013; Időtár 3; Illyés; Mv. tört. 2.; [Nekrológ] (V. Z., 1980. máj. 9.); Oláh; Péter H. M.; Péter H. M. 2013; Pluhár; RMIL; Sipos; Tamás Miklós: A gyógyszerészet megjelenése és fejlődése Erdélyben 1512-től 1920-ig (Bp., 1990)</br></p>

<p>Nagyszeben, 1891. dec.15., † Mv., 1980. máj. 8.: gyógyszerész, szerkesztő. – Apja katonatiszt volt. Felesége Bartha Etelka (–1965). Gyermekei: Márta (Mv., 1922. ápr. 2.-Mv., 2012. febr. 15.) Buka Ferencné és Jenő, gyógyszerészek. Középiskoláit szülővárosában és Nagyenyeden végezte, gyógyszerész gyakornok Gyulafehérváron, Kv.-on a FJTE-en szerzett gyógyszerészeti oklevelet (1914. jún. 23.). Részt vett az I. vh.-ban, katonai [&hellip;]</p>
