{"id":16301,"date":"2025-07-15T16:11:56","date_gmt":"2025-07-15T14:11:56","guid":{"rendered":"https:\/\/uj.adatbank.ro\/lexikon\/termek\/nagy-jozsef-9\/"},"modified":"2025-07-15T16:11:56","modified_gmt":"2025-07-15T14:11:56","slug":"nagy-jozsef-9","status":"publish","type":"product","link":"https:\/\/uj.adatbank.ro\/lexikon\/termek\/nagy-jozsef-9\/","title":{"rendered":"NAGY J\u00f3zsef"},"content":{"rendered":"<p>? \u2020 ?: dr. f\u00f6ldbirtokos, ogy.-i k\u00e9pvisel\u0151. \u2013 A k\u00f6zigazgat\u00e1si p\u00e1ly\u00e1n m\u0171k\u00f6d\u00f6tt, az \u00e1kosfalvi ker\u00fclet ogy.-i k\u00e9pvisel\u0151je, a Nemzeti Munkap\u00e1rt megyei t\u00e1rseln\u00f6ke (1913). Sz\u00e1szr\u00e9genbe helyezt\u00e9k (1919), k\u00e9s\u0151bb megint orsz\u00e1ggy\u0171l\u00e9si k\u00e9pvisel\u0151 lett. \u00d6zvegye Constantinidi Ir\u00e9n, Harasztkereki Farkas Lajosn\u00e9 sz Vorel Ir\u00e9n n\u00e9ven a csiksomly\u00f3i sz\u00fcl\u00e9szeti int\u00e9zet r\u00e9sz\u00e9re 10.000 peng\u0151t adom\u00e1nyozott. Minden szoci\u00e1lis \u00fcgy t\u00e1mogat\u00f3i voltak. <br \/><strong>Irod.:<\/strong> Id\u0151t\u00e1r 2; Sz\u00e9kelyf\u00f6ld \u00ed.k.<\/br><\/p>\n","protected":false},"excerpt":{"rendered":"<p>? \u2020 ?: dr. f\u00f6ldbirtokos, ogy.-i k\u00e9pvisel\u0151. \u2013 A k\u00f6zigazgat\u00e1si p\u00e1ly\u00e1n m\u0171k\u00f6d\u00f6tt, az \u00e1kosfalvi ker\u00fclet ogy.-i k\u00e9pvisel\u0151je, a Nemzeti Munkap\u00e1rt megyei t\u00e1rseln\u00f6ke (1913). Sz\u00e1szr\u00e9genbe helyezt\u00e9k (1919), k\u00e9s\u0151bb megint orsz\u00e1ggy\u0171l\u00e9si k\u00e9pvisel\u0151 lett. \u00d6zvegye Constantinidi Ir\u00e9n, Harasztkereki Farkas Lajosn\u00e9 sz Vorel Ir\u00e9n n\u00e9ven a csiksomly\u00f3i sz\u00fcl\u00e9szeti int\u00e9zet r\u00e9sz\u00e9re 10.000 peng\u0151t adom\u00e1nyozott. Minden szoci\u00e1lis \u00fcgy t\u00e1mogat\u00f3i voltak. Irod.: [&hellip;]<\/p>\n","protected":false},"featured_media":0,"comment_status":"open","ping_status":"closed","template":"","meta":[],"product_brand":[],"product_cat":[137],"product_tag":[],"class_list":{"0":"post-16301","1":"product","2":"type-product","3":"status-publish","5":"product_cat-maros-megyei-eletrajzi-lexikon","7":"first","8":"instock","9":"shipping-taxable","10":"product-type-simple"},"_links":{"self":[{"href":"https:\/\/uj.adatbank.ro\/lexikon\/wp-json\/wp\/v2\/product\/16301","targetHints":{"allow":["GET"]}}],"collection":[{"href":"https:\/\/uj.adatbank.ro\/lexikon\/wp-json\/wp\/v2\/product"}],"about":[{"href":"https:\/\/uj.adatbank.ro\/lexikon\/wp-json\/wp\/v2\/types\/product"}],"replies":[{"embeddable":true,"href":"https:\/\/uj.adatbank.ro\/lexikon\/wp-json\/wp\/v2\/comments?post=16301"}],"wp:attachment":[{"href":"https:\/\/uj.adatbank.ro\/lexikon\/wp-json\/wp\/v2\/media?parent=16301"}],"wp:term":[{"taxonomy":"product_brand","embeddable":true,"href":"https:\/\/uj.adatbank.ro\/lexikon\/wp-json\/wp\/v2\/product_brand?post=16301"},{"taxonomy":"product_cat","embeddable":true,"href":"https:\/\/uj.adatbank.ro\/lexikon\/wp-json\/wp\/v2\/product_cat?post=16301"},{"taxonomy":"product_tag","embeddable":true,"href":"https:\/\/uj.adatbank.ro\/lexikon\/wp-json\/wp\/v2\/product_tag?post=16301"}],"curies":[{"name":"wp","href":"https:\/\/api.w.org\/{rel}","templated":true}]}}

NAGY József

<p>? † ?: dr. földbirtokos, ogy.-i képviselő. – A közigazgatási pályán működött, az ákosfalvi kerület ogy.-i képviselője, a Nemzeti Munkapárt megyei társelnöke (1913). Szászrégenbe helyezték (1919), később megint országgyűlési képviselő lett. Özvegye Constantinidi Irén, Harasztkereki Farkas Lajosné sz Vorel Irén néven a csiksomlyói szülészeti intézet részére 10.000 pengőt adományozott. Minden szociális ügy támogatói voltak. <br /><strong>Irod.:</strong> Időtár 2; Székelyföld í.k.</br></p>

<p>? † ?: dr. földbirtokos, ogy.-i képviselő. – A közigazgatási pályán működött, az ákosfalvi kerület ogy.-i képviselője, a Nemzeti Munkapárt megyei társelnöke (1913). Szászrégenbe helyezték (1919), később megint országgyűlési képviselő lett. Özvegye Constantinidi Irén, Harasztkereki Farkas Lajosné sz Vorel Irén néven a csiksomlyói szülészeti intézet részére 10.000 pengőt adományozott. Minden szociális ügy támogatói voltak. Irod.: [&hellip;]</p>
