{"id":16310,"date":"2025-07-15T16:12:19","date_gmt":"2025-07-15T14:12:19","guid":{"rendered":"https:\/\/uj.adatbank.ro\/lexikon\/termek\/nagy-jozsef-%c2%a7-kaali\/"},"modified":"2025-07-15T16:12:19","modified_gmt":"2025-07-15T14:12:19","slug":"nagy-jozsef-%c2%a7-kaali","status":"publish","type":"product","link":"https:\/\/uj.adatbank.ro\/lexikon\/termek\/nagy-jozsef-%c2%a7-kaali\/","title":{"rendered":"NAGY J\u00f3zsef, \u00a7 ka\u00e1li"},"content":{"rendered":"<p>Sz\u00e9kelyk\u00e1l, 1911. jan. 10., \u2020 Mv., 1985. dec. 9.: szobr\u00e1szm\u0171v\u00e9sz. \u2013 A temesv\u00e1ri Belle-Arte iskol\u00e1t v\u00e9gezte (1939). Romulus Ladea, majd Bp.-en P\u00e1tzay P\u00e1l \u00e9s Medgyessy Ferenc tan\u00edtv\u00e1nya. A mv.-i V\u00e1rosi rajz \u2013 \u00e9s fest\u0151iskola (1942\u201346), a M\u0171v\u00e9szeti Szakk\u00f6z\u00e9piskola majd l\u00edc. tan\u00e1ra nyugd\u00edjaz\u00e1s\u00e1ig. A K\u00e9pz\u0151m\u0171v\u00e9szeti Sz\u00f6vets\u00e9g mv.-i fi\u00f3kj\u00e1nak tagja (1951\u2013). \u2013 <strong>F. ki\u00e1ll.:<\/strong> Kv. (1938), Temesv\u00e1r, Mv., Szeged, Debrecen, P\u00e9cs, Bp. V\u00e1rosokban szerepelt ki\u00e1ll\u00edt\u00e1sokon. R\u00e9szt vett a mv.-i Toldalagi-h\u00e1z, a Kult\u00farpalota, a gernyeszegi Teleki-kast\u00e9ly restaur\u00e1l\u00e1si munk\u00e1lataiban. A St\u00f3di\u00f3-sz\u00ednh\u00e1z homlokzat\u00e1nak d\u00edsz\u00edt\u00e9s\u00e9t v\u00e9gezte. <br \/><strong>Irod.:<\/strong> Banner; Katona Szab\u00f3 Istv\u00e1n: Az \u00daj \u00c9let lexikona, 112. (\u00daj \u00c9let, 5.sz., 1975); Moln\u00e1r; [Nekrol\u00f3g] (V. Z., 1985. dec. 10.)<\/br><\/p>\n","protected":false},"excerpt":{"rendered":"<p>Sz\u00e9kelyk\u00e1l, 1911. jan. 10., \u2020 Mv., 1985. dec. 9.: szobr\u00e1szm\u0171v\u00e9sz. \u2013 A temesv\u00e1ri Belle-Arte iskol\u00e1t v\u00e9gezte (1939). Romulus Ladea, majd Bp.-en P\u00e1tzay P\u00e1l \u00e9s Medgyessy Ferenc tan\u00edtv\u00e1nya. A mv.-i V\u00e1rosi rajz \u2013 \u00e9s fest\u0151iskola (1942\u201346), a M\u0171v\u00e9szeti Szakk\u00f6z\u00e9piskola majd l\u00edc. tan\u00e1ra nyugd\u00edjaz\u00e1s\u00e1ig. A K\u00e9pz\u0151m\u0171v\u00e9szeti Sz\u00f6vets\u00e9g mv.-i fi\u00f3kj\u00e1nak tagja (1951\u2013). \u2013 F. ki\u00e1ll.: Kv. (1938), Temesv\u00e1r, [&hellip;]<\/p>\n","protected":false},"featured_media":0,"comment_status":"open","ping_status":"closed","template":"","meta":[],"product_brand":[],"product_cat":[137],"product_tag":[],"class_list":{"0":"post-16310","1":"product","2":"type-product","3":"status-publish","5":"product_cat-maros-megyei-eletrajzi-lexikon","7":"first","8":"instock","9":"shipping-taxable","10":"product-type-simple"},"_links":{"self":[{"href":"https:\/\/uj.adatbank.ro\/lexikon\/wp-json\/wp\/v2\/product\/16310","targetHints":{"allow":["GET"]}}],"collection":[{"href":"https:\/\/uj.adatbank.ro\/lexikon\/wp-json\/wp\/v2\/product"}],"about":[{"href":"https:\/\/uj.adatbank.ro\/lexikon\/wp-json\/wp\/v2\/types\/product"}],"replies":[{"embeddable":true,"href":"https:\/\/uj.adatbank.ro\/lexikon\/wp-json\/wp\/v2\/comments?post=16310"}],"wp:attachment":[{"href":"https:\/\/uj.adatbank.ro\/lexikon\/wp-json\/wp\/v2\/media?parent=16310"}],"wp:term":[{"taxonomy":"product_brand","embeddable":true,"href":"https:\/\/uj.adatbank.ro\/lexikon\/wp-json\/wp\/v2\/product_brand?post=16310"},{"taxonomy":"product_cat","embeddable":true,"href":"https:\/\/uj.adatbank.ro\/lexikon\/wp-json\/wp\/v2\/product_cat?post=16310"},{"taxonomy":"product_tag","embeddable":true,"href":"https:\/\/uj.adatbank.ro\/lexikon\/wp-json\/wp\/v2\/product_tag?post=16310"}],"curies":[{"name":"wp","href":"https:\/\/api.w.org\/{rel}","templated":true}]}}

NAGY József, § kaáli

<p>Székelykál, 1911. jan. 10., † Mv., 1985. dec. 9.: szobrászművész. – A temesvári Belle-Arte iskolát végezte (1939). Romulus Ladea, majd Bp.-en Pátzay Pál és Medgyessy Ferenc tanítványa. A mv.-i Városi rajz – és festőiskola (1942–46), a Művészeti Szakközépiskola majd líc. tanára nyugdíjazásáig. A Képzőművészeti Szövetség mv.-i fiókjának tagja (1951–). – <strong>F. kiáll.:</strong> Kv. (1938), Temesvár, Mv., Szeged, Debrecen, Pécs, Bp. Városokban szerepelt kiállításokon. Részt vett a mv.-i Toldalagi-ház, a Kultúrpalota, a gernyeszegi Teleki-kastély restaurálási munkálataiban. A Stódió-színház homlokzatának díszítését végezte. <br /><strong>Irod.:</strong> Banner; Katona Szabó István: Az Új Élet lexikona, 112. (Új Élet, 5.sz., 1975); Molnár; [Nekrológ] (V. Z., 1985. dec. 10.)</br></p>

<p>Székelykál, 1911. jan. 10., † Mv., 1985. dec. 9.: szobrászművész. – A temesvári Belle-Arte iskolát végezte (1939). Romulus Ladea, majd Bp.-en Pátzay Pál és Medgyessy Ferenc tanítványa. A mv.-i Városi rajz – és festőiskola (1942–46), a Művészeti Szakközépiskola majd líc. tanára nyugdíjazásáig. A Képzőművészeti Szövetség mv.-i fiókjának tagja (1951–). – F. kiáll.: Kv. (1938), Temesvár, [&hellip;]</p>
