{"id":16316,"date":"2025-07-15T16:12:33","date_gmt":"2025-07-15T14:12:33","guid":{"rendered":"https:\/\/uj.adatbank.ro\/lexikon\/termek\/nagy-jozsef-kaposztasszentmiklosi-2\/"},"modified":"2025-07-15T16:12:33","modified_gmt":"2025-07-15T14:12:33","slug":"nagy-jozsef-kaposztasszentmiklosi-2","status":"publish","type":"product","link":"https:\/\/uj.adatbank.ro\/lexikon\/termek\/nagy-jozsef-kaposztasszentmiklosi-2\/","title":{"rendered":"NAGY J\u00f3zsef, k\u00e1poszt\u00e1sszentmikl\u00f3si"},"content":{"rendered":"<p>1842.? \u2020 Ny\u00e1r\u00e1dkar\u00e1csony, 1918. m\u00e1rc. 4.: f\u00f6ldbirtokos. \u2013 Testv\u00e9rei: k\u00e1poszt\u00e1sszentmikl\u00f3si N. Katalin kinizsi Kinissy Istv\u00e1nn\u00e9; N. Zsuzs\u00e1nna cs\u00edkszentmih\u00e1lyi Balla D\u00e9nesn\u00e9. Feles\u00e9ge: radn\u00f3thi Sz\u00e1nth\u00f3 Julia (1849 \u2013 Mv., 1914. m\u00e1rc. 1.). Gyermekei: ny\u00e1r\u00e1dg\u00e1lfalvi Sipos G\u00e1bor; Sipos Tibor; Sipos Margit Orb\u00e1n Bal\u00e1zsn\u00e9; Mostoha Gyermekei: N. Ir\u00e9n, Apor L\u00e1z\u00e1rn\u00e9; N. J\u00f3zsef, dr. alisp\u00e1n, ogy.-i k\u00e9pvisel\u0151; N. Etelka zeykfalvi Zeyk Istv\u00e1nn\u00e9; N. Katalin zeykfalvi Zeyk J\u00e1nosn\u00e9; N. Lilike t\u00f3ti \u00e9s sz\u00e1szv\u00e1rosi Eperjessy Gy\u00f6rgyn\u00e9. <br \/><strong>Irod.:<\/strong> Gy\u00e1szjelent\u0151<\/br><\/p>\n","protected":false},"excerpt":{"rendered":"<p>1842.? \u2020 Ny\u00e1r\u00e1dkar\u00e1csony, 1918. m\u00e1rc. 4.: f\u00f6ldbirtokos. \u2013 Testv\u00e9rei: k\u00e1poszt\u00e1sszentmikl\u00f3si N. Katalin kinizsi Kinissy Istv\u00e1nn\u00e9; N. Zsuzs\u00e1nna cs\u00edkszentmih\u00e1lyi Balla D\u00e9nesn\u00e9. Feles\u00e9ge: radn\u00f3thi Sz\u00e1nth\u00f3 Julia (1849 \u2013 Mv., 1914. m\u00e1rc. 1.). Gyermekei: ny\u00e1r\u00e1dg\u00e1lfalvi Sipos G\u00e1bor; Sipos Tibor; Sipos Margit Orb\u00e1n Bal\u00e1zsn\u00e9; Mostoha Gyermekei: N. Ir\u00e9n, Apor L\u00e1z\u00e1rn\u00e9; N. J\u00f3zsef, dr. alisp\u00e1n, ogy.-i k\u00e9pvisel\u0151; N. Etelka zeykfalvi [&hellip;]<\/p>\n","protected":false},"featured_media":0,"comment_status":"open","ping_status":"closed","template":"","meta":[],"product_brand":[],"product_cat":[137],"product_tag":[],"class_list":{"0":"post-16316","1":"product","2":"type-product","3":"status-publish","5":"product_cat-maros-megyei-eletrajzi-lexikon","7":"first","8":"instock","9":"shipping-taxable","10":"product-type-simple"},"_links":{"self":[{"href":"https:\/\/uj.adatbank.ro\/lexikon\/wp-json\/wp\/v2\/product\/16316","targetHints":{"allow":["GET"]}}],"collection":[{"href":"https:\/\/uj.adatbank.ro\/lexikon\/wp-json\/wp\/v2\/product"}],"about":[{"href":"https:\/\/uj.adatbank.ro\/lexikon\/wp-json\/wp\/v2\/types\/product"}],"replies":[{"embeddable":true,"href":"https:\/\/uj.adatbank.ro\/lexikon\/wp-json\/wp\/v2\/comments?post=16316"}],"wp:attachment":[{"href":"https:\/\/uj.adatbank.ro\/lexikon\/wp-json\/wp\/v2\/media?parent=16316"}],"wp:term":[{"taxonomy":"product_brand","embeddable":true,"href":"https:\/\/uj.adatbank.ro\/lexikon\/wp-json\/wp\/v2\/product_brand?post=16316"},{"taxonomy":"product_cat","embeddable":true,"href":"https:\/\/uj.adatbank.ro\/lexikon\/wp-json\/wp\/v2\/product_cat?post=16316"},{"taxonomy":"product_tag","embeddable":true,"href":"https:\/\/uj.adatbank.ro\/lexikon\/wp-json\/wp\/v2\/product_tag?post=16316"}],"curies":[{"name":"wp","href":"https:\/\/api.w.org\/{rel}","templated":true}]}}