{"id":16317,"date":"2025-07-15T16:12:37","date_gmt":"2025-07-15T14:12:37","guid":{"rendered":"https:\/\/uj.adatbank.ro\/lexikon\/termek\/nagy-jozsef-kaposztasszentmiklosi-3\/"},"modified":"2025-07-15T16:12:37","modified_gmt":"2025-07-15T14:12:37","slug":"nagy-jozsef-kaposztasszentmiklosi-3","status":"publish","type":"product","link":"https:\/\/uj.adatbank.ro\/lexikon\/termek\/nagy-jozsef-kaposztasszentmiklosi-3\/","title":{"rendered":"NAGY J\u00f3zsef, k\u00e1poszt\u00e1sszentmikl\u00f3si"},"content":{"rendered":"<p>Ny\u00e1r\u00e1dkarocs\u00e1nyfalva, 1870. okt. 18., \u2020 ? : f\u00f6ldbirtokos, f\u0151szolgab\u00edr\u00f3, dr. pol. Ny\u00e1r\u00e1dszereda. \u2013 Csal\u00e1dja nemess\u00e9g\u00e9t I R\u00e1k\u00f3czi Gy\u00f6rgy fejedelemt\u0151l \u00e9s I. Lip\u00f3t kir.-t\u00f3l kapta. K\u00f6z\u00e9pisk. Mv.-en, a jogot Kv.-on v\u00e9gezte. Marostordamegye R\u00e9geni als\u00f3 j\u00e1r\u00e1s szolgab\u00edr\u00e1ja (1892), k\u00e9s\u0151bb a marosi als\u00f3j\u00e1r\u00e1s szolgab\u00edr\u00e1ja, majd t. f\u0151szolgab\u00edr\u00f3i c\u00edmmel \u00fajra a r\u00e9geni als\u00f3j\u00e1r\u00e1s szolgab\u00edr\u00f3j\u00e1nak v\u00e1lsztott\u00e1k; a ny\u00e1r\u00e1dszeredai j\u00e1r\u00e1s f\u0151szolgab\u00edr\u00f3ja (1896). E min\u0151s\u00e9gben a szabadelv\u0171 politikai p\u00e1rt \u00e1ll\u00e1s\u00e1t megtartva r\u00e9szt vett a nemzeti ellen\u00e1ll\u00e1sban. A v\u00e1rmegye alisp\u00e1nja lett (1906), \u00e9s \u00edgy hat\u00e1sk\u00f6r\u00e9be ker\u00fclt a nemzeti ellen\u00e1ll\u00e1s alatt politikai magatart\u00e1suk miatt felf\u00fcggesztett megyei tisztvisel\u0151k \u00fcgye. Mivel az ezek elleni megtorl\u00f3 int\u00e9zked\u00e9seket ellenezte \u00f6ssze\u00fctk\u00f6z\u00e9sbe ker\u00fclt a bel\u00fcgyminiszterrel \u00e9s a v\u00e1rmegye koal\u00edci\u00f3s t\u00f6bbs\u00e9g\u00e9vel. Az 1907. megyei tiszt\u00faj\u00edt\u00e1sn\u00e1l nem jel\u00f6lt\u00e9k \u00e9s hivatali engedelmess\u00e9g megtagad\u00e1sa c\u00edm\u00e9n b\u0171nv\u00e1di f\u00f6ljelent\u00e9st tettek ellene, amelyet azonban a k\u00faria elutas\u00edtott. MT\u00e1rstud.Egyes\u00fclet alap\u00edt\u00f3 tagja (1907). Az 1910-es v\u00e1laszt\u00e1sokon \u00fajb\u00f3l ogy.-i k\u00e9pvisel\u0151 lett az \u00c1kosfalvi ker\u00fcletbenben.. A kiv\u00e1ndorl\u00e1si bizotts\u00e1g tagja volt. Gy\u00e1szjelent\u0151; Mt\u00e1rstud..Egyes\u00fclet; Ogy-i almanach (1905\u201310); P\u00e1lmay<\/br><\/p>\n","protected":false},"excerpt":{"rendered":"<p>Ny\u00e1r\u00e1dkarocs\u00e1nyfalva, 1870. okt. 18., \u2020 ? : f\u00f6ldbirtokos, f\u0151szolgab\u00edr\u00f3, dr. pol. Ny\u00e1r\u00e1dszereda. \u2013 Csal\u00e1dja nemess\u00e9g\u00e9t I R\u00e1k\u00f3czi Gy\u00f6rgy fejedelemt\u0151l \u00e9s I. Lip\u00f3t kir.-t\u00f3l kapta. K\u00f6z\u00e9pisk. Mv.-en, a jogot Kv.-on v\u00e9gezte. Marostordamegye R\u00e9geni als\u00f3 j\u00e1r\u00e1s szolgab\u00edr\u00e1ja (1892), k\u00e9s\u0151bb a marosi als\u00f3j\u00e1r\u00e1s szolgab\u00edr\u00e1ja, majd t. f\u0151szolgab\u00edr\u00f3i c\u00edmmel \u00fajra a r\u00e9geni als\u00f3j\u00e1r\u00e1s szolgab\u00edr\u00f3j\u00e1nak v\u00e1lsztott\u00e1k; a ny\u00e1r\u00e1dszeredai j\u00e1r\u00e1s f\u0151szolgab\u00edr\u00f3ja [&hellip;]<\/p>\n","protected":false},"featured_media":0,"comment_status":"open","ping_status":"closed","template":"","meta":[],"product_brand":[],"product_cat":[137],"product_tag":[],"class_list":{"0":"post-16317","1":"product","2":"type-product","3":"status-publish","5":"product_cat-maros-megyei-eletrajzi-lexikon","7":"first","8":"instock","9":"shipping-taxable","10":"product-type-simple"},"_links":{"self":[{"href":"https:\/\/uj.adatbank.ro\/lexikon\/wp-json\/wp\/v2\/product\/16317","targetHints":{"allow":["GET"]}}],"collection":[{"href":"https:\/\/uj.adatbank.ro\/lexikon\/wp-json\/wp\/v2\/product"}],"about":[{"href":"https:\/\/uj.adatbank.ro\/lexikon\/wp-json\/wp\/v2\/types\/product"}],"replies":[{"embeddable":true,"href":"https:\/\/uj.adatbank.ro\/lexikon\/wp-json\/wp\/v2\/comments?post=16317"}],"wp:attachment":[{"href":"https:\/\/uj.adatbank.ro\/lexikon\/wp-json\/wp\/v2\/media?parent=16317"}],"wp:term":[{"taxonomy":"product_brand","embeddable":true,"href":"https:\/\/uj.adatbank.ro\/lexikon\/wp-json\/wp\/v2\/product_brand?post=16317"},{"taxonomy":"product_cat","embeddable":true,"href":"https:\/\/uj.adatbank.ro\/lexikon\/wp-json\/wp\/v2\/product_cat?post=16317"},{"taxonomy":"product_tag","embeddable":true,"href":"https:\/\/uj.adatbank.ro\/lexikon\/wp-json\/wp\/v2\/product_tag?post=16317"}],"curies":[{"name":"wp","href":"https:\/\/api.w.org\/{rel}","templated":true}]}}

NAGY József, káposztásszentmiklósi

<p>Nyárádkarocsányfalva, 1870. okt. 18., † ? : földbirtokos, főszolgabíró, dr. pol. Nyárádszereda. – Családja nemességét I Rákóczi György fejedelemtől és I. Lipót kir.-tól kapta. Középisk. Mv.-en, a jogot Kv.-on végezte. Marostordamegye Régeni alsó járás szolgabírája (1892), később a marosi alsójárás szolgabírája, majd t. főszolgabírói címmel újra a régeni alsójárás szolgabírójának válsztották; a nyárádszeredai járás főszolgabírója (1896). E minőségben a szabadelvű politikai párt állását megtartva részt vett a nemzeti ellenállásban. A vármegye alispánja lett (1906), és így hatáskörébe került a nemzeti ellenállás alatt politikai magatartásuk miatt felfüggesztett megyei tisztviselők ügye. Mivel az ezek elleni megtorló intézkedéseket ellenezte összeütközésbe került a belügyminiszterrel és a vármegye koalíciós többségével. Az 1907. megyei tisztújításnál nem jelölték és hivatali engedelmesség megtagadása címén bűnvádi följelentést tettek ellene, amelyet azonban a kúria elutasított. MTárstud.Egyesület alapító tagja (1907). Az 1910-es választásokon újból ogy.-i képviselő lett az Ákosfalvi kerületbenben.. A kivándorlási bizottság tagja volt. Gyászjelentő; Mtárstud..Egyesület; Ogy-i almanach (1905–10); Pálmay</br></p>

<p>Nyárádkarocsányfalva, 1870. okt. 18., † ? : földbirtokos, főszolgabíró, dr. pol. Nyárádszereda. – Családja nemességét I Rákóczi György fejedelemtől és I. Lipót kir.-tól kapta. Középisk. Mv.-en, a jogot Kv.-on végezte. Marostordamegye Régeni alsó járás szolgabírája (1892), később a marosi alsójárás szolgabírája, majd t. főszolgabírói címmel újra a régeni alsójárás szolgabírójának válsztották; a nyárádszeredai járás főszolgabírója [&hellip;]</p>
