{"id":16319,"date":"2025-07-15T16:12:40","date_gmt":"2025-07-15T14:12:40","guid":{"rendered":"https:\/\/uj.adatbank.ro\/lexikon\/termek\/nagy-jozsef-magyarsaros-berkeszi\/"},"modified":"2025-07-15T16:12:40","modified_gmt":"2025-07-15T14:12:40","slug":"nagy-jozsef-magyarsaros-berkeszi","status":"publish","type":"product","link":"https:\/\/uj.adatbank.ro\/lexikon\/termek\/nagy-jozsef-magyarsaros-berkeszi\/","title":{"rendered":"NAGY J\u00f3zsef, magyars\u00e1ros-berkeszi"},"content":{"rendered":"<p>1774.? \u2020 Mv., 1859. szept. 6.: \u00f3r\u00e1sm\u0171v\u00e9sz. \u2013 Feles\u00e9ge: szatm\u00e1ri Pap Zsuzs\u00e1nna. Le\u00e1nyaik: Anna Dobolyi S\u00e1ndorn\u00e9; N. Zsuzs\u00e1nna dr. Engel J\u00f3zsefn\u00e9. \u2013 H\u00e1ztulajdonos, marosszentkir\u00e1lyi f\u00f6ldbirtokos, ezermester. <br \/><strong>Irod.:<\/strong> Gy\u00e1szjelent\u0151; Genersichek<\/br><\/p>\n","protected":false},"excerpt":{"rendered":"<p>1774.? \u2020 Mv., 1859. szept. 6.: \u00f3r\u00e1sm\u0171v\u00e9sz. \u2013 Feles\u00e9ge: szatm\u00e1ri Pap Zsuzs\u00e1nna. Le\u00e1nyaik: Anna Dobolyi S\u00e1ndorn\u00e9; N. Zsuzs\u00e1nna dr. Engel J\u00f3zsefn\u00e9. \u2013 H\u00e1ztulajdonos, marosszentkir\u00e1lyi f\u00f6ldbirtokos, ezermester. Irod.: Gy\u00e1szjelent\u0151; Genersichek<\/p>\n","protected":false},"featured_media":0,"comment_status":"open","ping_status":"closed","template":"","meta":[],"product_brand":[],"product_cat":[137],"product_tag":[],"class_list":{"0":"post-16319","1":"product","2":"type-product","3":"status-publish","5":"product_cat-maros-megyei-eletrajzi-lexikon","7":"first","8":"instock","9":"shipping-taxable","10":"product-type-simple"},"_links":{"self":[{"href":"https:\/\/uj.adatbank.ro\/lexikon\/wp-json\/wp\/v2\/product\/16319","targetHints":{"allow":["GET"]}}],"collection":[{"href":"https:\/\/uj.adatbank.ro\/lexikon\/wp-json\/wp\/v2\/product"}],"about":[{"href":"https:\/\/uj.adatbank.ro\/lexikon\/wp-json\/wp\/v2\/types\/product"}],"replies":[{"embeddable":true,"href":"https:\/\/uj.adatbank.ro\/lexikon\/wp-json\/wp\/v2\/comments?post=16319"}],"wp:attachment":[{"href":"https:\/\/uj.adatbank.ro\/lexikon\/wp-json\/wp\/v2\/media?parent=16319"}],"wp:term":[{"taxonomy":"product_brand","embeddable":true,"href":"https:\/\/uj.adatbank.ro\/lexikon\/wp-json\/wp\/v2\/product_brand?post=16319"},{"taxonomy":"product_cat","embeddable":true,"href":"https:\/\/uj.adatbank.ro\/lexikon\/wp-json\/wp\/v2\/product_cat?post=16319"},{"taxonomy":"product_tag","embeddable":true,"href":"https:\/\/uj.adatbank.ro\/lexikon\/wp-json\/wp\/v2\/product_tag?post=16319"}],"curies":[{"name":"wp","href":"https:\/\/api.w.org\/{rel}","templated":true}]}}