{"id":1633,"date":"2025-06-28T11:48:19","date_gmt":"2025-06-28T09:48:19","guid":{"rendered":"https:\/\/uj.adatbank.ro\/lexikon\/termek\/ady-janos-ady-ioan\/"},"modified":"2025-06-28T11:48:19","modified_gmt":"2025-06-28T09:48:19","slug":"ady-janos-ady-ioan","status":"publish","type":"product","link":"https:\/\/uj.adatbank.ro\/lexikon\/termek\/ady-janos-ady-ioan\/","title":{"rendered":"ADY J\u00e1nos; Ady Ioan"},"content":{"rendered":"<p>? \u2020 ? : tan\u00e1r. \u2013 T\u00f6rt\u00e9nelem szakos tan\u00e1r, Sz\u00e1szr\u00e9genben az 1. sz. elemi iskol\u00e1ban tan\u00edtott (1966\u201367), a Securitate emberei megfigyelt\u00e9k, leveleit ellen\u0151r\u00edzt\u00e9k. <br \/><strong>Irod.:<\/strong> Bartos 2012<\/br><\/p>\n","protected":false},"excerpt":{"rendered":"<p>? \u2020 ? : tan\u00e1r. \u2013 T\u00f6rt\u00e9nelem szakos tan\u00e1r, Sz\u00e1szr\u00e9genben az 1. sz. elemi iskol\u00e1ban tan\u00edtott (1966\u201367), a Securitate emberei megfigyelt\u00e9k, leveleit ellen\u0151r\u00edzt\u00e9k. Irod.: Bartos 2012<\/p>\n","protected":false},"featured_media":0,"comment_status":"open","ping_status":"closed","template":"","meta":[],"product_brand":[],"product_cat":[137],"product_tag":[],"class_list":{"0":"post-1633","1":"product","2":"type-product","3":"status-publish","5":"product_cat-maros-megyei-eletrajzi-lexikon","7":"first","8":"instock","9":"shipping-taxable","10":"product-type-simple"},"_links":{"self":[{"href":"https:\/\/uj.adatbank.ro\/lexikon\/wp-json\/wp\/v2\/product\/1633","targetHints":{"allow":["GET"]}}],"collection":[{"href":"https:\/\/uj.adatbank.ro\/lexikon\/wp-json\/wp\/v2\/product"}],"about":[{"href":"https:\/\/uj.adatbank.ro\/lexikon\/wp-json\/wp\/v2\/types\/product"}],"replies":[{"embeddable":true,"href":"https:\/\/uj.adatbank.ro\/lexikon\/wp-json\/wp\/v2\/comments?post=1633"}],"wp:attachment":[{"href":"https:\/\/uj.adatbank.ro\/lexikon\/wp-json\/wp\/v2\/media?parent=1633"}],"wp:term":[{"taxonomy":"product_brand","embeddable":true,"href":"https:\/\/uj.adatbank.ro\/lexikon\/wp-json\/wp\/v2\/product_brand?post=1633"},{"taxonomy":"product_cat","embeddable":true,"href":"https:\/\/uj.adatbank.ro\/lexikon\/wp-json\/wp\/v2\/product_cat?post=1633"},{"taxonomy":"product_tag","embeddable":true,"href":"https:\/\/uj.adatbank.ro\/lexikon\/wp-json\/wp\/v2\/product_tag?post=1633"}],"curies":[{"name":"wp","href":"https:\/\/api.w.org\/{rel}","templated":true}]}}