{"id":16332,"date":"2025-07-15T16:13:06","date_gmt":"2025-07-15T14:13:06","guid":{"rendered":"https:\/\/uj.adatbank.ro\/lexikon\/termek\/nagy-karoly-2\/"},"modified":"2025-07-15T16:13:06","modified_gmt":"2025-07-15T14:13:06","slug":"nagy-karoly-2","status":"publish","type":"product","link":"https:\/\/uj.adatbank.ro\/lexikon\/termek\/nagy-karoly-2\/","title":{"rendered":"NAGY K\u00e1roly"},"content":{"rendered":"<p>? \u2020 ?: tan\u00edt\u00f3. \u2013 S\u00e1romberk\u00e9n tan\u00edtott (1905\u201321). Ha \u00e1tker\u00fclt \u00c1kosfalv\u00e1ra, akkor val\u00f3sz\u00edn\u0171, hogy 1880-ban sz\u00fcletett. \u00c1kosfalv\u00e1n tagja volt az 1905-ben l\u00e9tes\u00fclt \u00ab k\u00f6rzeti \u00ab zenekarnak., a k\u00f6rny\u00e9kbeli falvak zenekedvel\u0151ib\u0151l verbuv\u00e1l\u00f3dott m\u0171kedvel\u0151 zen\u00e9szek csal\u00e1di \u00f6sszej\u00f6veteleken, b\u00e1lokon, n\u00e9vnapokon muzsik\u00e1ltak. A tagok k\u00f6z\u00e9 tartozott Hargitai Rudolf is (97 \u00e9ves, mv.-i) <br \/><strong>Irod.:<\/strong> Az olvas\u00f3 \u00edrja: K. Kiss Ferenc, Mv. (\u00daj \u00c9let, 18. sz., 1975); S\u00e1romberke<\/br><\/p>\n","protected":false},"excerpt":{"rendered":"<p>? \u2020 ?: tan\u00edt\u00f3. \u2013 S\u00e1romberk\u00e9n tan\u00edtott (1905\u201321). Ha \u00e1tker\u00fclt \u00c1kosfalv\u00e1ra, akkor val\u00f3sz\u00edn\u0171, hogy 1880-ban sz\u00fcletett. \u00c1kosfalv\u00e1n tagja volt az 1905-ben l\u00e9tes\u00fclt \u00ab k\u00f6rzeti \u00ab zenekarnak., a k\u00f6rny\u00e9kbeli falvak zenekedvel\u0151ib\u0151l verbuv\u00e1l\u00f3dott m\u0171kedvel\u0151 zen\u00e9szek csal\u00e1di \u00f6sszej\u00f6veteleken, b\u00e1lokon, n\u00e9vnapokon muzsik\u00e1ltak. A tagok k\u00f6z\u00e9 tartozott Hargitai Rudolf is (97 \u00e9ves, mv.-i) Irod.: Az olvas\u00f3 \u00edrja: K. Kiss Ferenc, [&hellip;]<\/p>\n","protected":false},"featured_media":0,"comment_status":"open","ping_status":"closed","template":"","meta":[],"product_brand":[],"product_cat":[137],"product_tag":[],"class_list":{"0":"post-16332","1":"product","2":"type-product","3":"status-publish","5":"product_cat-maros-megyei-eletrajzi-lexikon","7":"first","8":"instock","9":"shipping-taxable","10":"product-type-simple"},"_links":{"self":[{"href":"https:\/\/uj.adatbank.ro\/lexikon\/wp-json\/wp\/v2\/product\/16332","targetHints":{"allow":["GET"]}}],"collection":[{"href":"https:\/\/uj.adatbank.ro\/lexikon\/wp-json\/wp\/v2\/product"}],"about":[{"href":"https:\/\/uj.adatbank.ro\/lexikon\/wp-json\/wp\/v2\/types\/product"}],"replies":[{"embeddable":true,"href":"https:\/\/uj.adatbank.ro\/lexikon\/wp-json\/wp\/v2\/comments?post=16332"}],"wp:attachment":[{"href":"https:\/\/uj.adatbank.ro\/lexikon\/wp-json\/wp\/v2\/media?parent=16332"}],"wp:term":[{"taxonomy":"product_brand","embeddable":true,"href":"https:\/\/uj.adatbank.ro\/lexikon\/wp-json\/wp\/v2\/product_brand?post=16332"},{"taxonomy":"product_cat","embeddable":true,"href":"https:\/\/uj.adatbank.ro\/lexikon\/wp-json\/wp\/v2\/product_cat?post=16332"},{"taxonomy":"product_tag","embeddable":true,"href":"https:\/\/uj.adatbank.ro\/lexikon\/wp-json\/wp\/v2\/product_tag?post=16332"}],"curies":[{"name":"wp","href":"https:\/\/api.w.org\/{rel}","templated":true}]}}

NAGY Károly

<p>? † ?: tanító. – Sáromberkén tanított (1905–21). Ha átkerült Ákosfalvára, akkor valószínű, hogy 1880-ban született. Ákosfalván tagja volt az 1905-ben létesült « körzeti « zenekarnak., a környékbeli falvak zenekedvelőiből verbuválódott műkedvelő zenészek családi összejöveteleken, bálokon, névnapokon muzsikáltak. A tagok közé tartozott Hargitai Rudolf is (97 éves, mv.-i) <br /><strong>Irod.:</strong> Az olvasó írja: K. Kiss Ferenc, Mv. (Új Élet, 18. sz., 1975); Sáromberke</br></p>

<p>? † ?: tanító. – Sáromberkén tanított (1905–21). Ha átkerült Ákosfalvára, akkor valószínű, hogy 1880-ban született. Ákosfalván tagja volt az 1905-ben létesült « körzeti « zenekarnak., a környékbeli falvak zenekedvelőiből verbuválódott műkedvelő zenészek családi összejöveteleken, bálokon, névnapokon muzsikáltak. A tagok közé tartozott Hargitai Rudolf is (97 éves, mv.-i) Irod.: Az olvasó írja: K. Kiss Ferenc, [&hellip;]</p>
