{"id":16334,"date":"2025-07-15T16:13:11","date_gmt":"2025-07-15T14:13:11","guid":{"rendered":"https:\/\/uj.adatbank.ro\/lexikon\/termek\/nagy-karoly-%c2%a7kopeczi\/"},"modified":"2025-07-15T16:13:11","modified_gmt":"2025-07-15T14:13:11","slug":"nagy-karoly-%c2%a7kopeczi","status":"publish","type":"product","link":"https:\/\/uj.adatbank.ro\/lexikon\/termek\/nagy-karoly-%c2%a7kopeczi\/","title":{"rendered":"NAGY K\u00e1roly, \u00a7k\u00f6peczi"},"content":{"rendered":"<p>Sz\u00e1szr\u00e9gen, 1871. febr. 8., \u2020 Mv., 1934. aug. 18.: d\u00edszm\u0171-b\u00e1dogos, v\u00edzvezet\u00e9k szerel\u0151 mester. \u2013 N. K\u00e1roly \u00e9s Nagy Anna fia. Feles\u00e9ge Petri Matild brass\u00f3i sz\u00e1sz l\u00e1ny. Le\u00e1nyaik: Matild, Korn\u00e9lia \u00e9s Friderika. \u2013 Pesten tanulta a d\u00edszm\u0171-b\u00e1dogos mesters\u00e9get (1880-as \u00e9vekben). Inas\u00e9vei \u00e9s felszabadul\u00e1sa ut\u00e1n beker\u00fclt a b\u00e1dogosok c\u00e9h\u00e9be \u00e9s \u00f6n\u00e1ll\u00f3 m\u0171helyt nyitott Bp.-en. Mv.-re k\u00f6lt\u00f6z\u00f6tt (1903) \u00e9s beind\u00edtotta m\u0171hely\u00e9t, a v\u00edzvezet\u00e9k \u00e9s csatornav\u00e1llalatot 34 alkalmazottal (a Kossuth u. 26 sz. alatti h\u00e1z\u00e1ban; 1905). Bern\u00e1dy Gy\u00f6rgy polg\u00e1rmester idej\u00e9ben megkezd\u0151d\u00f6tt a v\u00e1rosfejleszt\u00e9s, amelynek egyik els\u0151 megval\u00f3s\u00edt\u00e1sa a V\u00e1rosh\u00e1za \u00e9p\u00edt\u00e9se (1906\u201308), valamint a v\u00e1ros k\u00f6zm\u0171ves\u00edt\u00e9se. R\u00e9szt v\u00e1llalt minden \u00e9p\u00edtkez\u00e9si munk\u00e1ban, a b\u00e1dogos munk\u00e1k mellett v\u00e9gzett csatorn\u00e1z\u00e1st, a v\u00edzvezet\u00e9k-rendszeret, g\u00e1z \u2013 \u00e9s g\u00e1zolaj-vil\u00e1g\u00edt\u00e1st \u00e9s k\u00f6zponti f\u0171t\u00e9st tervezett \u00e9s szerelt. Elk\u00e9sz\u00edtette \u00e9s felrakta a b\u00e1dogd\u00edszeket a V\u00e1rosh\u00e1z\u00e1ra (a nagytoronyra bronznapot, a kistoronyra egy holdat, ami ma m\u00e1r nem l\u00e1that\u00f3), a volt rend\u0151rs\u00e9g \u00e9p\u00fclet\u00e9re, a valamikori Aranykereszt vend\u00e9gfogad\u00f3ra (n\u00e9gy b\u00e1doghatty\u00fa), a Ref. Koll.-ra, elk\u00e9sz\u00edtette a f\u0151t\u00e9ri g. kat. \u00e9s g. keleti templom keresztjeit. 3000 \u2013 n\u00e9l is t\u00f6bb lak\u00e1sba vezette be a vizet.A koll. mell\u00e9k\u00e9p\u00fcleteinek a munk\u00e1latait a f\u0151\u00e9p\u00fclettel egyszerre kezdt\u00e9k (1908), a v\u00edzvezet\u00e9ki \u00e9s csatorn\u00e1z\u00e1si munk\u00e1latait v\u00e9gezte el. A V\u00e1rosh\u00e1za \u00e9s M\u0171vel\u0151d\u00e9si Palota befejez\u00e9se ut\u00e1n szerepelt azon a t\u00e1bl\u00e1n, amelyen meg\u00f6r\u00f6k\u00edtett\u00e9k az ott dolgozottak nev\u00e9t (az 50-es \u00e9vekben a t\u00e1bla elt\u0171nt). Bel\u00e9pett v\u00e1llalat\u00e1ba veje, Ol\u00e1h R\u00f3bert g\u00e9p\u00e9szm\u00e9rn\u00f6k (1925\u2013), aki g\u00e1zszerel\u0151 \u00e9s k\u00f6zpontif\u0171t\u00e9s-tervez\u0151 volt, \u0151 ir\u00e1ny\u00edtotta az \u00fczemet az \u00e1llamos\u00edt\u00e1sig (1948). V\u00e1rosi t\u00f6rv\u00e9nyhat\u00f3s\u00e1gi bizotts\u00e1gi tag, presbiter. Mv. d\u00edszpolg\u00e1ra. <br \/><strong>Irod.:<\/strong> csal\u00e1di inf. Ol\u00e1h-G\u00e1l R\u00f3bertt\u0151l; Kereszetes Gyula: Szecesszi\u00f3 Mv.-en 4.: A V\u00e1rosh\u00e1za (N\u00fa., 1991. okt. 26.); Maros megyei m.-s\u00e1g.4.; Mv.-Bal\u00e1s; Mv. r\u00e9gi V\u00e1rosh\u00e1za; Ol\u00e1h-G\u00e1l R\u00f3bert: Egy k\u00fcl\u00f6n\u00f6s gyergy\u00f3alfalvi t\u00f6rt\u00e9net nyom\u00e1ban (Sz\u00e9kelyf\u00f6ld, 11. sz., 2012); Ol\u00e1h-G\u00e1l R\u00f3bert: N. K. d\u00edszm\u0171b\u00e1dogos mester (N\u00fa., Sz\u00ednes Vil\u00e1g, 2009. aug. 22.); Oniga Erika: A marosv\u00e1s\u00e1rhelyi Reform\u00e1tus Koll\u00e9gium Nagy Gy\u0151z\u0151 \u00e1ltal tervezett mell\u00e9k\u00e9p\u00fcletei (1908\u20131911) = T\u00e1gul\u00f3 horizont; Sipos; Szentgy\u00f6rgyi<\/br><\/p>\n","protected":false},"excerpt":{"rendered":"<p>Sz\u00e1szr\u00e9gen, 1871. febr. 8., \u2020 Mv., 1934. aug. 18.: d\u00edszm\u0171-b\u00e1dogos, v\u00edzvezet\u00e9k szerel\u0151 mester. \u2013 N. K\u00e1roly \u00e9s Nagy Anna fia. Feles\u00e9ge Petri Matild brass\u00f3i sz\u00e1sz l\u00e1ny. Le\u00e1nyaik: Matild, Korn\u00e9lia \u00e9s Friderika. \u2013 Pesten tanulta a d\u00edszm\u0171-b\u00e1dogos mesters\u00e9get (1880-as \u00e9vekben). Inas\u00e9vei \u00e9s felszabadul\u00e1sa ut\u00e1n beker\u00fclt a b\u00e1dogosok c\u00e9h\u00e9be \u00e9s \u00f6n\u00e1ll\u00f3 m\u0171helyt nyitott Bp.-en. Mv.-re k\u00f6lt\u00f6z\u00f6tt (1903) [&hellip;]<\/p>\n","protected":false},"featured_media":0,"comment_status":"open","ping_status":"closed","template":"","meta":[],"product_brand":[],"product_cat":[137],"product_tag":[],"class_list":{"0":"post-16334","1":"product","2":"type-product","3":"status-publish","5":"product_cat-maros-megyei-eletrajzi-lexikon","7":"first","8":"instock","9":"shipping-taxable","10":"product-type-simple"},"_links":{"self":[{"href":"https:\/\/uj.adatbank.ro\/lexikon\/wp-json\/wp\/v2\/product\/16334","targetHints":{"allow":["GET"]}}],"collection":[{"href":"https:\/\/uj.adatbank.ro\/lexikon\/wp-json\/wp\/v2\/product"}],"about":[{"href":"https:\/\/uj.adatbank.ro\/lexikon\/wp-json\/wp\/v2\/types\/product"}],"replies":[{"embeddable":true,"href":"https:\/\/uj.adatbank.ro\/lexikon\/wp-json\/wp\/v2\/comments?post=16334"}],"wp:attachment":[{"href":"https:\/\/uj.adatbank.ro\/lexikon\/wp-json\/wp\/v2\/media?parent=16334"}],"wp:term":[{"taxonomy":"product_brand","embeddable":true,"href":"https:\/\/uj.adatbank.ro\/lexikon\/wp-json\/wp\/v2\/product_brand?post=16334"},{"taxonomy":"product_cat","embeddable":true,"href":"https:\/\/uj.adatbank.ro\/lexikon\/wp-json\/wp\/v2\/product_cat?post=16334"},{"taxonomy":"product_tag","embeddable":true,"href":"https:\/\/uj.adatbank.ro\/lexikon\/wp-json\/wp\/v2\/product_tag?post=16334"}],"curies":[{"name":"wp","href":"https:\/\/api.w.org\/{rel}","templated":true}]}}

NAGY Károly, §köpeczi

<p>Szászrégen, 1871. febr. 8., † Mv., 1934. aug. 18.: díszmű-bádogos, vízvezeték szerelő mester. – N. Károly és Nagy Anna fia. Felesége Petri Matild brassói szász lány. Leányaik: Matild, Kornélia és Friderika. – Pesten tanulta a díszmű-bádogos mesterséget (1880-as években). Inasévei és felszabadulása után bekerült a bádogosok céhébe és önálló műhelyt nyitott Bp.-en. Mv.-re költözött (1903) és beindította műhelyét, a vízvezeték és csatornavállalatot 34 alkalmazottal (a Kossuth u. 26 sz. alatti házában; 1905). Bernády György polgármester idejében megkezdődött a városfejlesztés, amelynek egyik első megvalósítása a Városháza építése (1906–08), valamint a város közművesítése. Részt vállalt minden építkezési munkában, a bádogos munkák mellett végzett csatornázást, a vízvezeték-rendszeret, gáz – és gázolaj-világítást és központi fűtést tervezett és szerelt. Elkészítette és felrakta a bádogdíszeket a Városházára (a nagytoronyra bronznapot, a kistoronyra egy holdat, ami ma már nem látható), a volt rendőrség épületére, a valamikori Aranykereszt vendégfogadóra (négy bádoghattyú), a Ref. Koll.-ra, elkészítette a főtéri g. kat. és g. keleti templom keresztjeit. 3000 – nél is több lakásba vezette be a vizet.A koll. melléképületeinek a munkálatait a főépülettel egyszerre kezdték (1908), a vízvezetéki és csatornázási munkálatait végezte el. A Városháza és Művelődési Palota befejezése után szerepelt azon a táblán, amelyen megörökítették az ott dolgozottak nevét (az 50-es években a tábla eltűnt). Belépett vállalatába veje, Oláh Róbert gépészmérnök (1925–), aki gázszerelő és központifűtés-tervező volt, ő irányította az üzemet az államosításig (1948). Városi törvényhatósági bizottsági tag, presbiter. Mv. díszpolgára. <br /><strong>Irod.:</strong> családi inf. Oláh-Gál Róberttől; Kereszetes Gyula: Szecesszió Mv.-en 4.: A Városháza (Nú., 1991. okt. 26.); Maros megyei m.-ság.4.; Mv.-Balás; Mv. régi Városháza; Oláh-Gál Róbert: Egy különös gyergyóalfalvi történet nyomában (Székelyföld, 11. sz., 2012); Oláh-Gál Róbert: N. K. díszműbádogos mester (Nú., Színes Világ, 2009. aug. 22.); Oniga Erika: A marosvásárhelyi Református Kollégium Nagy Győző által tervezett melléképületei (1908–1911) = Táguló horizont; Sipos; Szentgyörgyi</br></p>

<p>Szászrégen, 1871. febr. 8., † Mv., 1934. aug. 18.: díszmű-bádogos, vízvezeték szerelő mester. – N. Károly és Nagy Anna fia. Felesége Petri Matild brassói szász lány. Leányaik: Matild, Kornélia és Friderika. – Pesten tanulta a díszmű-bádogos mesterséget (1880-as években). Inasévei és felszabadulása után bekerült a bádogosok céhébe és önálló műhelyt nyitott Bp.-en. Mv.-re költözött (1903) [&hellip;]</p>
