{"id":16337,"date":"2025-07-15T16:13:15","date_gmt":"2025-07-15T14:13:15","guid":{"rendered":"https:\/\/uj.adatbank.ro\/lexikon\/termek\/nagy-katalin-maria-szarvady-katalin-maria\/"},"modified":"2025-07-15T16:13:15","modified_gmt":"2025-07-15T14:13:15","slug":"nagy-katalin-maria-szarvady-katalin-maria","status":"publish","type":"product","link":"https:\/\/uj.adatbank.ro\/lexikon\/termek\/nagy-katalin-maria-szarvady-katalin-maria\/","title":{"rendered":"NAGY Katalin M\u00e1ria; Szarvady Katalin M\u00e1ria"},"content":{"rendered":"<p>Szatm\u00e1rn\u00e9meti, 1929. m\u00e1j. 12., \u2020 ?: zenetan\u00e1r. \u2013 Szatm\u00e1ron \u00e9retts\u00e9gizett (1948); Kv.-on szerzett zenetan\u00e1ri k\u00e9pes\u00edt\u00e9st (1954) a Gh. Dima Zenem\u0171v\u00e9szeti F\u0151iskol\u00e1n. Mv.-en a Filharm\u00f3nia m\u0171v\u00e9szeti titk\u00e1ra (1954\u201355); az Unirea L\u00edc. zenetan\u00e1ra (1955\u201359); a N\u00e9pm\u0171v\u00e9szeti Iskola szolf\u00e9zstan\u00e1ra (1959\u201362); a M\u0171v\u00e9szeti L\u00edc. szolf\u00e9zs \u2013 \u00e9s zenet\u00f6rt\u00e9net tan\u00e1ra (1962\u201384). A Mv.-i R\u00e1di\u00f3 \u00c9nek\u00f3r\u00e1ja c. m\u0171sor\u00e1nak munkat\u00e1rsa (1969\u201378). <br \/><strong>Irod.:<\/strong> <strong>t\u00e1rssz.:<\/strong> \u00c9nek-zene Tank\u00f6nyv az \u00e1ltal\u00e1nos iskol\u00e1l III-IV. oszt. sz\u00e1m\u00e1ra (Verest\u00fc\u00f3i Ilon\u00e1val; Buk., 1972 \u2013 1991; 19 kiad\u00e1s). \u2013 Irod : KKACs, R\u00e9thy\u2013\u00dajv\u00e1ri\u2013V\u00e1czi<\/br><\/p>\n","protected":false},"excerpt":{"rendered":"<p>Szatm\u00e1rn\u00e9meti, 1929. m\u00e1j. 12., \u2020 ?: zenetan\u00e1r. \u2013 Szatm\u00e1ron \u00e9retts\u00e9gizett (1948); Kv.-on szerzett zenetan\u00e1ri k\u00e9pes\u00edt\u00e9st (1954) a Gh. Dima Zenem\u0171v\u00e9szeti F\u0151iskol\u00e1n. Mv.-en a Filharm\u00f3nia m\u0171v\u00e9szeti titk\u00e1ra (1954\u201355); az Unirea L\u00edc. zenetan\u00e1ra (1955\u201359); a N\u00e9pm\u0171v\u00e9szeti Iskola szolf\u00e9zstan\u00e1ra (1959\u201362); a M\u0171v\u00e9szeti L\u00edc. szolf\u00e9zs \u2013 \u00e9s zenet\u00f6rt\u00e9net tan\u00e1ra (1962\u201384). A Mv.-i R\u00e1di\u00f3 \u00c9nek\u00f3r\u00e1ja c. m\u0171sor\u00e1nak munkat\u00e1rsa (1969\u201378). Irod.: [&hellip;]<\/p>\n","protected":false},"featured_media":0,"comment_status":"open","ping_status":"closed","template":"","meta":[],"product_brand":[],"product_cat":[137],"product_tag":[],"class_list":{"0":"post-16337","1":"product","2":"type-product","3":"status-publish","5":"product_cat-maros-megyei-eletrajzi-lexikon","7":"first","8":"instock","9":"shipping-taxable","10":"product-type-simple"},"_links":{"self":[{"href":"https:\/\/uj.adatbank.ro\/lexikon\/wp-json\/wp\/v2\/product\/16337","targetHints":{"allow":["GET"]}}],"collection":[{"href":"https:\/\/uj.adatbank.ro\/lexikon\/wp-json\/wp\/v2\/product"}],"about":[{"href":"https:\/\/uj.adatbank.ro\/lexikon\/wp-json\/wp\/v2\/types\/product"}],"replies":[{"embeddable":true,"href":"https:\/\/uj.adatbank.ro\/lexikon\/wp-json\/wp\/v2\/comments?post=16337"}],"wp:attachment":[{"href":"https:\/\/uj.adatbank.ro\/lexikon\/wp-json\/wp\/v2\/media?parent=16337"}],"wp:term":[{"taxonomy":"product_brand","embeddable":true,"href":"https:\/\/uj.adatbank.ro\/lexikon\/wp-json\/wp\/v2\/product_brand?post=16337"},{"taxonomy":"product_cat","embeddable":true,"href":"https:\/\/uj.adatbank.ro\/lexikon\/wp-json\/wp\/v2\/product_cat?post=16337"},{"taxonomy":"product_tag","embeddable":true,"href":"https:\/\/uj.adatbank.ro\/lexikon\/wp-json\/wp\/v2\/product_tag?post=16337"}],"curies":[{"name":"wp","href":"https:\/\/api.w.org\/{rel}","templated":true}]}}

NAGY Katalin Mária; Szarvady Katalin Mária

<p>Szatmárnémeti, 1929. máj. 12., † ?: zenetanár. – Szatmáron érettségizett (1948); Kv.-on szerzett zenetanári képesítést (1954) a Gh. Dima Zeneművészeti Főiskolán. Mv.-en a Filharmónia művészeti titkára (1954–55); az Unirea Líc. zenetanára (1955–59); a Népművészeti Iskola szolfézstanára (1959–62); a Művészeti Líc. szolfézs – és zenetörténet tanára (1962–84). A Mv.-i Rádió Énekórája c. műsorának munkatársa (1969–78). <br /><strong>Irod.:</strong> <strong>társsz.:</strong> Ének-zene Tankönyv az általános iskolál III-IV. oszt. számára (Verestüói Ilonával; Buk., 1972 – 1991; 19 kiadás). – Irod : KKACs, Réthy–Újvári–Váczi</br></p>

<p>Szatmárnémeti, 1929. máj. 12., † ?: zenetanár. – Szatmáron érettségizett (1948); Kv.-on szerzett zenetanári képesítést (1954) a Gh. Dima Zeneművészeti Főiskolán. Mv.-en a Filharmónia művészeti titkára (1954–55); az Unirea Líc. zenetanára (1955–59); a Népművészeti Iskola szolfézstanára (1959–62); a Művészeti Líc. szolfézs – és zenetörténet tanára (1962–84). A Mv.-i Rádió Énekórája c. műsorának munkatársa (1969–78). Irod.: [&hellip;]</p>
