{"id":16338,"date":"2025-07-15T16:13:17","date_gmt":"2025-07-15T14:13:17","guid":{"rendered":"https:\/\/uj.adatbank.ro\/lexikon\/termek\/nagy-katalin-boga-katalin\/"},"modified":"2025-07-15T16:13:17","modified_gmt":"2025-07-15T14:13:17","slug":"nagy-katalin-boga-katalin","status":"publish","type":"product","link":"https:\/\/uj.adatbank.ro\/lexikon\/termek\/nagy-katalin-boga-katalin\/","title":{"rendered":"NAGY Katalin; Boga Katalin"},"content":{"rendered":"<p>D\u00e9va, 1929. dec. 24. \u2020 ?: b\u00e1bsz\u00edn\u00e9sz. \u2013A k\u00f6z\u00e9piskol\u00e1t Sepsiszentgy\u00f6rgy\u00f6n a Sz\u00e9kely Mik\u00f3 Liceumban v\u00e9gezte (1948). A mv.-i B\u00e1bsz\u00ednh\u00e1z m\u0171v\u00e9sze (1953\u20138?). A Mv.-i R\u00e1di\u00f3 gyermekad\u00e1s\u00e1ban \u00e9vekig a Post\u00e1s Jank\u00f3 szerep\u00e9t j\u00e1tszotta. \u2013 <strong>F. sz.:<\/strong> Cs\u00e1sz\u00e1rn\u00e9 (H\u00e1ri J\u00e1nos); Imeraldina (Gozzi: Szarvaskir\u00e1ly); Gonosz mostoha (J\u00e1nos Vit\u00e9z); Nicole (Moliere: \u00darhatn\u00e1m polg\u00e1r); Kir\u00e1lyn\u0151 (Grimm: H\u00f3feh\u00e9rke); Ilma (V\u00f6r\u00f6smarty: Csongor \u00e9s T\u00fcnde); Tyltyl (Maeterlinck: K\u00e9k mad\u00e1r); c\u00edmszerepek: Tolsztoj A.: Buratino; Kipling: A kiv\u00e1ncsi elef\u00e1ntk\u00f6ly\u00f6k, Andersen: A r\u00fat kis kacsa; Milne: Mici Mack\u00f3. <br \/><strong>Irod.:<\/strong> Ariel; KKACs<\/br><\/p>\n","protected":false},"excerpt":{"rendered":"<p>D\u00e9va, 1929. dec. 24. \u2020 ?: b\u00e1bsz\u00edn\u00e9sz. \u2013A k\u00f6z\u00e9piskol\u00e1t Sepsiszentgy\u00f6rgy\u00f6n a Sz\u00e9kely Mik\u00f3 Liceumban v\u00e9gezte (1948). A mv.-i B\u00e1bsz\u00ednh\u00e1z m\u0171v\u00e9sze (1953\u20138?). A Mv.-i R\u00e1di\u00f3 gyermekad\u00e1s\u00e1ban \u00e9vekig a Post\u00e1s Jank\u00f3 szerep\u00e9t j\u00e1tszotta. \u2013 F. sz.: Cs\u00e1sz\u00e1rn\u00e9 (H\u00e1ri J\u00e1nos); Imeraldina (Gozzi: Szarvaskir\u00e1ly); Gonosz mostoha (J\u00e1nos Vit\u00e9z); Nicole (Moliere: \u00darhatn\u00e1m polg\u00e1r); Kir\u00e1lyn\u0151 (Grimm: H\u00f3feh\u00e9rke); Ilma (V\u00f6r\u00f6smarty: Csongor \u00e9s [&hellip;]<\/p>\n","protected":false},"featured_media":0,"comment_status":"open","ping_status":"closed","template":"","meta":[],"product_brand":[],"product_cat":[137],"product_tag":[],"class_list":{"0":"post-16338","1":"product","2":"type-product","3":"status-publish","5":"product_cat-maros-megyei-eletrajzi-lexikon","7":"first","8":"instock","9":"shipping-taxable","10":"product-type-simple"},"_links":{"self":[{"href":"https:\/\/uj.adatbank.ro\/lexikon\/wp-json\/wp\/v2\/product\/16338","targetHints":{"allow":["GET"]}}],"collection":[{"href":"https:\/\/uj.adatbank.ro\/lexikon\/wp-json\/wp\/v2\/product"}],"about":[{"href":"https:\/\/uj.adatbank.ro\/lexikon\/wp-json\/wp\/v2\/types\/product"}],"replies":[{"embeddable":true,"href":"https:\/\/uj.adatbank.ro\/lexikon\/wp-json\/wp\/v2\/comments?post=16338"}],"wp:attachment":[{"href":"https:\/\/uj.adatbank.ro\/lexikon\/wp-json\/wp\/v2\/media?parent=16338"}],"wp:term":[{"taxonomy":"product_brand","embeddable":true,"href":"https:\/\/uj.adatbank.ro\/lexikon\/wp-json\/wp\/v2\/product_brand?post=16338"},{"taxonomy":"product_cat","embeddable":true,"href":"https:\/\/uj.adatbank.ro\/lexikon\/wp-json\/wp\/v2\/product_cat?post=16338"},{"taxonomy":"product_tag","embeddable":true,"href":"https:\/\/uj.adatbank.ro\/lexikon\/wp-json\/wp\/v2\/product_tag?post=16338"}],"curies":[{"name":"wp","href":"https:\/\/api.w.org\/{rel}","templated":true}]}}