{"id":16340,"date":"2025-07-15T16:13:23","date_gmt":"2025-07-15T14:13:23","guid":{"rendered":"https:\/\/uj.adatbank.ro\/lexikon\/termek\/nagy-klara-borsai-gr-bethlen-elekne\/"},"modified":"2025-07-15T16:13:23","modified_gmt":"2025-07-15T14:13:23","slug":"nagy-klara-borsai-gr-bethlen-elekne","status":"publish","type":"product","link":"https:\/\/uj.adatbank.ro\/lexikon\/termek\/nagy-klara-borsai-gr-bethlen-elekne\/","title":{"rendered":"NAGY Kl\u00e1ra, borsai, gr., Bethlen Elekn\u00e9"},"content":{"rendered":"<p>? \u2020 1691.Keresden temett\u00e9k el: borsai Nagy Tam\u00e1s \u00e9s Thoroczkai Kata le\u00e1nya. Bethlen Elek feles\u00e9ge (1678\u2013). T\u00f6bb gyermek\u00fck sz\u00fcletett, de csak Elek \u00e9rte meg a feln\u0151ttkort. A kv.-i unit. iskola t\u00e1mogat\u00f3ja volt.<br \/><strong>Irod.:<\/strong> \u00c1rva Bethlen K; Bicsok Zolt\u00e1n: Fondok \u00e9s gy\u0171jtem\u00e9nyek a Rom\u00e1n Orsz\u00e1gos Lev\u00e9lt\u00e1r Cs\u00edkszeredai Igazgat\u00f3s\u00e1g\u00e1nak kezel\u00e9s\u00e9ben 4. (\u00d6r\u00f6ks\u00e9g\u00fcnk, 4. sz., 2009); K\u00e9nosi-Uzoni; K\u00fck\u00fcll\u0151i Ref. Egyh\u00e1zm.1.<\/br><\/p>\n","protected":false},"excerpt":{"rendered":"<p>? \u2020 1691.Keresden temett\u00e9k el: borsai Nagy Tam\u00e1s \u00e9s Thoroczkai Kata le\u00e1nya. Bethlen Elek feles\u00e9ge (1678\u2013). T\u00f6bb gyermek\u00fck sz\u00fcletett, de csak Elek \u00e9rte meg a feln\u0151ttkort. A kv.-i unit. iskola t\u00e1mogat\u00f3ja volt.Irod.: \u00c1rva Bethlen K; Bicsok Zolt\u00e1n: Fondok \u00e9s gy\u0171jtem\u00e9nyek a Rom\u00e1n Orsz\u00e1gos Lev\u00e9lt\u00e1r Cs\u00edkszeredai Igazgat\u00f3s\u00e1g\u00e1nak kezel\u00e9s\u00e9ben 4. (\u00d6r\u00f6ks\u00e9g\u00fcnk, 4. sz., 2009); K\u00e9nosi-Uzoni; K\u00fck\u00fcll\u0151i Ref. [&hellip;]<\/p>\n","protected":false},"featured_media":0,"comment_status":"open","ping_status":"closed","template":"","meta":[],"product_brand":[],"product_cat":[137],"product_tag":[],"class_list":{"0":"post-16340","1":"product","2":"type-product","3":"status-publish","5":"product_cat-maros-megyei-eletrajzi-lexikon","7":"first","8":"instock","9":"shipping-taxable","10":"product-type-simple"},"_links":{"self":[{"href":"https:\/\/uj.adatbank.ro\/lexikon\/wp-json\/wp\/v2\/product\/16340","targetHints":{"allow":["GET"]}}],"collection":[{"href":"https:\/\/uj.adatbank.ro\/lexikon\/wp-json\/wp\/v2\/product"}],"about":[{"href":"https:\/\/uj.adatbank.ro\/lexikon\/wp-json\/wp\/v2\/types\/product"}],"replies":[{"embeddable":true,"href":"https:\/\/uj.adatbank.ro\/lexikon\/wp-json\/wp\/v2\/comments?post=16340"}],"wp:attachment":[{"href":"https:\/\/uj.adatbank.ro\/lexikon\/wp-json\/wp\/v2\/media?parent=16340"}],"wp:term":[{"taxonomy":"product_brand","embeddable":true,"href":"https:\/\/uj.adatbank.ro\/lexikon\/wp-json\/wp\/v2\/product_brand?post=16340"},{"taxonomy":"product_cat","embeddable":true,"href":"https:\/\/uj.adatbank.ro\/lexikon\/wp-json\/wp\/v2\/product_cat?post=16340"},{"taxonomy":"product_tag","embeddable":true,"href":"https:\/\/uj.adatbank.ro\/lexikon\/wp-json\/wp\/v2\/product_tag?post=16340"}],"curies":[{"name":"wp","href":"https:\/\/api.w.org\/{rel}","templated":true}]}}

NAGY Klára, borsai, gr., Bethlen Elekné

<p>? † 1691.Keresden temették el: borsai Nagy Tamás és Thoroczkai Kata leánya. Bethlen Elek felesége (1678–). Több gyermekük született, de csak Elek érte meg a felnőttkort. A kv.-i unit. iskola támogatója volt.<br /><strong>Irod.:</strong> Árva Bethlen K; Bicsok Zoltán: Fondok és gyűjtemények a Román Országos Levéltár Csíkszeredai Igazgatóságának kezelésében 4. (Örökségünk, 4. sz., 2009); Kénosi-Uzoni; Küküllői Ref. Egyházm.1.</br></p>

<p>? † 1691.Keresden temették el: borsai Nagy Tamás és Thoroczkai Kata leánya. Bethlen Elek felesége (1678–). Több gyermekük született, de csak Elek érte meg a felnőttkort. A kv.-i unit. iskola támogatója volt.Irod.: Árva Bethlen K; Bicsok Zoltán: Fondok és gyűjtemények a Román Országos Levéltár Csíkszeredai Igazgatóságának kezelésében 4. (Örökségünk, 4. sz., 2009); Kénosi-Uzoni; Küküllői Ref. [&hellip;]</p>
