{"id":16343,"date":"2025-07-15T16:13:30","date_gmt":"2025-07-15T14:13:30","guid":{"rendered":"https:\/\/uj.adatbank.ro\/lexikon\/termek\/nagy-lajos-2\/"},"modified":"2025-07-15T16:13:30","modified_gmt":"2025-07-15T14:13:30","slug":"nagy-lajos-2","status":"publish","type":"product","link":"https:\/\/uj.adatbank.ro\/lexikon\/termek\/nagy-lajos-2\/","title":{"rendered":"NAGY Lajos"},"content":{"rendered":"<p>1840.? \u2020 Mv., 1908. m\u00e1rc. 27. Sz\u00f6v\u00e9rden temett\u00e9k: tan\u00e1r. \u2013 Feles\u00e9ge: 1. Madaras Nina (1853.? \u2013 Mv., 1882. jan. 10. A sz\u00f6v\u00e9rdi s\u00edrkertbe temett\u00e9k). Gyermekeik: N. B\u00e9la, N. Endre, feles\u00e9ge Pa\u00e1l M\u00e1ria; 2. zilahi Sebess Izabella (1867.?, \u2020 Mv., 1938. \u00e1pr. 8. K\u00e1poszt\u00e1sszentmikl\u00f3son a csal\u00e1di s\u00edrkertben temett\u00e9k). Gyermekeik: N. Elvira; N. Izabella; dr. Nagy \u00d6d\u00f6n, feles\u00e9ge Gy\u00edkos Olga. \u2013 Magyar-n\u00e9met szakot v\u00e9gzett. A mv.-i m. kir. \u00e1llami polg\u00e1ri fi\u00faiskola tan\u00e1ra, aki az igazgat\u00f3i teend\u0151ket is ell\u00e1ta (1880\u2013), majd ideiglenes igazgat\u00f3v\u00e1 v\u00e1lsztott\u00e1k (1883\u201386), a Ref. Polg. Le\u00e1nyiskola igazgat\u00f3ja. A mv.-i ref. temet\u0151ben van az eml\u00e9km\u0171ve (1927), \u201eB\u201d kateg\u00f3ri\u00e1ba tartoz\u00f3 m\u0171eml\u00e9k <br \/><strong>Irod.:<\/strong> Gy\u00e1szjelent\u0151; Nemes, Sipos; Schack B\u00e9la: Kereskedelmi iskol\u00e1ink \u00e9s tan\u00e1rai a Millenium esztendej\u00e9ben (Bp., 1896); Valori mure\u015fene de patrimoniu<\/br><\/p>\n","protected":false},"excerpt":{"rendered":"<p>1840.? \u2020 Mv., 1908. m\u00e1rc. 27. Sz\u00f6v\u00e9rden temett\u00e9k: tan\u00e1r. \u2013 Feles\u00e9ge: 1. Madaras Nina (1853.? \u2013 Mv., 1882. jan. 10. A sz\u00f6v\u00e9rdi s\u00edrkertbe temett\u00e9k). Gyermekeik: N. B\u00e9la, N. Endre, feles\u00e9ge Pa\u00e1l M\u00e1ria; 2. zilahi Sebess Izabella (1867.?, \u2020 Mv., 1938. \u00e1pr. 8. K\u00e1poszt\u00e1sszentmikl\u00f3son a csal\u00e1di s\u00edrkertben temett\u00e9k). Gyermekeik: N. Elvira; N. Izabella; dr. Nagy \u00d6d\u00f6n, [&hellip;]<\/p>\n","protected":false},"featured_media":0,"comment_status":"open","ping_status":"closed","template":"","meta":[],"product_brand":[],"product_cat":[137],"product_tag":[],"class_list":{"0":"post-16343","1":"product","2":"type-product","3":"status-publish","5":"product_cat-maros-megyei-eletrajzi-lexikon","7":"first","8":"instock","9":"shipping-taxable","10":"product-type-simple"},"_links":{"self":[{"href":"https:\/\/uj.adatbank.ro\/lexikon\/wp-json\/wp\/v2\/product\/16343","targetHints":{"allow":["GET"]}}],"collection":[{"href":"https:\/\/uj.adatbank.ro\/lexikon\/wp-json\/wp\/v2\/product"}],"about":[{"href":"https:\/\/uj.adatbank.ro\/lexikon\/wp-json\/wp\/v2\/types\/product"}],"replies":[{"embeddable":true,"href":"https:\/\/uj.adatbank.ro\/lexikon\/wp-json\/wp\/v2\/comments?post=16343"}],"wp:attachment":[{"href":"https:\/\/uj.adatbank.ro\/lexikon\/wp-json\/wp\/v2\/media?parent=16343"}],"wp:term":[{"taxonomy":"product_brand","embeddable":true,"href":"https:\/\/uj.adatbank.ro\/lexikon\/wp-json\/wp\/v2\/product_brand?post=16343"},{"taxonomy":"product_cat","embeddable":true,"href":"https:\/\/uj.adatbank.ro\/lexikon\/wp-json\/wp\/v2\/product_cat?post=16343"},{"taxonomy":"product_tag","embeddable":true,"href":"https:\/\/uj.adatbank.ro\/lexikon\/wp-json\/wp\/v2\/product_tag?post=16343"}],"curies":[{"name":"wp","href":"https:\/\/api.w.org\/{rel}","templated":true}]}}

<p>1840.? † Mv., 1908. márc. 27. Szövérden temették: tanár. – Felesége: 1. Madaras Nina (1853.? – Mv., 1882. jan. 10. A szövérdi sírkertbe temették). Gyermekeik: N. Béla, N. Endre, felesége Paál Mária; 2. zilahi Sebess Izabella (1867.?, † Mv., 1938. ápr. 8. Káposztásszentmiklóson a családi sírkertben temették). Gyermekeik: N. Elvira; N. Izabella; dr. Nagy Ödön, felesége Gyíkos Olga. – Magyar-német szakot végzett. A mv.-i m. kir. állami polgári fiúiskola tanára, aki az igazgatói teendőket is elláta (1880–), majd ideiglenes igazgatóvá válsztották (1883–86), a Ref. Polg. Leányiskola igazgatója. A mv.-i ref. temetőben van az emlékműve (1927), „B” kategóriába tartozó műemlék <br /><strong>Irod.:</strong> Gyászjelentő; Nemes, Sipos; Schack Béla: Kereskedelmi iskoláink és tanárai a Millenium esztendejében (Bp., 1896); Valori mureşene de patrimoniu</br></p>

<p>1840.? † Mv., 1908. márc. 27. Szövérden temették: tanár. – Felesége: 1. Madaras Nina (1853.? – Mv., 1882. jan. 10. A szövérdi sírkertbe temették). Gyermekeik: N. Béla, N. Endre, felesége Paál Mária; 2. zilahi Sebess Izabella (1867.?, † Mv., 1938. ápr. 8. Káposztásszentmiklóson a családi sírkertben temették). Gyermekeik: N. Elvira; N. Izabella; dr. Nagy Ödön, [&hellip;]</p>
