{"id":16348,"date":"2025-07-15T16:13:39","date_gmt":"2025-07-15T14:13:39","guid":{"rendered":"https:\/\/uj.adatbank.ro\/lexikon\/termek\/nagy-lajos-7\/"},"modified":"2025-07-15T16:13:39","modified_gmt":"2025-07-15T14:13:39","slug":"nagy-lajos-7","status":"publish","type":"product","link":"https:\/\/uj.adatbank.ro\/lexikon\/termek\/nagy-lajos-7\/","title":{"rendered":"NAGY Lajos"},"content":{"rendered":"<p>Em\u0151d (Mo.), 1886. aug. 16., \u2020 ?: ref. lelk\u00e9sz. \u2013 Teol\u00f3giai tanulm\u00e1nyait S\u00e1rospatakon, Utrechtben \u00e9s Kv.-on v\u00e9gezte (1905\u201310). Ol\u00e1hdell\u0151 els\u0151 \u00f6n\u00e1ll\u00f3 lelk\u00e9sze (1911. aug. 6. \u2013 1913). Csejden szolg\u00e1lt (1913. dec.\u201319). Az I. vh.-ban az olasz fronton volt t\u00e1bori lelk\u00e9sz (1915\u201317). Az esperess\u00e9ghez int\u00e9zett panaszlevel\u00e9b\u0151l ismeretesek a front m\u00f6g\u00f6tti katonas\u00e1g \u00e1ltal okozott k\u00e1rok Csejden. Cikkei a S\u00e1rospataki Ref. Lapok (1915), Csal\u00e1d \u00e9s Iskol\u00e1ban (1916). <br \/><strong>Irod.:<\/strong> Csejd \u2013T\u00f3falva, Guly\u00e1s; Nemes Gyula: Szakr\u00e1lis eml\u00e9kek\u2026= P\u00e1l-Antal \u2013 Simon; Ol\u00e1hdell\u0151<\/br><\/p>\n","protected":false},"excerpt":{"rendered":"<p>Em\u0151d (Mo.), 1886. aug. 16., \u2020 ?: ref. lelk\u00e9sz. \u2013 Teol\u00f3giai tanulm\u00e1nyait S\u00e1rospatakon, Utrechtben \u00e9s Kv.-on v\u00e9gezte (1905\u201310). Ol\u00e1hdell\u0151 els\u0151 \u00f6n\u00e1ll\u00f3 lelk\u00e9sze (1911. aug. 6. \u2013 1913). Csejden szolg\u00e1lt (1913. dec.\u201319). Az I. vh.-ban az olasz fronton volt t\u00e1bori lelk\u00e9sz (1915\u201317). Az esperess\u00e9ghez int\u00e9zett panaszlevel\u00e9b\u0151l ismeretesek a front m\u00f6g\u00f6tti katonas\u00e1g \u00e1ltal okozott k\u00e1rok Csejden. Cikkei [&hellip;]<\/p>\n","protected":false},"featured_media":0,"comment_status":"open","ping_status":"closed","template":"","meta":[],"product_brand":[],"product_cat":[137],"product_tag":[],"class_list":{"0":"post-16348","1":"product","2":"type-product","3":"status-publish","5":"product_cat-maros-megyei-eletrajzi-lexikon","7":"first","8":"instock","9":"shipping-taxable","10":"product-type-simple"},"_links":{"self":[{"href":"https:\/\/uj.adatbank.ro\/lexikon\/wp-json\/wp\/v2\/product\/16348","targetHints":{"allow":["GET"]}}],"collection":[{"href":"https:\/\/uj.adatbank.ro\/lexikon\/wp-json\/wp\/v2\/product"}],"about":[{"href":"https:\/\/uj.adatbank.ro\/lexikon\/wp-json\/wp\/v2\/types\/product"}],"replies":[{"embeddable":true,"href":"https:\/\/uj.adatbank.ro\/lexikon\/wp-json\/wp\/v2\/comments?post=16348"}],"wp:attachment":[{"href":"https:\/\/uj.adatbank.ro\/lexikon\/wp-json\/wp\/v2\/media?parent=16348"}],"wp:term":[{"taxonomy":"product_brand","embeddable":true,"href":"https:\/\/uj.adatbank.ro\/lexikon\/wp-json\/wp\/v2\/product_brand?post=16348"},{"taxonomy":"product_cat","embeddable":true,"href":"https:\/\/uj.adatbank.ro\/lexikon\/wp-json\/wp\/v2\/product_cat?post=16348"},{"taxonomy":"product_tag","embeddable":true,"href":"https:\/\/uj.adatbank.ro\/lexikon\/wp-json\/wp\/v2\/product_tag?post=16348"}],"curies":[{"name":"wp","href":"https:\/\/api.w.org\/{rel}","templated":true}]}}

<p>Emőd (Mo.), 1886. aug. 16., † ?: ref. lelkész. – Teológiai tanulmányait Sárospatakon, Utrechtben és Kv.-on végezte (1905–10). Oláhdellő első önálló lelkésze (1911. aug. 6. – 1913). Csejden szolgált (1913. dec.–19). Az I. vh.-ban az olasz fronton volt tábori lelkész (1915–17). Az esperességhez intézett panaszleveléből ismeretesek a front mögötti katonaság által okozott károk Csejden. Cikkei a Sárospataki Ref. Lapok (1915), Család és Iskolában (1916). <br /><strong>Irod.:</strong> Csejd –Tófalva, Gulyás; Nemes Gyula: Szakrális emlékek…= Pál-Antal – Simon; Oláhdellő</br></p>

<p>Emőd (Mo.), 1886. aug. 16., † ?: ref. lelkész. – Teológiai tanulmányait Sárospatakon, Utrechtben és Kv.-on végezte (1905–10). Oláhdellő első önálló lelkésze (1911. aug. 6. – 1913). Csejden szolgált (1913. dec.–19). Az I. vh.-ban az olasz fronton volt tábori lelkész (1915–17). Az esperességhez intézett panaszleveléből ismeretesek a front mögötti katonaság által okozott károk Csejden. Cikkei [&hellip;]</p>
