{"id":16355,"date":"2025-07-15T16:14:00","date_gmt":"2025-07-15T14:14:00","guid":{"rendered":"https:\/\/uj.adatbank.ro\/lexikon\/termek\/nagy-lajos-14\/"},"modified":"2025-07-15T16:14:00","modified_gmt":"2025-07-15T14:14:00","slug":"nagy-lajos-14","status":"publish","type":"product","link":"https:\/\/uj.adatbank.ro\/lexikon\/termek\/nagy-lajos-14\/","title":{"rendered":"NAGY Lajos"},"content":{"rendered":"<p>Mv., 1911. aug. 7., \u2020 Bp., 1986. \u00e1pr. 2.: jog\u00e1sz, bibliogr\u00e1fus. \u2013 Sz\u00fcl\u0151v\u00e1rosa Ref. Koll.-ban \u00e9retts\u00e9gizett majd a kv.-i egy.-en jogtud, doktori oklevelet szerzett (1932). Mv.-en \u00fcgyv\u00e9djel\u00f6lt (1932\u2013), majd vizsg\u00e1i let\u00e9tele ut\u00e1n \u00fcgyv\u00e9di gyakorlatot folytatott. Bp.-en egys\u00e9ges b\u00edr\u00f3i-\u00fcgyv\u00e9di vizsg\u00e1t tett (1942), Mv.-en \u00fcgy\u00e9sz (1942\u2013), majd Kv.-ott t\u00f6rv\u00e9nysz\u00e9ki b\u00edr\u00f3, egy\u00fattal az Erd\u00e9lyi Tud. Int munkat\u00e1rsa (1943\u2013). R\u00e9szt vett az erd\u00e9lyi baloldali mozgalmakban, a V\u00e1s\u00e1rhelyi Tal\u00e1lkoz\u00f3 (1937. okt.) egyik szervez\u0151je, a megnyit\u00f3 gy\u0171k\u00e9sen a tan\u00e1cskoz\u00e1s titk\u00e1r\u00e1v\u00e1 v\u00e1lasztott\u00e1k. Tam\u00e1si \u00c1ron \u00edr\u00f3 bar\u00e1tja \u00e9s jogi tan\u00e1csad\u00f3ja volt. A k\u00e1rp\u00e1ti, erd\u00e9lyi \u00e9s mo.-i hadsz\u00edntereken teljes\u00edtett frontszolg\u00e1latot (1944. m\u00e1rc\u2013), tart. hadnagyi rangban, szovjet hadifogs\u00e1gba volt (1944\u20131948. j\u00fan.). R\u00f6vid ideig a pestvid\u00e9ki t\u00f6rv\u00e9nysz\u00e9k alkalmazottja, a Kelet-eur\u00f3pai Tud. Int.-ben (1948. okt.\u2013), az MTA \u00c1llam \u2013 \u00e9s Jogtud. Int.-ben a dokument\u00e1ci\u00f3s oszt\u00e1ly rom\u00e1n s b\u00fcntet\u0151elj\u00e1r\u00e1s-jogi el\u0151ad\u00f3ja (1949\u2013). Ir\u00e1ny\u00edtotta a M. Jogi Bibliogr\u00e1fia (1825\u20131945) gy\u0171jt\u0151munk\u00e1latait. Ekkor indult a nemzetk\u00f6zileg is sz\u00e1montartott k\u00f6nyv\u00e9szeti munk\u00e1ss\u00e1ga. Az \u00e1llam \u2013 \u00e9s jogtudom\u00e1ny kandid\u00e1tusa (1958), doktora (1974). Ut\u00f3bb az int. jogi k\u00f6nyv\u00e9szeti oszt\u00e1ly\u00e1nak vezet\u0151je. A m. jogi irodalom bibliogr\u00e1fi\u00e1ja (1945\u20131983) szerk. Jogi bibliogr\u00e1fiai munk\u00e1ss\u00e1ga mellett a b\u00fcntet\u0151elj\u00e1r\u00e1si jog k\u00e9rd\u00e9seivel foglalkozott. Akad. Nagyd\u00edj (1982). \u2013 <strong>F. m.:<\/strong> A kisebbs\u00e9gek alkotm\u00e1nyjogi helyzete Nagyrom\u00e1ni\u00e1ban (Kv., 1944, Sz\u00e9kelyudvarhely, 1994); A szocialista t\u00edpus\u00fa \u00e1llamok t\u00e9teles anyagi b\u00fcntetojogi szab\u00e1lyainak \u00e1ttekint\u00e9se \u00e9s a vonatkoz\u00f3 irodalom v\u00e1zlatos bibliogr\u00e1fi\u00e1ja (Bp., 1954); Fellebbez\u00e9s a b\u00fcntet\u0151perben (Bp., 1960); Tan\u00fabizony\u00edt\u00e1s a b\u00fcntet\u0151perben (Bp., 1966); Bibliography of Hung\u00e1ri\u00e1n legal literature 1945\u20131965 (Bp., 1966); <strong>szerk.:<\/strong> It\u00e9let a b\u00fcntet\u0151perben (Bp., 1974; oroszul: Moszkva, 1982); Katalog juridicsenszkij dokumentacionn\u00fch&#8230; (Potsdam-Babelsberg, 1976); A magyar jogi inform\u00e1ci\u00f3szolg\u00e1ltat\u00e1s forr\u00e1sai \u00e9s eszk\u00f6zei (Bp., 1977); Val\u00f3sz\u00ednus\u00e9g \u00e9s t\u00e9ny\u00e1ll\u00e1smeg\u00e1llap\u00edt\u00e1s a b\u00fcntet\u0151elj\u00e1r\u00e1sban (A val\u00f3sz\u00edn\u0171s\u00e9g szerepe az igazs\u00e1gszolg\u00e1ltat\u00e1sban c\u00edm\u0171 konferencia anyaga. Szerk. Vargha L\u00e1szl\u00f3. P\u00e9cs, 1981); A magyar munkajog bibliogr\u00e1fi\u00e1ja 1945 \u2013 1983 (Szeged, 1984); A \u201er\u00e9gi\u201d Jogtudom\u00e1nyi K\u00f6zl\u00f6ny. \u2013 A magyar jogi foly\u00f3irati irodalom fejl\u0151d\u00e9s\u00e9nek v\u00e1zlata (A Jogtud. K\u00f6zl. [1865 \u2013 1934] b\u00fcntet\u0151jogi t\u00e1rgy\u00fa adatai. Szerk. Sz\u00fck L\u00e1szl\u00f3. Bp., 1988); <strong>t\u00e1rssz.:<\/strong> Az \u00e1llam \u2013 \u00e9s jogtudom\u00e1ny bibliogr\u00e1fi\u00e1ja. Veredy Katalinnal (Bp., 1956 85); A k\u00fclf\u00f6ldi jogi inform\u00e1ci\u00f3szolg\u00e1ltat\u00e1s forr\u00e1sai \u00e9s eszk\u00f6zei. \u00d6ssze\u00e1ll. Veredy Katalinnal (Bp., 1979); Magyar \u00e1llam- \u00e9s jogelm\u00e9leti bibliogr\u00e1fia 1950\u20131980. Papp Ign\u00e1ccal (Szeged, 1980). <br \/><strong>Irod.:<\/strong> Berekm\u00e9ri; [Nekrol\u00f3g] (V. Z., 1986. \u00e1pr. 20.); Pomog\u00e1ts 1; RMIL; R\u00daL; \u00daM\u00c9L<\/br><\/p>\n","protected":false},"excerpt":{"rendered":"<p>Mv., 1911. aug. 7., \u2020 Bp., 1986. \u00e1pr. 2.: jog\u00e1sz, bibliogr\u00e1fus. \u2013 Sz\u00fcl\u0151v\u00e1rosa Ref. Koll.-ban \u00e9retts\u00e9gizett majd a kv.-i egy.-en jogtud, doktori oklevelet szerzett (1932). Mv.-en \u00fcgyv\u00e9djel\u00f6lt (1932\u2013), majd vizsg\u00e1i let\u00e9tele ut\u00e1n \u00fcgyv\u00e9di gyakorlatot folytatott. Bp.-en egys\u00e9ges b\u00edr\u00f3i-\u00fcgyv\u00e9di vizsg\u00e1t tett (1942), Mv.-en \u00fcgy\u00e9sz (1942\u2013), majd Kv.-ott t\u00f6rv\u00e9nysz\u00e9ki b\u00edr\u00f3, egy\u00fattal az Erd\u00e9lyi Tud. Int munkat\u00e1rsa (1943\u2013). [&hellip;]<\/p>\n","protected":false},"featured_media":0,"comment_status":"open","ping_status":"closed","template":"","meta":[],"product_brand":[],"product_cat":[137],"product_tag":[],"class_list":{"0":"post-16355","1":"product","2":"type-product","3":"status-publish","5":"product_cat-maros-megyei-eletrajzi-lexikon","7":"first","8":"instock","9":"shipping-taxable","10":"product-type-simple"},"_links":{"self":[{"href":"https:\/\/uj.adatbank.ro\/lexikon\/wp-json\/wp\/v2\/product\/16355","targetHints":{"allow":["GET"]}}],"collection":[{"href":"https:\/\/uj.adatbank.ro\/lexikon\/wp-json\/wp\/v2\/product"}],"about":[{"href":"https:\/\/uj.adatbank.ro\/lexikon\/wp-json\/wp\/v2\/types\/product"}],"replies":[{"embeddable":true,"href":"https:\/\/uj.adatbank.ro\/lexikon\/wp-json\/wp\/v2\/comments?post=16355"}],"wp:attachment":[{"href":"https:\/\/uj.adatbank.ro\/lexikon\/wp-json\/wp\/v2\/media?parent=16355"}],"wp:term":[{"taxonomy":"product_brand","embeddable":true,"href":"https:\/\/uj.adatbank.ro\/lexikon\/wp-json\/wp\/v2\/product_brand?post=16355"},{"taxonomy":"product_cat","embeddable":true,"href":"https:\/\/uj.adatbank.ro\/lexikon\/wp-json\/wp\/v2\/product_cat?post=16355"},{"taxonomy":"product_tag","embeddable":true,"href":"https:\/\/uj.adatbank.ro\/lexikon\/wp-json\/wp\/v2\/product_tag?post=16355"}],"curies":[{"name":"wp","href":"https:\/\/api.w.org\/{rel}","templated":true}]}}

<p>Mv., 1911. aug. 7., † Bp., 1986. ápr. 2.: jogász, bibliográfus. – Szülővárosa Ref. Koll.-ban érettségizett majd a kv.-i egy.-en jogtud, doktori oklevelet szerzett (1932). Mv.-en ügyvédjelölt (1932–), majd vizsgái letétele után ügyvédi gyakorlatot folytatott. Bp.-en egységes bírói-ügyvédi vizsgát tett (1942), Mv.-en ügyész (1942–), majd Kv.-ott törvényszéki bíró, egyúttal az Erdélyi Tud. Int munkatársa (1943–). Részt vett az erdélyi baloldali mozgalmakban, a Vásárhelyi Találkozó (1937. okt.) egyik szervezője, a megnyitó gyűkésen a tanácskozás titkárává választották. Tamási Áron író barátja és jogi tanácsadója volt. A kárpáti, erdélyi és mo.-i hadszíntereken teljesített frontszolgálatot (1944. márc–), tart. hadnagyi rangban, szovjet hadifogságba volt (1944–1948. jún.). Rövid ideig a pestvidéki törvényszék alkalmazottja, a Kelet-európai Tud. Int.-ben (1948. okt.–), az MTA Állam – és Jogtud. Int.-ben a dokumentációs osztály román s büntetőeljárás-jogi előadója (1949–). Irányította a M. Jogi Bibliográfia (1825–1945) gyűjtőmunkálatait. Ekkor indult a nemzetközileg is számontartott könyvészeti munkássága. Az állam – és jogtudomány kandidátusa (1958), doktora (1974). Utóbb az int. jogi könyvészeti osztályának vezetője. A m. jogi irodalom bibliográfiája (1945–1983) szerk. Jogi bibliográfiai munkássága mellett a büntetőeljárási jog kérdéseivel foglalkozott. Akad. Nagydíj (1982). – <strong>F. m.:</strong> A kisebbségek alkotmányjogi helyzete Nagyromániában (Kv., 1944, Székelyudvarhely, 1994); A szocialista típusú államok tételes anyagi büntetojogi szabályainak áttekintése és a vonatkozó irodalom vázlatos bibliográfiája (Bp., 1954); Fellebbezés a büntetőperben (Bp., 1960); Tanúbizonyítás a büntetőperben (Bp., 1966); Bibliography of Hungárián legal literature 1945–1965 (Bp., 1966); <strong>szerk.:</strong> Itélet a büntetőperben (Bp., 1974; oroszul: Moszkva, 1982); Katalog juridicsenszkij dokumentacionnüh&#8230; (Potsdam-Babelsberg, 1976); A magyar jogi információszolgáltatás forrásai és eszközei (Bp., 1977); Valószínuség és tényállásmegállapítás a büntetőeljárásban (A valószínűség szerepe az igazságszolgáltatásban című konferencia anyaga. Szerk. Vargha László. Pécs, 1981); A magyar munkajog bibliográfiája 1945 – 1983 (Szeged, 1984); A „régi” Jogtudományi Közlöny. – A magyar jogi folyóirati irodalom fejlődésének vázlata (A Jogtud. Közl. [1865 – 1934] büntetőjogi tárgyú adatai. Szerk. Szük László. Bp., 1988); <strong>társsz.:</strong> Az állam – és jogtudomány bibliográfiája. Veredy Katalinnal (Bp., 1956 85); A külföldi jogi információszolgáltatás forrásai és eszközei. Összeáll. Veredy Katalinnal (Bp., 1979); Magyar állam- és jogelméleti bibliográfia 1950–1980. Papp Ignáccal (Szeged, 1980). <br /><strong>Irod.:</strong> Berekméri; [Nekrológ] (V. Z., 1986. ápr. 20.); Pomogáts 1; RMIL; RÚL; ÚMÉL</br></p>

<p>Mv., 1911. aug. 7., † Bp., 1986. ápr. 2.: jogász, bibliográfus. – Szülővárosa Ref. Koll.-ban érettségizett majd a kv.-i egy.-en jogtud, doktori oklevelet szerzett (1932). Mv.-en ügyvédjelölt (1932–), majd vizsgái letétele után ügyvédi gyakorlatot folytatott. Bp.-en egységes bírói-ügyvédi vizsgát tett (1942), Mv.-en ügyész (1942–), majd Kv.-ott törvényszéki bíró, egyúttal az Erdélyi Tud. Int munkatársa (1943–). [&hellip;]</p>
