{"id":16356,"date":"2025-07-15T16:14:02","date_gmt":"2025-07-15T14:14:02","guid":{"rendered":"https:\/\/uj.adatbank.ro\/lexikon\/termek\/nagy-lajos-15\/"},"modified":"2025-07-15T16:14:02","modified_gmt":"2025-07-15T14:14:02","slug":"nagy-lajos-15","status":"publish","type":"product","link":"https:\/\/uj.adatbank.ro\/lexikon\/termek\/nagy-lajos-15\/","title":{"rendered":"NAGY Lajos"},"content":{"rendered":"<p>Jedd, 1921., \u2020 Radn\u00f3t, 1992. \u00e1pr. 7., : zenetan\u00e1r. \u2013 A mv.-i Filharm\u00f3nia \u00e9s a Maros egy\u00fcttes zenetan\u00e1ra. <br \/><strong>Irod.:<\/strong> Cs\u00e1ky; : [Nekrol\u00f3g](N\u00fa., 1992. \u00e1pr. 9.)<\/br><\/p>\n","protected":false},"excerpt":{"rendered":"<p>Jedd, 1921., \u2020 Radn\u00f3t, 1992. \u00e1pr. 7., : zenetan\u00e1r. \u2013 A mv.-i Filharm\u00f3nia \u00e9s a Maros egy\u00fcttes zenetan\u00e1ra. Irod.: Cs\u00e1ky; : [Nekrol\u00f3g](N\u00fa., 1992. \u00e1pr. 9.)<\/p>\n","protected":false},"featured_media":0,"comment_status":"open","ping_status":"closed","template":"","meta":[],"product_brand":[],"product_cat":[137],"product_tag":[],"class_list":{"0":"post-16356","1":"product","2":"type-product","3":"status-publish","5":"product_cat-maros-megyei-eletrajzi-lexikon","7":"first","8":"instock","9":"shipping-taxable","10":"product-type-simple"},"_links":{"self":[{"href":"https:\/\/uj.adatbank.ro\/lexikon\/wp-json\/wp\/v2\/product\/16356","targetHints":{"allow":["GET"]}}],"collection":[{"href":"https:\/\/uj.adatbank.ro\/lexikon\/wp-json\/wp\/v2\/product"}],"about":[{"href":"https:\/\/uj.adatbank.ro\/lexikon\/wp-json\/wp\/v2\/types\/product"}],"replies":[{"embeddable":true,"href":"https:\/\/uj.adatbank.ro\/lexikon\/wp-json\/wp\/v2\/comments?post=16356"}],"wp:attachment":[{"href":"https:\/\/uj.adatbank.ro\/lexikon\/wp-json\/wp\/v2\/media?parent=16356"}],"wp:term":[{"taxonomy":"product_brand","embeddable":true,"href":"https:\/\/uj.adatbank.ro\/lexikon\/wp-json\/wp\/v2\/product_brand?post=16356"},{"taxonomy":"product_cat","embeddable":true,"href":"https:\/\/uj.adatbank.ro\/lexikon\/wp-json\/wp\/v2\/product_cat?post=16356"},{"taxonomy":"product_tag","embeddable":true,"href":"https:\/\/uj.adatbank.ro\/lexikon\/wp-json\/wp\/v2\/product_tag?post=16356"}],"curies":[{"name":"wp","href":"https:\/\/api.w.org\/{rel}","templated":true}]}}