{"id":1636,"date":"2025-06-28T11:48:24","date_gmt":"2025-06-28T09:48:24","guid":{"rendered":"https:\/\/uj.adatbank.ro\/lexikon\/termek\/ady-laszlo\/"},"modified":"2025-06-28T11:48:24","modified_gmt":"2025-06-28T09:48:24","slug":"ady-laszlo","status":"publish","type":"product","link":"https:\/\/uj.adatbank.ro\/lexikon\/termek\/ady-laszlo\/","title":{"rendered":"ADY L\u00e1szl\u00f3"},"content":{"rendered":"<p>Ny\u00e1r\u00e1dszentbenedek, 1900. szept. 16., \u2020 Magyarkapus, 1974. okt. 1.: ref. lelk\u00e9sz, n\u00e9prajzkutat\u00f3, helyt\u00f6rt\u00e9n\u00e9sz. \u2013 Lelk\u00e9sz Aradon, Dics\u0151szentm\u00e1rtonban, Sz\u00e9kelyf\u00f6ldv\u00e1ron, Magyarkapuson. Gazdag magyarkapusi n\u00e9pdalgy\u0171jtem\u00e9ny\u00e9t a kv.-i Folkl\u00f3r Int\u00e9zet \u0151rzi. Nagykapus m\u00faltja \u00e9s jelene c. tanulm\u00e1ny\u00e1t a Korunk k\u00f6z\u00f6lte (1969\/4). Munkat\u00e1rsa a Ki\u00e1lt\u00f3 Sz\u00f3 c. lugosi foly\u00f3iratnak (1934\u2013). \u2013 <strong>F. m.:<\/strong> Sz\u00e9kelyf\u00f6ldv\u00e1r m\u00faltja \u00e9s jelene (Kv., 1929); A sz\u00e9kelyf\u00f6ldv\u00e1ri reform\u00e1tus egyh\u00e1zk\u00f6zs\u00e9g t\u00f6rt\u00e9nete (Torda, 1930); Magyarkapus helynevei (Kv., 1941); <strong>szerk.:<\/strong> Kisbaconi Benedek S\u00e1ndor feljegyz\u00e9sei (Kv., 1941). <br \/><strong>Irod.:<\/strong> P\u00e1lmay; RMIL; Wikipedia<\/br><\/p>\n","protected":false},"excerpt":{"rendered":"<p>Ny\u00e1r\u00e1dszentbenedek, 1900. szept. 16., \u2020 Magyarkapus, 1974. okt. 1.: ref. lelk\u00e9sz, n\u00e9prajzkutat\u00f3, helyt\u00f6rt\u00e9n\u00e9sz. \u2013 Lelk\u00e9sz Aradon, Dics\u0151szentm\u00e1rtonban, Sz\u00e9kelyf\u00f6ldv\u00e1ron, Magyarkapuson. Gazdag magyarkapusi n\u00e9pdalgy\u0171jtem\u00e9ny\u00e9t a kv.-i Folkl\u00f3r Int\u00e9zet \u0151rzi. Nagykapus m\u00faltja \u00e9s jelene c. tanulm\u00e1ny\u00e1t a Korunk k\u00f6z\u00f6lte (1969\/4). Munkat\u00e1rsa a Ki\u00e1lt\u00f3 Sz\u00f3 c. lugosi foly\u00f3iratnak (1934\u2013). \u2013 F. m.: Sz\u00e9kelyf\u00f6ldv\u00e1r m\u00faltja \u00e9s jelene (Kv., 1929); A [&hellip;]<\/p>\n","protected":false},"featured_media":0,"comment_status":"open","ping_status":"closed","template":"","meta":[],"product_brand":[],"product_cat":[137],"product_tag":[],"class_list":{"0":"post-1636","1":"product","2":"type-product","3":"status-publish","5":"product_cat-maros-megyei-eletrajzi-lexikon","7":"first","8":"instock","9":"shipping-taxable","10":"product-type-simple"},"_links":{"self":[{"href":"https:\/\/uj.adatbank.ro\/lexikon\/wp-json\/wp\/v2\/product\/1636","targetHints":{"allow":["GET"]}}],"collection":[{"href":"https:\/\/uj.adatbank.ro\/lexikon\/wp-json\/wp\/v2\/product"}],"about":[{"href":"https:\/\/uj.adatbank.ro\/lexikon\/wp-json\/wp\/v2\/types\/product"}],"replies":[{"embeddable":true,"href":"https:\/\/uj.adatbank.ro\/lexikon\/wp-json\/wp\/v2\/comments?post=1636"}],"wp:attachment":[{"href":"https:\/\/uj.adatbank.ro\/lexikon\/wp-json\/wp\/v2\/media?parent=1636"}],"wp:term":[{"taxonomy":"product_brand","embeddable":true,"href":"https:\/\/uj.adatbank.ro\/lexikon\/wp-json\/wp\/v2\/product_brand?post=1636"},{"taxonomy":"product_cat","embeddable":true,"href":"https:\/\/uj.adatbank.ro\/lexikon\/wp-json\/wp\/v2\/product_cat?post=1636"},{"taxonomy":"product_tag","embeddable":true,"href":"https:\/\/uj.adatbank.ro\/lexikon\/wp-json\/wp\/v2\/product_tag?post=1636"}],"curies":[{"name":"wp","href":"https:\/\/api.w.org\/{rel}","templated":true}]}}