{"id":16360,"date":"2025-07-15T16:14:11","date_gmt":"2025-07-15T14:14:11","guid":{"rendered":"https:\/\/uj.adatbank.ro\/lexikon\/termek\/nagy-lajos-%c2%a7\/"},"modified":"2025-07-15T16:14:11","modified_gmt":"2025-07-15T14:14:11","slug":"nagy-lajos-%c2%a7","status":"publish","type":"product","link":"https:\/\/uj.adatbank.ro\/lexikon\/termek\/nagy-lajos-%c2%a7\/","title":{"rendered":"NAGY Lajos, \u00a7"},"content":{"rendered":"<p>Sz\u00e9kelykereszt\u00far, 1916., \u2020 Mv., 1974. m\u00e1rc. 3.: ref. lelk\u00e9sz, esperes. \u2013 N. L. sz\u00e9kelykereszt\u00fari esperes fia. V\u00e1s\u00e1rhelyi J\u00e1nos ref. p\u00fcsp\u00f6k titk\u00e1ra, majd Mv.-en a Kistemplomi gy\u00fclekezet lelk\u00e9sze hal\u00e1l\u00e1ig (1958. aug. 17.\u20131974), a Ref. Egyh\u00e1zmegye esperese (1972. szept.). Sok pr\u00e9dik\u00e1ci\u00f3j\u00e1t k\u00f6z\u00f6lte a Reform\u00e1tus Szemle. Az igeh\u00edrdet\u00e9sei k\u00e9ziratos v\u00e1ltozat\u00e1b\u00f3l kiadv\u00e1ny sz\u00fcletett. \u2013 <strong>F. m.:<\/strong> Mindenre van er\u0151m a Krisztusban: N. L. igeh\u00edrdet\u00e9sei (Mv., 2005.). <br \/><strong>Irod.:<\/strong> Cs\u00e1ky; Csekme; N. L.. [Nekrol\u00f3g] (V. Z., 1974. m\u00e1rc. 5.); Nagy Sz\u00e9kely Ildik\u00f3: Szellemi \u00e9tkek szapor\u00edt\u00f3ja (N\u00fa., 2010. j\u00fal. 12.); Vass Gyop\u00e1r: Krisztus f\u00e9nyforr\u00e1s\u00e1nak h\u0171 hordoz\u00f3ja (K\u00f6zpont, 2011. j\u00fal. 13\u201319.)<\/br><\/p>\n","protected":false},"excerpt":{"rendered":"<p>Sz\u00e9kelykereszt\u00far, 1916., \u2020 Mv., 1974. m\u00e1rc. 3.: ref. lelk\u00e9sz, esperes. \u2013 N. L. sz\u00e9kelykereszt\u00fari esperes fia. V\u00e1s\u00e1rhelyi J\u00e1nos ref. p\u00fcsp\u00f6k titk\u00e1ra, majd Mv.-en a Kistemplomi gy\u00fclekezet lelk\u00e9sze hal\u00e1l\u00e1ig (1958. aug. 17.\u20131974), a Ref. Egyh\u00e1zmegye esperese (1972. szept.). Sok pr\u00e9dik\u00e1ci\u00f3j\u00e1t k\u00f6z\u00f6lte a Reform\u00e1tus Szemle. Az igeh\u00edrdet\u00e9sei k\u00e9ziratos v\u00e1ltozat\u00e1b\u00f3l kiadv\u00e1ny sz\u00fcletett. \u2013 F. m.: Mindenre van er\u0151m [&hellip;]<\/p>\n","protected":false},"featured_media":0,"comment_status":"open","ping_status":"closed","template":"","meta":[],"product_brand":[],"product_cat":[137],"product_tag":[],"class_list":{"0":"post-16360","1":"product","2":"type-product","3":"status-publish","5":"product_cat-maros-megyei-eletrajzi-lexikon","7":"first","8":"instock","9":"shipping-taxable","10":"product-type-simple"},"_links":{"self":[{"href":"https:\/\/uj.adatbank.ro\/lexikon\/wp-json\/wp\/v2\/product\/16360","targetHints":{"allow":["GET"]}}],"collection":[{"href":"https:\/\/uj.adatbank.ro\/lexikon\/wp-json\/wp\/v2\/product"}],"about":[{"href":"https:\/\/uj.adatbank.ro\/lexikon\/wp-json\/wp\/v2\/types\/product"}],"replies":[{"embeddable":true,"href":"https:\/\/uj.adatbank.ro\/lexikon\/wp-json\/wp\/v2\/comments?post=16360"}],"wp:attachment":[{"href":"https:\/\/uj.adatbank.ro\/lexikon\/wp-json\/wp\/v2\/media?parent=16360"}],"wp:term":[{"taxonomy":"product_brand","embeddable":true,"href":"https:\/\/uj.adatbank.ro\/lexikon\/wp-json\/wp\/v2\/product_brand?post=16360"},{"taxonomy":"product_cat","embeddable":true,"href":"https:\/\/uj.adatbank.ro\/lexikon\/wp-json\/wp\/v2\/product_cat?post=16360"},{"taxonomy":"product_tag","embeddable":true,"href":"https:\/\/uj.adatbank.ro\/lexikon\/wp-json\/wp\/v2\/product_tag?post=16360"}],"curies":[{"name":"wp","href":"https:\/\/api.w.org\/{rel}","templated":true}]}}

<p>Székelykeresztúr, 1916., † Mv., 1974. márc. 3.: ref. lelkész, esperes. – N. L. székelykeresztúri esperes fia. Vásárhelyi János ref. püspök titkára, majd Mv.-en a Kistemplomi gyülekezet lelkésze haláláig (1958. aug. 17.–1974), a Ref. Egyházmegye esperese (1972. szept.). Sok prédikációját közölte a Református Szemle. Az igehírdetései kéziratos változatából kiadvány született. – <strong>F. m.:</strong> Mindenre van erőm a Krisztusban: N. L. igehírdetései (Mv., 2005.). <br /><strong>Irod.:</strong> Csáky; Csekme; N. L.. [Nekrológ] (V. Z., 1974. márc. 5.); Nagy Székely Ildikó: Szellemi étkek szaporítója (Nú., 2010. júl. 12.); Vass Gyopár: Krisztus fényforrásának hű hordozója (Központ, 2011. júl. 13–19.)</br></p>

<p>Székelykeresztúr, 1916., † Mv., 1974. márc. 3.: ref. lelkész, esperes. – N. L. székelykeresztúri esperes fia. Vásárhelyi János ref. püspök titkára, majd Mv.-en a Kistemplomi gyülekezet lelkésze haláláig (1958. aug. 17.–1974), a Ref. Egyházmegye esperese (1972. szept.). Sok prédikációját közölte a Református Szemle. Az igehírdetései kéziratos változatából kiadvány született. – F. m.: Mindenre van erőm [&hellip;]</p>
