{"id":16361,"date":"2025-07-15T16:14:12","date_gmt":"2025-07-15T14:14:12","guid":{"rendered":"https:\/\/uj.adatbank.ro\/lexikon\/termek\/nagy-lajos-anjou\/"},"modified":"2025-07-15T16:14:12","modified_gmt":"2025-07-15T14:14:12","slug":"nagy-lajos-anjou","status":"publish","type":"product","link":"https:\/\/uj.adatbank.ro\/lexikon\/termek\/nagy-lajos-anjou\/","title":{"rendered":"NAGY Lajos, anjou"},"content":{"rendered":"<p>1326., \u20201382: m. kir\u00e1ly. \u2013 M. kir\u00e1ly (1342\u201382). Mv.-en j\u00e1rt 1360. jan. 25., 1366. j\u00fan. 24., 1367, 1370. \u00e1pr. 26.-m\u00e1j.10., 1377. m\u00e1j. 21\u201324. Okleveleket is keltezett itt. Egyik okm\u00e1ny\u00e1ban v\u00e1rosunkat Zekel Wasarhel n\u00e9ven eml\u00edtette (1370). <br \/><strong>Irod.:<\/strong> Benk\u0151-Demeter-Sz\u00e9kely; Fodor\u2013Bal\u00e1s; Id\u0151t\u00e1r 1; Kelemen L: M\u0171v. t\u00f6rt.Tanulm\u00e1nyok; Mv. Molter; Mv.-i \u00fatikalauz (Mv., 2000).<\/br><\/p>\n","protected":false},"excerpt":{"rendered":"<p>1326., \u20201382: m. kir\u00e1ly. \u2013 M. kir\u00e1ly (1342\u201382). Mv.-en j\u00e1rt 1360. jan. 25., 1366. j\u00fan. 24., 1367, 1370. \u00e1pr. 26.-m\u00e1j.10., 1377. m\u00e1j. 21\u201324. Okleveleket is keltezett itt. Egyik okm\u00e1ny\u00e1ban v\u00e1rosunkat Zekel Wasarhel n\u00e9ven eml\u00edtette (1370). Irod.: Benk\u0151-Demeter-Sz\u00e9kely; Fodor\u2013Bal\u00e1s; Id\u0151t\u00e1r 1; Kelemen L: M\u0171v. t\u00f6rt.Tanulm\u00e1nyok; Mv. Molter; Mv.-i \u00fatikalauz (Mv., 2000).<\/p>\n","protected":false},"featured_media":0,"comment_status":"open","ping_status":"closed","template":"","meta":[],"product_brand":[],"product_cat":[137],"product_tag":[],"class_list":{"0":"post-16361","1":"product","2":"type-product","3":"status-publish","5":"product_cat-maros-megyei-eletrajzi-lexikon","7":"first","8":"instock","9":"shipping-taxable","10":"product-type-simple"},"_links":{"self":[{"href":"https:\/\/uj.adatbank.ro\/lexikon\/wp-json\/wp\/v2\/product\/16361","targetHints":{"allow":["GET"]}}],"collection":[{"href":"https:\/\/uj.adatbank.ro\/lexikon\/wp-json\/wp\/v2\/product"}],"about":[{"href":"https:\/\/uj.adatbank.ro\/lexikon\/wp-json\/wp\/v2\/types\/product"}],"replies":[{"embeddable":true,"href":"https:\/\/uj.adatbank.ro\/lexikon\/wp-json\/wp\/v2\/comments?post=16361"}],"wp:attachment":[{"href":"https:\/\/uj.adatbank.ro\/lexikon\/wp-json\/wp\/v2\/media?parent=16361"}],"wp:term":[{"taxonomy":"product_brand","embeddable":true,"href":"https:\/\/uj.adatbank.ro\/lexikon\/wp-json\/wp\/v2\/product_brand?post=16361"},{"taxonomy":"product_cat","embeddable":true,"href":"https:\/\/uj.adatbank.ro\/lexikon\/wp-json\/wp\/v2\/product_cat?post=16361"},{"taxonomy":"product_tag","embeddable":true,"href":"https:\/\/uj.adatbank.ro\/lexikon\/wp-json\/wp\/v2\/product_tag?post=16361"}],"curies":[{"name":"wp","href":"https:\/\/api.w.org\/{rel}","templated":true}]}}