{"id":16365,"date":"2025-07-15T16:14:21","date_gmt":"2025-07-15T14:14:21","guid":{"rendered":"https:\/\/uj.adatbank.ro\/lexikon\/termek\/nagy-lajos-sassi\/"},"modified":"2025-07-15T16:14:21","modified_gmt":"2025-07-15T14:14:21","slug":"nagy-lajos-sassi","status":"publish","type":"product","link":"https:\/\/uj.adatbank.ro\/lexikon\/termek\/nagy-lajos-sassi\/","title":{"rendered":"NAGY Lajos, sassi"},"content":{"rendered":"<p>Nagymih\u00e1ly, 1867. febr. 5., \u2020 ?: kereskedelmi iskolai tan\u00e1r, igazgat\u00f3. \u2013 Iskol\u00e1it S\u00e1rospatakon \u00e9s Bp.-en v\u00e9gezte, polg\u00e1ri iskolai tan\u00e1ri oklevelet szerzett (1891). Tan\u00edtotott Szegeden (1894\u2013), Bp.-en az \u00c1llami Kereskedelmi iskol\u00e1ban (1907\u201330.). A mv.-i Ref. Polg\u00e1ri Le\u00e1nyiskola igazgat\u00f3ja volt. Tagja a M. V\u00e9d\u0151 Egyes\u00fclet igazgat\u00f3i tan\u00e1cs\u00e1nak, a mv.-i Kereskedelmi \u00e9s Iparkamara., a Dugonics T\u00e1rsas\u00e1g \u00e9s a Tur\u00e1ni T\u00e1rsas\u00e1gnak (1916). A MT megyei \u00c1ltal\u00e1nos Tan\u00edt\u00f3test\u00fclet p\u00e9nzt\u00e1rosa (1878). A Polg\u00e1ri Egylet vezetps\u00e9gi tagja. Pedag\u00f3giai, nyelv\u00e9szeti, sz\u00e9pirodalmi cikkeket, k\u00f6kltem\u00e9nyeket \u00edrt amelyek megjelentek a Nemzeti Iskola, Magyar Nyelv\u0151r, Pesti Napl\u00f3, M. Keresk. Lapja, Haz\u00e1nk, P. Isk. K\u00f6zl., Szegedi Napl\u00f3, Szegedi H\u00edrad\u00f3, Debrecen, Magyar Nemzet, Magyar Ipar, Ellenz\u00e9k, P. H\u00edrlap, A C\u00e9l-ban. \u2013 <strong>F. m.:<\/strong> Mi m\u00f3don lehetne az iskolai nyelvront\u00e1son seg\u00edteni s a helyes magyars\u00e1got megval\u00f3s\u00edtani (Szeged, 1899); A XX. sz\u00e1zad igazi n\u00e9pnevel\u0151i (Szeged, 1902, 1903); Magyarorsz\u00e1g oknyomoz\u00f3 t\u00f6rt\u00e9nelme di\u00f3h\u00e9jban (Bp., 1904, 1912); Sz\u00e9kely f\u00fcrd\u0151k (Szeged, 1904), Memorandum a magyar kir. Miniszt\u00e9riumonban f\u00f6l\u00e1ll\u00edtand\u00f3 szoci\u00e1lis \u00fcgyoszt\u00e1lyok t\u00e1rgy\u00e1ban (Bp., 1906). A magyar-t\u00f6r\u00f6k-Balk\u00e1n gazdas\u00e1gi \u00f6sszek\u00f6ttet\u00e9s (Bp., 1909); A tur\u00e1nizmus mint nemzeti, faji \u00e9s vil\u00e1geszme. A gy\u0151zelem a jobb b\u00e9ke \u00e9s a szebb j\u00f6v\u0151 alapja (Bp., 1918, 1942); <strong>t\u00e1rssz.:<\/strong> Magyar irodalomt\u00f6rt\u00e9net di\u00f3h\u00e9jban (Bp. 1904, 1908), A magyar nemzeti irodalom t\u00f6rt. \u00e9s olvas\u00f3k\u00f6nyv (Bp., 1904, 1908); <strong>szerk.:<\/strong> A 44-esek frontj\u00e1n&#8230;: Somogy-Tolna-i hadi almanach (Bp., 1916). <br \/><strong>Irod.:<\/strong> Bi\u00e1s Istv\u00e1n; Eml\u00e9kk\u00f6nyv, Guly\u00e1s, Szinnyei<\/br><\/p>\n","protected":false},"excerpt":{"rendered":"<p>Nagymih\u00e1ly, 1867. febr. 5., \u2020 ?: kereskedelmi iskolai tan\u00e1r, igazgat\u00f3. \u2013 Iskol\u00e1it S\u00e1rospatakon \u00e9s Bp.-en v\u00e9gezte, polg\u00e1ri iskolai tan\u00e1ri oklevelet szerzett (1891). Tan\u00edtotott Szegeden (1894\u2013), Bp.-en az \u00c1llami Kereskedelmi iskol\u00e1ban (1907\u201330.). A mv.-i Ref. Polg\u00e1ri Le\u00e1nyiskola igazgat\u00f3ja volt. Tagja a M. V\u00e9d\u0151 Egyes\u00fclet igazgat\u00f3i tan\u00e1cs\u00e1nak, a mv.-i Kereskedelmi \u00e9s Iparkamara., a Dugonics T\u00e1rsas\u00e1g \u00e9s a [&hellip;]<\/p>\n","protected":false},"featured_media":0,"comment_status":"open","ping_status":"closed","template":"","meta":[],"product_brand":[],"product_cat":[137],"product_tag":[],"class_list":{"0":"post-16365","1":"product","2":"type-product","3":"status-publish","5":"product_cat-maros-megyei-eletrajzi-lexikon","7":"first","8":"instock","9":"shipping-taxable","10":"product-type-simple"},"_links":{"self":[{"href":"https:\/\/uj.adatbank.ro\/lexikon\/wp-json\/wp\/v2\/product\/16365","targetHints":{"allow":["GET"]}}],"collection":[{"href":"https:\/\/uj.adatbank.ro\/lexikon\/wp-json\/wp\/v2\/product"}],"about":[{"href":"https:\/\/uj.adatbank.ro\/lexikon\/wp-json\/wp\/v2\/types\/product"}],"replies":[{"embeddable":true,"href":"https:\/\/uj.adatbank.ro\/lexikon\/wp-json\/wp\/v2\/comments?post=16365"}],"wp:attachment":[{"href":"https:\/\/uj.adatbank.ro\/lexikon\/wp-json\/wp\/v2\/media?parent=16365"}],"wp:term":[{"taxonomy":"product_brand","embeddable":true,"href":"https:\/\/uj.adatbank.ro\/lexikon\/wp-json\/wp\/v2\/product_brand?post=16365"},{"taxonomy":"product_cat","embeddable":true,"href":"https:\/\/uj.adatbank.ro\/lexikon\/wp-json\/wp\/v2\/product_cat?post=16365"},{"taxonomy":"product_tag","embeddable":true,"href":"https:\/\/uj.adatbank.ro\/lexikon\/wp-json\/wp\/v2\/product_tag?post=16365"}],"curies":[{"name":"wp","href":"https:\/\/api.w.org\/{rel}","templated":true}]}}

<p>Nagymihály, 1867. febr. 5., † ?: kereskedelmi iskolai tanár, igazgató. – Iskoláit Sárospatakon és Bp.-en végezte, polgári iskolai tanári oklevelet szerzett (1891). Tanítotott Szegeden (1894–), Bp.-en az Állami Kereskedelmi iskolában (1907–30.). A mv.-i Ref. Polgári Leányiskola igazgatója volt. Tagja a M. Védő Egyesület igazgatói tanácsának, a mv.-i Kereskedelmi és Iparkamara., a Dugonics Társaság és a Turáni Társaságnak (1916). A MT megyei Általános Tanítótestület pénztárosa (1878). A Polgári Egylet vezetpségi tagja. Pedagógiai, nyelvészeti, szépirodalmi cikkeket, köklteményeket írt amelyek megjelentek a Nemzeti Iskola, Magyar Nyelvőr, Pesti Napló, M. Keresk. Lapja, Hazánk, P. Isk. Közl., Szegedi Napló, Szegedi Híradó, Debrecen, Magyar Nemzet, Magyar Ipar, Ellenzék, P. Hírlap, A Cél-ban. – <strong>F. m.:</strong> Mi módon lehetne az iskolai nyelvrontáson segíteni s a helyes magyarságot megvalósítani (Szeged, 1899); A XX. század igazi népnevelői (Szeged, 1902, 1903); Magyarország oknyomozó történelme dióhéjban (Bp., 1904, 1912); Székely fürdők (Szeged, 1904), Memorandum a magyar kir. Minisztériumonban fölállítandó szociális ügyosztályok tárgyában (Bp., 1906). A magyar-török-Balkán gazdasági összeköttetés (Bp., 1909); A turánizmus mint nemzeti, faji és világeszme. A győzelem a jobb béke és a szebb jövő alapja (Bp., 1918, 1942); <strong>társsz.:</strong> Magyar irodalomtörténet dióhéjban (Bp. 1904, 1908), A magyar nemzeti irodalom tört. és olvasókönyv (Bp., 1904, 1908); <strong>szerk.:</strong> A 44-esek frontján&#8230;: Somogy-Tolna-i hadi almanach (Bp., 1916). <br /><strong>Irod.:</strong> Biás István; Emlékkönyv, Gulyás, Szinnyei</br></p>

<p>Nagymihály, 1867. febr. 5., † ?: kereskedelmi iskolai tanár, igazgató. – Iskoláit Sárospatakon és Bp.-en végezte, polgári iskolai tanári oklevelet szerzett (1891). Tanítotott Szegeden (1894–), Bp.-en az Állami Kereskedelmi iskolában (1907–30.). A mv.-i Ref. Polgári Leányiskola igazgatója volt. Tagja a M. Védő Egyesület igazgatói tanácsának, a mv.-i Kereskedelmi és Iparkamara., a Dugonics Társaság és a [&hellip;]</p>
