{"id":16376,"date":"2025-07-15T16:14:42","date_gmt":"2025-07-15T14:14:42","guid":{"rendered":"https:\/\/uj.adatbank.ro\/lexikon\/termek\/nagy-laszlo-10\/"},"modified":"2025-07-15T16:14:42","modified_gmt":"2025-07-15T14:14:42","slug":"nagy-laszlo-10","status":"publish","type":"product","link":"https:\/\/uj.adatbank.ro\/lexikon\/termek\/nagy-laszlo-10\/","title":{"rendered":"NAGY L\u00e1szl\u00f3"},"content":{"rendered":"<p>? \u2020 ?: fafarag\u00f3. \u2013 Kor\u00e1n \u00e1rv\u00e1n maradt, napsz\u00e1mos majd fafarag\u00f3 Ny\u00e1r\u00e1dmogyor\u00f3son. Meg\u00edrta \u00f6n\u00e9letrajz\u00e1t hat f\u00fczetben. \u00cdr\u00f3v\u00e9s\u0151 \u00e9s fakalap\u00e1cs c. A Ny\u00e1r\u00e1d menti falvakban \u00e9p\u00edtett faragott kapukat, domborm\u0171veket Bandi Dezs\u0151 biztat\u00e1s\u00e1ra. Munk\u00e1i elj\u00fatottak orsz\u00e1gos ki\u00e1ll\u00edt\u00e1sokra, m\u00fazeumokban, diplom\u00e1kat, d\u00edjakat szereztek sz\u00e1m\u00e1ra. <br \/><strong>Irod.:<\/strong> Barab\u00e1s L\u00e1szl\u00f3: \u00cdr\u00f3v\u00e9s\u0151 \u00e9s fakalap\u00e1cs (V.Z., 1988. j\u00fal. 9.)<\/br><\/p>\n","protected":false},"excerpt":{"rendered":"<p>? \u2020 ?: fafarag\u00f3. \u2013 Kor\u00e1n \u00e1rv\u00e1n maradt, napsz\u00e1mos majd fafarag\u00f3 Ny\u00e1r\u00e1dmogyor\u00f3son. Meg\u00edrta \u00f6n\u00e9letrajz\u00e1t hat f\u00fczetben. \u00cdr\u00f3v\u00e9s\u0151 \u00e9s fakalap\u00e1cs c. A Ny\u00e1r\u00e1d menti falvakban \u00e9p\u00edtett faragott kapukat, domborm\u0171veket Bandi Dezs\u0151 biztat\u00e1s\u00e1ra. Munk\u00e1i elj\u00fatottak orsz\u00e1gos ki\u00e1ll\u00edt\u00e1sokra, m\u00fazeumokban, diplom\u00e1kat, d\u00edjakat szereztek sz\u00e1m\u00e1ra. Irod.: Barab\u00e1s L\u00e1szl\u00f3: \u00cdr\u00f3v\u00e9s\u0151 \u00e9s fakalap\u00e1cs (V.Z., 1988. j\u00fal. 9.)<\/p>\n","protected":false},"featured_media":0,"comment_status":"open","ping_status":"closed","template":"","meta":[],"product_brand":[],"product_cat":[137],"product_tag":[],"class_list":{"0":"post-16376","1":"product","2":"type-product","3":"status-publish","5":"product_cat-maros-megyei-eletrajzi-lexikon","7":"first","8":"instock","9":"shipping-taxable","10":"product-type-simple"},"_links":{"self":[{"href":"https:\/\/uj.adatbank.ro\/lexikon\/wp-json\/wp\/v2\/product\/16376","targetHints":{"allow":["GET"]}}],"collection":[{"href":"https:\/\/uj.adatbank.ro\/lexikon\/wp-json\/wp\/v2\/product"}],"about":[{"href":"https:\/\/uj.adatbank.ro\/lexikon\/wp-json\/wp\/v2\/types\/product"}],"replies":[{"embeddable":true,"href":"https:\/\/uj.adatbank.ro\/lexikon\/wp-json\/wp\/v2\/comments?post=16376"}],"wp:attachment":[{"href":"https:\/\/uj.adatbank.ro\/lexikon\/wp-json\/wp\/v2\/media?parent=16376"}],"wp:term":[{"taxonomy":"product_brand","embeddable":true,"href":"https:\/\/uj.adatbank.ro\/lexikon\/wp-json\/wp\/v2\/product_brand?post=16376"},{"taxonomy":"product_cat","embeddable":true,"href":"https:\/\/uj.adatbank.ro\/lexikon\/wp-json\/wp\/v2\/product_cat?post=16376"},{"taxonomy":"product_tag","embeddable":true,"href":"https:\/\/uj.adatbank.ro\/lexikon\/wp-json\/wp\/v2\/product_tag?post=16376"}],"curies":[{"name":"wp","href":"https:\/\/api.w.org\/{rel}","templated":true}]}}

NAGY László

<p>? † ?: fafaragó. – Korán árván maradt, napszámos majd fafaragó Nyárádmogyoróson. Megírta önéletrajzát hat füzetben. Íróvéső és fakalapács c. A Nyárád menti falvakban épített faragott kapukat, domborműveket Bandi Dezső biztatására. Munkái eljútottak országos kiállításokra, múzeumokban, diplomákat, díjakat szereztek számára. <br /><strong>Irod.:</strong> Barabás László: Íróvéső és fakalapács (V.Z., 1988. júl. 9.)</br></p>

<p>? † ?: fafaragó. – Korán árván maradt, napszámos majd fafaragó Nyárádmogyoróson. Megírta önéletrajzát hat füzetben. Íróvéső és fakalapács c. A Nyárád menti falvakban épített faragott kapukat, domborműveket Bandi Dezső biztatására. Munkái eljútottak országos kiállításokra, múzeumokban, diplomákat, díjakat szereztek számára. Irod.: Barabás László: Íróvéső és fakalapács (V.Z., 1988. júl. 9.)</p>
