{"id":16377,"date":"2025-07-15T16:14:43","date_gmt":"2025-07-15T14:14:43","guid":{"rendered":"https:\/\/uj.adatbank.ro\/lexikon\/termek\/nagy-laszlo-11\/"},"modified":"2025-07-15T16:14:43","modified_gmt":"2025-07-15T14:14:43","slug":"nagy-laszlo-11","status":"publish","type":"product","link":"https:\/\/uj.adatbank.ro\/lexikon\/termek\/nagy-laszlo-11\/","title":{"rendered":"NAGY L\u00e1szl\u00f3"},"content":{"rendered":"<p>Marosszentanna, 1913., \u2020 Udvarfalva, 1950. aug. 13.: gazd\u00e1lkod\u00f3. \u2013 Udvarfalva \u00e9s Marosszentanna k\u00f6z\u00f6tti \u00fat mellett l\u0151tte le a securitate (1950. aug.13.\u201314-\u00e9re virrad\u00f3 \u00e9jszaka). Maros megy\u00e9ben egyike a kollektiviz\u00e1l\u00e1s \u00e1ldozatainak.A kollektiviz\u00e1l\u00e1snak ellen\u00e1ll\u00f3 falu lakoss\u00e1g\u00e1t akart\u00e1k megf\u00e9leml\u00edteni. Mih\u00e1ly S\u00e1ndor, a Securitate Maros Megyei Hivatala vezet\u0151j\u00e9nek 1950. \u00e9vi nyilatkozata szerint a kiv\u00e9gz\u00e9sre Coreanu Alexandru Securitate hadnagy kapott parancsot. Csal\u00e1dja, gyereke nem volt, \u00e9desanyj\u00e1t Ny\u00e1r\u00e1dszentbenedekre, sz\u00fcl\u0151faluj\u00e1ba sz\u00e1m\u0171zt\u00e9k, javait elvette a helyi kollekt\u00edv gazdas\u00e1g. <br \/><strong>Irod.:<\/strong> Bak\u00f3 Zolt\u00e1n: Jeltelen s\u00edrnak kondult a harang (N\u00fa., 1993. m\u00e1j. 27.); Bak\u00f3 Zolt\u00e1n: Hatvan \u00e9ve k\u00eds\u00e9rt egy gyilkoss\u00e1g eml\u00e9ke Vadadban (V\u00e1s\u00e1rhelyi H\u00edrlap, 2010. aug. 16.; 2010. aug.17.); Balint; Derzsi F.; Ioni\u0163oiu; L\u00e1szl\u00f3 M\u00e1rton: Kollekt\u00edv gazdas\u00e1g-ellenes akci\u00f3k Maros tartom\u00e1nyban 1950\u20131951 k\u00f6z\u00f6tt (Sz\u00e9kelyf\u00f6ld, 6. sz., 2005. j\u00fan.)<\/br><\/p>\n","protected":false},"excerpt":{"rendered":"<p>Marosszentanna, 1913., \u2020 Udvarfalva, 1950. aug. 13.: gazd\u00e1lkod\u00f3. \u2013 Udvarfalva \u00e9s Marosszentanna k\u00f6z\u00f6tti \u00fat mellett l\u0151tte le a securitate (1950. aug.13.\u201314-\u00e9re virrad\u00f3 \u00e9jszaka). Maros megy\u00e9ben egyike a kollektiviz\u00e1l\u00e1s \u00e1ldozatainak.A kollektiviz\u00e1l\u00e1snak ellen\u00e1ll\u00f3 falu lakoss\u00e1g\u00e1t akart\u00e1k megf\u00e9leml\u00edteni. Mih\u00e1ly S\u00e1ndor, a Securitate Maros Megyei Hivatala vezet\u0151j\u00e9nek 1950. \u00e9vi nyilatkozata szerint a kiv\u00e9gz\u00e9sre Coreanu Alexandru Securitate hadnagy kapott parancsot. [&hellip;]<\/p>\n","protected":false},"featured_media":0,"comment_status":"open","ping_status":"closed","template":"","meta":[],"product_brand":[],"product_cat":[137],"product_tag":[],"class_list":{"0":"post-16377","1":"product","2":"type-product","3":"status-publish","5":"product_cat-maros-megyei-eletrajzi-lexikon","7":"first","8":"instock","9":"shipping-taxable","10":"product-type-simple"},"_links":{"self":[{"href":"https:\/\/uj.adatbank.ro\/lexikon\/wp-json\/wp\/v2\/product\/16377","targetHints":{"allow":["GET"]}}],"collection":[{"href":"https:\/\/uj.adatbank.ro\/lexikon\/wp-json\/wp\/v2\/product"}],"about":[{"href":"https:\/\/uj.adatbank.ro\/lexikon\/wp-json\/wp\/v2\/types\/product"}],"replies":[{"embeddable":true,"href":"https:\/\/uj.adatbank.ro\/lexikon\/wp-json\/wp\/v2\/comments?post=16377"}],"wp:attachment":[{"href":"https:\/\/uj.adatbank.ro\/lexikon\/wp-json\/wp\/v2\/media?parent=16377"}],"wp:term":[{"taxonomy":"product_brand","embeddable":true,"href":"https:\/\/uj.adatbank.ro\/lexikon\/wp-json\/wp\/v2\/product_brand?post=16377"},{"taxonomy":"product_cat","embeddable":true,"href":"https:\/\/uj.adatbank.ro\/lexikon\/wp-json\/wp\/v2\/product_cat?post=16377"},{"taxonomy":"product_tag","embeddable":true,"href":"https:\/\/uj.adatbank.ro\/lexikon\/wp-json\/wp\/v2\/product_tag?post=16377"}],"curies":[{"name":"wp","href":"https:\/\/api.w.org\/{rel}","templated":true}]}}

NAGY László

<p>Marosszentanna, 1913., † Udvarfalva, 1950. aug. 13.: gazdálkodó. – Udvarfalva és Marosszentanna közötti út mellett lőtte le a securitate (1950. aug.13.–14-ére virradó éjszaka). Maros megyében egyike a kollektivizálás áldozatainak.A kollektivizálásnak ellenálló falu lakosságát akarták megfélemlíteni. Mihály Sándor, a Securitate Maros Megyei Hivatala vezetőjének 1950. évi nyilatkozata szerint a kivégzésre Coreanu Alexandru Securitate hadnagy kapott parancsot. Családja, gyereke nem volt, édesanyját Nyárádszentbenedekre, szülőfalujába száműzték, javait elvette a helyi kollektív gazdaság. <br /><strong>Irod.:</strong> Bakó Zoltán: Jeltelen sírnak kondult a harang (Nú., 1993. máj. 27.); Bakó Zoltán: Hatvan éve kísért egy gyilkosság emléke Vadadban (Vásárhelyi Hírlap, 2010. aug. 16.; 2010. aug.17.); Balint; Derzsi F.; Ioniţoiu; László Márton: Kollektív gazdaság-ellenes akciók Maros tartományban 1950–1951 között (Székelyföld, 6. sz., 2005. jún.)</br></p>

<p>Marosszentanna, 1913., † Udvarfalva, 1950. aug. 13.: gazdálkodó. – Udvarfalva és Marosszentanna közötti út mellett lőtte le a securitate (1950. aug.13.–14-ére virradó éjszaka). Maros megyében egyike a kollektivizálás áldozatainak.A kollektivizálásnak ellenálló falu lakosságát akarták megfélemlíteni. Mihály Sándor, a Securitate Maros Megyei Hivatala vezetőjének 1950. évi nyilatkozata szerint a kivégzésre Coreanu Alexandru Securitate hadnagy kapott parancsot. [&hellip;]</p>
