{"id":16380,"date":"2025-07-15T16:14:51","date_gmt":"2025-07-15T14:14:51","guid":{"rendered":"https:\/\/uj.adatbank.ro\/lexikon\/termek\/nagy-laszlo-14\/"},"modified":"2025-07-15T16:14:51","modified_gmt":"2025-07-15T14:14:51","slug":"nagy-laszlo-14","status":"publish","type":"product","link":"https:\/\/uj.adatbank.ro\/lexikon\/termek\/nagy-laszlo-14\/","title":{"rendered":"NAGY L\u00e1szl\u00f3"},"content":{"rendered":"<p>Sz\u00e9kelyudvarhely, 1926. m\u00e1rc. 28., \u2020 Kv., 1998. aug. 25.: ref. lelk\u00e9sz. \u2013 Testv\u00e9re dr. Nagy Ferenc orvostudom\u00e1nyok dr. \u00e9s dr. Fekete J\u00f3zsef, d\u00e9sfalvi k\u00f6rorvos, majd dics\u0151szentm\u00e1rtoni r\u00f6ntgenorvos. \u2013 Kv.-on a R. K. F\u0151gimn.-ban v\u00e9gzett (1946). A kv.-i Ref. Teol\u00f3gia \u00e9s a Bolyai TE m.-filoz\u0151fia szak\u00e1n v\u00e9gzett (1946\u201350). Helyettes lelk\u00e9sz Tordoson, seg\u00e9dlelk\u00e9sz Brass\u00f3ban, Tord\u00e1, majd Harangl\u00e1bon volt lelk\u00e9sz, megv\u00e1lasztott\u00e1k Cs\u00e1v\u00e1son lelk\u00e9sznek (1960. dec. 27 \u201374). Szolg\u00e1lata ideje alatt restaur\u00e1lt\u00e1k az orgon\u00e1t, a templomot, visszaperelte az egyh\u00e1z elvett sz\u0151l\u0151j\u00e9t, fel\u00e9p\u00edtett\u00e9k az egyh\u00e1zk\u00f6zs\u00e9g \u00faj par\u00f3ki\u00e1j\u00e1t. Egyh\u00e1zmegyei tan\u00e1csos \u00e9s sz\u00e1mvev\u0151, egyh\u00e1zker\u00fcleti lelk\u00e9szi k\u00e9pvisel\u0151. T\u00e1mogatta a cs\u00e1v\u00e1si k\u00f3rus tev\u00e9kenys\u00e9g\u00e9t. \u00c1llami elismer\u00e9st is kapott (1961. nyar\u00e1n). T\u00f6bb pr\u00e9dik\u00e1ci\u00f3t \u00e9s tanulm\u00e1nyt publik\u00e1lt a Ref. Szeml\u00e9ben. Megh\u00edvt\u00e1k a kv.-i teol\u00f3giai int\u00e9zet f\u0151k\u00f6nyvt\u00e1rosi \u00e1ll\u00e1s\u00e1ba (1974. \u00e1pr. 1.\u2013). Genfben folytatott tanulm\u00e1nyokat (1978\u201379). Felel\u0151s szerkeszt\u0151je az Igeh\u00edrdet\u0151 (1990\u2013), az \u00dczenet (1996\u2013) c. lapoknak \u00e9s a Szemle-F\u00fczetek sorozatnak. A Hang \u00e9s Visszhang c. internetes \u00fajs\u00e1g elind\u00edt\u00f3ja. \u2013 <strong>F. m.:<\/strong> P\u00e1l apostol kapcsolatai levelei protokollj\u00e1ban: P\u00e1l levelei protokollj\u00e1nak theol\u00f3giai k\u00e9rd\u00e9sei (Kv., 1991); Szenczi Moln\u00e1r Albert:A kutat\u00e1s \u00faj \u00fatjai (Kv., 1993); Mad\u00e1ch Imre Az ember trag\u00e9di\u00e1ja c. sz\u00ednm\u0171v\u00e9nek theol\u00f3giai vizsg\u00e1lata (Kv., 1994); Tanulm\u00e1nyok a Cs\u00e1v\u00e1si Reform\u00e1tus Egyh\u00e1zk\u00f6zs\u00e9g t\u00f6rt\u00e9net\u00e9b\u0151l (Kv., 1995); \u201eTiszteld Aty\u00e1dat\u201d: tanulm\u00e1nyok az erd\u00e9lyi Reform\u00e1tus Theol\u00f3gia t\u00f6rt\u00e9net\u00e9nek k\u00f6r\u00e9b\u0151l (Kv., 1995); Cs\u00e1v\u00e1si eml\u00e9kk\u00f6nyv (Kv., 1995); \u201e\u00e9s vid\u00e1mitsd meg az \u00e9n sz\u00edvemet. P\u00e9ld. 27, 11: anekdot\u00e1k \u2013 \u00e9letk\u00e9pek (Kv., 1996); K\u00e1rolyi G\u00e1sp\u00e1r kora, \u00e9lete \u00e9s munk\u00e1ss\u00e1ga ([V\u00e1rad], 1996); Tanulm\u00e1nyok a P\u00e1l-kutat\u00e1s k\u00f6r\u00e9b\u0151l (Kv., 1997); Reform\u00e1tus kereszt\u00e9ny k\u00f6z\u00f6ss\u00e9gi etika: 1. k\u00f6t.: Alapvet\u00e9s (Kv., 1998); <strong>t\u00e1rssz.:<\/strong> Ref. templomi im\u00e1ds\u00e1gosk\u00f6nyv (Kv., 1994). <br \/><strong>Irod.:<\/strong> Cs\u00e1v\u00e1si eml\u00e9kk\u00f6nyv; RMIL; Szigethy Rudolf<\/br><\/p>\n","protected":false},"excerpt":{"rendered":"<p>Sz\u00e9kelyudvarhely, 1926. m\u00e1rc. 28., \u2020 Kv., 1998. aug. 25.: ref. lelk\u00e9sz. \u2013 Testv\u00e9re dr. Nagy Ferenc orvostudom\u00e1nyok dr. \u00e9s dr. Fekete J\u00f3zsef, d\u00e9sfalvi k\u00f6rorvos, majd dics\u0151szentm\u00e1rtoni r\u00f6ntgenorvos. \u2013 Kv.-on a R. K. F\u0151gimn.-ban v\u00e9gzett (1946). A kv.-i Ref. Teol\u00f3gia \u00e9s a Bolyai TE m.-filoz\u0151fia szak\u00e1n v\u00e9gzett (1946\u201350). Helyettes lelk\u00e9sz Tordoson, seg\u00e9dlelk\u00e9sz Brass\u00f3ban, Tord\u00e1, majd Harangl\u00e1bon [&hellip;]<\/p>\n","protected":false},"featured_media":0,"comment_status":"open","ping_status":"closed","template":"","meta":[],"product_brand":[],"product_cat":[137],"product_tag":[],"class_list":{"0":"post-16380","1":"product","2":"type-product","3":"status-publish","5":"product_cat-maros-megyei-eletrajzi-lexikon","7":"first","8":"instock","9":"shipping-taxable","10":"product-type-simple"},"_links":{"self":[{"href":"https:\/\/uj.adatbank.ro\/lexikon\/wp-json\/wp\/v2\/product\/16380","targetHints":{"allow":["GET"]}}],"collection":[{"href":"https:\/\/uj.adatbank.ro\/lexikon\/wp-json\/wp\/v2\/product"}],"about":[{"href":"https:\/\/uj.adatbank.ro\/lexikon\/wp-json\/wp\/v2\/types\/product"}],"replies":[{"embeddable":true,"href":"https:\/\/uj.adatbank.ro\/lexikon\/wp-json\/wp\/v2\/comments?post=16380"}],"wp:attachment":[{"href":"https:\/\/uj.adatbank.ro\/lexikon\/wp-json\/wp\/v2\/media?parent=16380"}],"wp:term":[{"taxonomy":"product_brand","embeddable":true,"href":"https:\/\/uj.adatbank.ro\/lexikon\/wp-json\/wp\/v2\/product_brand?post=16380"},{"taxonomy":"product_cat","embeddable":true,"href":"https:\/\/uj.adatbank.ro\/lexikon\/wp-json\/wp\/v2\/product_cat?post=16380"},{"taxonomy":"product_tag","embeddable":true,"href":"https:\/\/uj.adatbank.ro\/lexikon\/wp-json\/wp\/v2\/product_tag?post=16380"}],"curies":[{"name":"wp","href":"https:\/\/api.w.org\/{rel}","templated":true}]}}

NAGY László

<p>Székelyudvarhely, 1926. márc. 28., † Kv., 1998. aug. 25.: ref. lelkész. – Testvére dr. Nagy Ferenc orvostudományok dr. és dr. Fekete József, désfalvi körorvos, majd dicsőszentmártoni röntgenorvos. – Kv.-on a R. K. Főgimn.-ban végzett (1946). A kv.-i Ref. Teológia és a Bolyai TE m.-filozőfia szakán végzett (1946–50). Helyettes lelkész Tordoson, segédlelkész Brassóban, Tordá, majd Haranglábon volt lelkész, megválasztották Csáváson lelkésznek (1960. dec. 27 –74). Szolgálata ideje alatt restaurálták az orgonát, a templomot, visszaperelte az egyház elvett szőlőjét, felépítették az egyházközség új parókiáját. Egyházmegyei tanácsos és számvevő, egyházkerületi lelkészi képviselő. Támogatta a csávási kórus tevékenységét. Állami elismerést is kapott (1961. nyarán). Több prédikációt és tanulmányt publikált a Ref. Szemlében. Meghívták a kv.-i teológiai intézet főkönyvtárosi állásába (1974. ápr. 1.–). Genfben folytatott tanulmányokat (1978–79). Felelős szerkesztője az Igehírdető (1990–), az Üzenet (1996–) c. lapoknak és a Szemle-Füzetek sorozatnak. A Hang és Visszhang c. internetes újság elindítója. – <strong>F. m.:</strong> Pál apostol kapcsolatai levelei protokolljában: Pál levelei protokolljának theológiai kérdései (Kv., 1991); Szenczi Molnár Albert:A kutatás új útjai (Kv., 1993); Madách Imre Az ember tragédiája c. színművének theológiai vizsgálata (Kv., 1994); Tanulmányok a Csávási Református Egyházközség történetéből (Kv., 1995); „Tiszteld Atyádat”: tanulmányok az erdélyi Református Theológia történetének köréből (Kv., 1995); Csávási emlékkönyv (Kv., 1995); „és vidámitsd meg az én szívemet. Péld. 27, 11: anekdoták – életképek (Kv., 1996); Károlyi Gáspár kora, élete és munkássága ([Várad], 1996); Tanulmányok a Pál-kutatás köréből (Kv., 1997); Református keresztény közösségi etika: 1. köt.: Alapvetés (Kv., 1998); <strong>társsz.:</strong> Ref. templomi imádságoskönyv (Kv., 1994). <br /><strong>Irod.:</strong> Csávási emlékkönyv; RMIL; Szigethy Rudolf</br></p>

<p>Székelyudvarhely, 1926. márc. 28., † Kv., 1998. aug. 25.: ref. lelkész. – Testvére dr. Nagy Ferenc orvostudományok dr. és dr. Fekete József, désfalvi körorvos, majd dicsőszentmártoni röntgenorvos. – Kv.-on a R. K. Főgimn.-ban végzett (1946). A kv.-i Ref. Teológia és a Bolyai TE m.-filozőfia szakán végzett (1946–50). Helyettes lelkész Tordoson, segédlelkész Brassóban, Tordá, majd Haranglábon [&hellip;]</p>
