{"id":16381,"date":"2025-07-15T16:14:53","date_gmt":"2025-07-15T14:14:53","guid":{"rendered":"https:\/\/uj.adatbank.ro\/lexikon\/termek\/nagy-laszlo-15\/"},"modified":"2025-07-15T16:14:53","modified_gmt":"2025-07-15T14:14:53","slug":"nagy-laszlo-15","status":"publish","type":"product","link":"https:\/\/uj.adatbank.ro\/lexikon\/termek\/nagy-laszlo-15\/","title":{"rendered":"NAGY L\u00e1szl\u00f3"},"content":{"rendered":"<p>Mv., 1928. szept. 15., \u2020 Mv., 2014. jan.10.: orvos. \u2013 A k\u00f6z\u00e9piskol\u00e1t a mv.-i Ref. Koll.-ban (1948), az orvosi egyetemet a MOGYI-n v\u00e9gezte (1954). \u00c9lesden volt gyakornok (hat h\u00f3napig). Visszat\u00e9rt Mv.-re \u00e9s gyakornok a K\u00f3rbonctanon (h\u00e1rom \u00e9vig).Gyermekgy\u00f3gy\u00e1sz, doktor\u00e1lt (1970). Tan\u00e1rseg\u00e9d a MOGYI K\u00f3ranat\u00f3miai Tansz\u00e9k\u00e9n (1955\u201358), majd a Gyermekgy\u00f3gy\u00e1szaton orvos (1958\u201384), tan\u00e1rseg\u00e9d (1985\u201391). Sikeres f\u0151orvosi vizsg\u00e1t tett. A klinikai \u00e9s k\u00f3rbonctani g\u00fcm\u00f3k\u00f3ros agyh\u00e1rtyagyullad\u00e1s \u00f6sszehasonl\u00edt\u00f3 vizsg\u00e1lataiban vett r\u00e9szt (1957) \u00e9s k\u00f6z\u00f6lt\u00e9k Gyergyay Ferenc \u00e9s Pusk\u00e1s Gy\u00f6rgy vezet\u00e9s\u00e9vel. Tanulm\u00e1nyai megjelentek a: Revista Medical\u0103-Orvosi Szemle, Pediatrie c. lapokbaban. Nyugd\u00edjba vonult (1992). \u2013 <strong>F. m.:<\/strong> <strong>t\u00e1rssz.:<\/strong> \u00c1ltal\u00e1nos k\u00f3rbonctan.(Mv., 1956); R\u00e9szletes k\u00f3rbonctan.2., r\u00e9szben (Mv., 1957); \u00c1ltal\u00e1nos k\u00f3rbonctan (Morfopathologia generalis). (Buk., 1959); Gyermekgy\u00f3gy\u00e1szat.1.k. (Mv., 1980); Gyermekgy\u00f3gy\u00e1szat. 1\u20132 k. (Mv., 1989). <br \/><strong>Irod.:<\/strong> Kiss-P. \u2013 P; Todea\u2013F\u00fcl\u00f6p\u2013Avram<\/br><\/p>\n","protected":false},"excerpt":{"rendered":"<p>Mv., 1928. szept. 15., \u2020 Mv., 2014. jan.10.: orvos. \u2013 A k\u00f6z\u00e9piskol\u00e1t a mv.-i Ref. Koll.-ban (1948), az orvosi egyetemet a MOGYI-n v\u00e9gezte (1954). \u00c9lesden volt gyakornok (hat h\u00f3napig). Visszat\u00e9rt Mv.-re \u00e9s gyakornok a K\u00f3rbonctanon (h\u00e1rom \u00e9vig).Gyermekgy\u00f3gy\u00e1sz, doktor\u00e1lt (1970). Tan\u00e1rseg\u00e9d a MOGYI K\u00f3ranat\u00f3miai Tansz\u00e9k\u00e9n (1955\u201358), majd a Gyermekgy\u00f3gy\u00e1szaton orvos (1958\u201384), tan\u00e1rseg\u00e9d (1985\u201391). Sikeres f\u0151orvosi vizsg\u00e1t [&hellip;]<\/p>\n","protected":false},"featured_media":0,"comment_status":"open","ping_status":"closed","template":"","meta":[],"product_brand":[],"product_cat":[137],"product_tag":[],"class_list":{"0":"post-16381","1":"product","2":"type-product","3":"status-publish","5":"product_cat-maros-megyei-eletrajzi-lexikon","7":"first","8":"instock","9":"shipping-taxable","10":"product-type-simple"},"_links":{"self":[{"href":"https:\/\/uj.adatbank.ro\/lexikon\/wp-json\/wp\/v2\/product\/16381","targetHints":{"allow":["GET"]}}],"collection":[{"href":"https:\/\/uj.adatbank.ro\/lexikon\/wp-json\/wp\/v2\/product"}],"about":[{"href":"https:\/\/uj.adatbank.ro\/lexikon\/wp-json\/wp\/v2\/types\/product"}],"replies":[{"embeddable":true,"href":"https:\/\/uj.adatbank.ro\/lexikon\/wp-json\/wp\/v2\/comments?post=16381"}],"wp:attachment":[{"href":"https:\/\/uj.adatbank.ro\/lexikon\/wp-json\/wp\/v2\/media?parent=16381"}],"wp:term":[{"taxonomy":"product_brand","embeddable":true,"href":"https:\/\/uj.adatbank.ro\/lexikon\/wp-json\/wp\/v2\/product_brand?post=16381"},{"taxonomy":"product_cat","embeddable":true,"href":"https:\/\/uj.adatbank.ro\/lexikon\/wp-json\/wp\/v2\/product_cat?post=16381"},{"taxonomy":"product_tag","embeddable":true,"href":"https:\/\/uj.adatbank.ro\/lexikon\/wp-json\/wp\/v2\/product_tag?post=16381"}],"curies":[{"name":"wp","href":"https:\/\/api.w.org\/{rel}","templated":true}]}}

NAGY László

<p>Mv., 1928. szept. 15., † Mv., 2014. jan.10.: orvos. – A középiskolát a mv.-i Ref. Koll.-ban (1948), az orvosi egyetemet a MOGYI-n végezte (1954). Élesden volt gyakornok (hat hónapig). Visszatért Mv.-re és gyakornok a Kórbonctanon (három évig).Gyermekgyógyász, doktorált (1970). Tanársegéd a MOGYI Kóranatómiai Tanszékén (1955–58), majd a Gyermekgyógyászaton orvos (1958–84), tanársegéd (1985–91). Sikeres főorvosi vizsgát tett. A klinikai és kórbonctani gümókóros agyhártyagyulladás összehasonlító vizsgálataiban vett részt (1957) és közölték Gyergyay Ferenc és Puskás György vezetésével. Tanulmányai megjelentek a: Revista Medicală-Orvosi Szemle, Pediatrie c. lapokbaban. Nyugdíjba vonult (1992). – <strong>F. m.:</strong> <strong>társsz.:</strong> Általános kórbonctan.(Mv., 1956); Részletes kórbonctan.2., részben (Mv., 1957); Általános kórbonctan (Morfopathologia generalis). (Buk., 1959); Gyermekgyógyászat.1.k. (Mv., 1980); Gyermekgyógyászat. 1–2 k. (Mv., 1989). <br /><strong>Irod.:</strong> Kiss-P. – P; Todea–Fülöp–Avram</br></p>

<p>Mv., 1928. szept. 15., † Mv., 2014. jan.10.: orvos. – A középiskolát a mv.-i Ref. Koll.-ban (1948), az orvosi egyetemet a MOGYI-n végezte (1954). Élesden volt gyakornok (hat hónapig). Visszatért Mv.-re és gyakornok a Kórbonctanon (három évig).Gyermekgyógyász, doktorált (1970). Tanársegéd a MOGYI Kóranatómiai Tanszékén (1955–58), majd a Gyermekgyógyászaton orvos (1958–84), tanársegéd (1985–91). Sikeres főorvosi vizsgát [&hellip;]</p>
