{"id":16388,"date":"2025-07-15T16:15:12","date_gmt":"2025-07-15T14:15:12","guid":{"rendered":"https:\/\/uj.adatbank.ro\/lexikon\/termek\/nagy-level-jozsef-nagy-jozsef-level-id\/"},"modified":"2025-07-15T16:15:12","modified_gmt":"2025-07-15T14:15:12","slug":"nagy-level-jozsef-nagy-jozsef-level-id","status":"publish","type":"product","link":"https:\/\/uj.adatbank.ro\/lexikon\/termek\/nagy-level-jozsef-nagy-jozsef-level-id\/","title":{"rendered":"NAGY LEV\u00c9L J\u00f3zsef, Nagy J\u00f3zsef, Lev\u00e9l, id."},"content":{"rendered":"<p>? \u2020 ?: ref. lelk\u00e9sz. \u2013 Mv.-en subscrib\u00e1lt (1765). Marburgban (1776) \u00e9s Bernben (1779\u201381) peregrin\u00e1lt. A berni peregrinus v\u00e9lhet\u0151en m\u00e1s, azonos nev\u0171 szem\u00e9ly, hiszen 1780-ban m\u00e1r itthon volt. A sz\u00e9ki zsinaton ordin\u00e1lt\u00e1k (1781). Magyarr\u00e9genben (1781\u201391) \u00e9s Mez\u0151b\u00e1ndon (1792\u20131808) volt lelk\u00e9sz. \u2013 <strong>F. m.:<\/strong> A szent\u00edr\u00e1s sz\u00fcks\u00e9ges volt\u00e1nak, a j\u00f3zan okoskod\u00e1sb\u00f3l lett meg-mutogattat\u00e1sa. Mellyet\u2026 1791. eszt. pr\u00e9dik\u00e1tzio form\u00e1ban k\u00e9sz\u00edtett, \u00e9s\u2026 a Tsit Szent-Iv\u00e1nyi ref. templomban el-is mondott: most pedig a Szent \u00edr\u00e1snak Istent\u0151l lett sz\u00e1rmaz\u00e1s\u00e1t hiv\u0151, \u00e9s annak fundamentominak vizsg\u00e1l\u00e1s\u00e1ban gy\u00f6ny\u00f6rk\u00f6d\u0151 igaz kereszty\u00e9neknek hasznokra\u2026 vil\u00e1g eleibe bots\u00e1tott. M.-V\u00e1s\u00e1rhely, 1805: K\u00e9t besz\u00e9d. (Mv., 1794, v. 1805). <br \/><strong>Irod.:<\/strong> Kr\u00f3n. F\u00fcz. (1939. 4\/7); \u0150sz; Szinnyei<\/br><\/p>\n","protected":false},"excerpt":{"rendered":"<p>? \u2020 ?: ref. lelk\u00e9sz. \u2013 Mv.-en subscrib\u00e1lt (1765). Marburgban (1776) \u00e9s Bernben (1779\u201381) peregrin\u00e1lt. A berni peregrinus v\u00e9lhet\u0151en m\u00e1s, azonos nev\u0171 szem\u00e9ly, hiszen 1780-ban m\u00e1r itthon volt. A sz\u00e9ki zsinaton ordin\u00e1lt\u00e1k (1781). Magyarr\u00e9genben (1781\u201391) \u00e9s Mez\u0151b\u00e1ndon (1792\u20131808) volt lelk\u00e9sz. \u2013 F. m.: A szent\u00edr\u00e1s sz\u00fcks\u00e9ges volt\u00e1nak, a j\u00f3zan okoskod\u00e1sb\u00f3l lett meg-mutogattat\u00e1sa. Mellyet\u2026 1791. eszt. [&hellip;]<\/p>\n","protected":false},"featured_media":0,"comment_status":"open","ping_status":"closed","template":"","meta":[],"product_brand":[],"product_cat":[137],"product_tag":[],"class_list":{"0":"post-16388","1":"product","2":"type-product","3":"status-publish","5":"product_cat-maros-megyei-eletrajzi-lexikon","7":"first","8":"instock","9":"shipping-taxable","10":"product-type-simple"},"_links":{"self":[{"href":"https:\/\/uj.adatbank.ro\/lexikon\/wp-json\/wp\/v2\/product\/16388","targetHints":{"allow":["GET"]}}],"collection":[{"href":"https:\/\/uj.adatbank.ro\/lexikon\/wp-json\/wp\/v2\/product"}],"about":[{"href":"https:\/\/uj.adatbank.ro\/lexikon\/wp-json\/wp\/v2\/types\/product"}],"replies":[{"embeddable":true,"href":"https:\/\/uj.adatbank.ro\/lexikon\/wp-json\/wp\/v2\/comments?post=16388"}],"wp:attachment":[{"href":"https:\/\/uj.adatbank.ro\/lexikon\/wp-json\/wp\/v2\/media?parent=16388"}],"wp:term":[{"taxonomy":"product_brand","embeddable":true,"href":"https:\/\/uj.adatbank.ro\/lexikon\/wp-json\/wp\/v2\/product_brand?post=16388"},{"taxonomy":"product_cat","embeddable":true,"href":"https:\/\/uj.adatbank.ro\/lexikon\/wp-json\/wp\/v2\/product_cat?post=16388"},{"taxonomy":"product_tag","embeddable":true,"href":"https:\/\/uj.adatbank.ro\/lexikon\/wp-json\/wp\/v2\/product_tag?post=16388"}],"curies":[{"name":"wp","href":"https:\/\/api.w.org\/{rel}","templated":true}]}}

NAGY LEVÉL József, Nagy József, Levél, id.

<p>? † ?: ref. lelkész. – Mv.-en subscribált (1765). Marburgban (1776) és Bernben (1779–81) peregrinált. A berni peregrinus vélhetően más, azonos nevű személy, hiszen 1780-ban már itthon volt. A széki zsinaton ordinálták (1781). Magyarrégenben (1781–91) és Mezőbándon (1792–1808) volt lelkész. – <strong>F. m.:</strong> A szentírás szükséges voltának, a józan okoskodásból lett meg-mutogattatása. Mellyet… 1791. eszt. prédikátzio formában készített, és… a Tsit Szent-Iványi ref. templomban el-is mondott: most pedig a Szent írásnak Istentől lett származását hivő, és annak fundamentominak vizsgálásában gyönyörködő igaz keresztyéneknek hasznokra… világ eleibe botsátott. M.-Vásárhely, 1805: Két beszéd. (Mv., 1794, v. 1805). <br /><strong>Irod.:</strong> Krón. Füz. (1939. 4/7); Ősz; Szinnyei</br></p>

<p>? † ?: ref. lelkész. – Mv.-en subscribált (1765). Marburgban (1776) és Bernben (1779–81) peregrinált. A berni peregrinus vélhetően más, azonos nevű személy, hiszen 1780-ban már itthon volt. A széki zsinaton ordinálták (1781). Magyarrégenben (1781–91) és Mezőbándon (1792–1808) volt lelkész. – F. m.: A szentírás szükséges voltának, a józan okoskodásból lett meg-mutogattatása. Mellyet… 1791. eszt. [&hellip;]</p>
