{"id":16403,"date":"2025-07-15T16:15:41","date_gmt":"2025-07-15T14:15:41","guid":{"rendered":"https:\/\/uj.adatbank.ro\/lexikon\/termek\/nagy-marton-p-martonosi-marton\/"},"modified":"2025-07-15T16:15:41","modified_gmt":"2025-07-15T14:15:41","slug":"nagy-marton-p-martonosi-marton","status":"publish","type":"product","link":"https:\/\/uj.adatbank.ro\/lexikon\/termek\/nagy-marton-p-martonosi-marton\/","title":{"rendered":"NAGY M\u00e1rton, P., Martonosi M\u00e1rton"},"content":{"rendered":"<p>K\u00e9zdim\u00e1rtonos, 1622., \u2020 Mikh\u00e1za, 1654. okt. 26.: ferences szerzetes. \u2013 Be\u00f6lt\u00f6z\u00f6tt (1672. j\u00fal. 14.), felszentelt\u00e9k (1678. dec. 17.). Definitor (1690\u201393). <br \/><strong>Irod.:<\/strong> Gy\u00f6rgy: A ferencrendiek<\/br><\/p>\n","protected":false},"excerpt":{"rendered":"<p>K\u00e9zdim\u00e1rtonos, 1622., \u2020 Mikh\u00e1za, 1654. okt. 26.: ferences szerzetes. \u2013 Be\u00f6lt\u00f6z\u00f6tt (1672. j\u00fal. 14.), felszentelt\u00e9k (1678. dec. 17.). Definitor (1690\u201393). Irod.: Gy\u00f6rgy: A ferencrendiek<\/p>\n","protected":false},"featured_media":0,"comment_status":"open","ping_status":"closed","template":"","meta":[],"product_brand":[],"product_cat":[137],"product_tag":[],"class_list":{"0":"post-16403","1":"product","2":"type-product","3":"status-publish","5":"product_cat-maros-megyei-eletrajzi-lexikon","7":"first","8":"instock","9":"shipping-taxable","10":"product-type-simple"},"_links":{"self":[{"href":"https:\/\/uj.adatbank.ro\/lexikon\/wp-json\/wp\/v2\/product\/16403","targetHints":{"allow":["GET"]}}],"collection":[{"href":"https:\/\/uj.adatbank.ro\/lexikon\/wp-json\/wp\/v2\/product"}],"about":[{"href":"https:\/\/uj.adatbank.ro\/lexikon\/wp-json\/wp\/v2\/types\/product"}],"replies":[{"embeddable":true,"href":"https:\/\/uj.adatbank.ro\/lexikon\/wp-json\/wp\/v2\/comments?post=16403"}],"wp:attachment":[{"href":"https:\/\/uj.adatbank.ro\/lexikon\/wp-json\/wp\/v2\/media?parent=16403"}],"wp:term":[{"taxonomy":"product_brand","embeddable":true,"href":"https:\/\/uj.adatbank.ro\/lexikon\/wp-json\/wp\/v2\/product_brand?post=16403"},{"taxonomy":"product_cat","embeddable":true,"href":"https:\/\/uj.adatbank.ro\/lexikon\/wp-json\/wp\/v2\/product_cat?post=16403"},{"taxonomy":"product_tag","embeddable":true,"href":"https:\/\/uj.adatbank.ro\/lexikon\/wp-json\/wp\/v2\/product_tag?post=16403"}],"curies":[{"name":"wp","href":"https:\/\/api.w.org\/{rel}","templated":true}]}}