{"id":16404,"date":"2025-07-15T16:15:43","date_gmt":"2025-07-15T14:15:43","guid":{"rendered":"https:\/\/uj.adatbank.ro\/lexikon\/termek\/nagy-martonne-sofalvi-zsuzsanna\/"},"modified":"2025-07-15T16:15:43","modified_gmt":"2025-07-15T14:15:43","slug":"nagy-martonne-sofalvi-zsuzsanna","status":"publish","type":"product","link":"https:\/\/uj.adatbank.ro\/lexikon\/termek\/nagy-martonne-sofalvi-zsuzsanna\/","title":{"rendered":"NAGY M\u00e1rtonn\u00e9 S\u00f3falvi Zsuzsanna"},"content":{"rendered":"<p>19.sz.? \u2020 : \u00c1kosfalvi lak\u00f3s.Telket adom\u00e1nyozott \u00e9s kis unit\u00e1rius templomot \u00e9p\u00edttetett r\u00e1. H\u00e1z\u00e1nak j\u00f6vedelm\u00e9t az egyh\u00e1zk\u00f6zs\u00e9gnek adta (1844). <br \/><strong>Irod.:<\/strong> Kelemen<\/br><\/p>\n","protected":false},"excerpt":{"rendered":"<p>19.sz.? \u2020 : \u00c1kosfalvi lak\u00f3s.Telket adom\u00e1nyozott \u00e9s kis unit\u00e1rius templomot \u00e9p\u00edttetett r\u00e1. H\u00e1z\u00e1nak j\u00f6vedelm\u00e9t az egyh\u00e1zk\u00f6zs\u00e9gnek adta (1844). Irod.: Kelemen<\/p>\n","protected":false},"featured_media":0,"comment_status":"open","ping_status":"closed","template":"","meta":[],"product_brand":[],"product_cat":[137],"product_tag":[],"class_list":{"0":"post-16404","1":"product","2":"type-product","3":"status-publish","5":"product_cat-maros-megyei-eletrajzi-lexikon","7":"first","8":"instock","9":"shipping-taxable","10":"product-type-simple"},"_links":{"self":[{"href":"https:\/\/uj.adatbank.ro\/lexikon\/wp-json\/wp\/v2\/product\/16404","targetHints":{"allow":["GET"]}}],"collection":[{"href":"https:\/\/uj.adatbank.ro\/lexikon\/wp-json\/wp\/v2\/product"}],"about":[{"href":"https:\/\/uj.adatbank.ro\/lexikon\/wp-json\/wp\/v2\/types\/product"}],"replies":[{"embeddable":true,"href":"https:\/\/uj.adatbank.ro\/lexikon\/wp-json\/wp\/v2\/comments?post=16404"}],"wp:attachment":[{"href":"https:\/\/uj.adatbank.ro\/lexikon\/wp-json\/wp\/v2\/media?parent=16404"}],"wp:term":[{"taxonomy":"product_brand","embeddable":true,"href":"https:\/\/uj.adatbank.ro\/lexikon\/wp-json\/wp\/v2\/product_brand?post=16404"},{"taxonomy":"product_cat","embeddable":true,"href":"https:\/\/uj.adatbank.ro\/lexikon\/wp-json\/wp\/v2\/product_cat?post=16404"},{"taxonomy":"product_tag","embeddable":true,"href":"https:\/\/uj.adatbank.ro\/lexikon\/wp-json\/wp\/v2\/product_tag?post=16404"}],"curies":[{"name":"wp","href":"https:\/\/api.w.org\/{rel}","templated":true}]}}