{"id":16411,"date":"2025-07-15T16:15:57","date_gmt":"2025-07-15T14:15:57","guid":{"rendered":"https:\/\/uj.adatbank.ro\/lexikon\/termek\/nagy-mihaly-5\/"},"modified":"2025-07-15T16:15:57","modified_gmt":"2025-07-15T14:15:57","slug":"nagy-mihaly-5","status":"publish","type":"product","link":"https:\/\/uj.adatbank.ro\/lexikon\/termek\/nagy-mihaly-5\/","title":{"rendered":"NAGY Mih\u00e1ly"},"content":{"rendered":"<p>? \u2020 ?: ref. lelk\u00e9sz. \u2013 D\u00e9si J\u00f3zsef somosdi ref. lelk\u00e9sz mellett lelk\u00e9sz, D\u00e9si \u00f6regs\u00e9ge miatt nem mindig tudta szolg\u00e1lat\u00e1t ell\u00e1tni, seg\u00e9dlelk\u00e9szk\u00e9nt ker\u00fclt a faluba (1790\u201392). Sz\u00f6v\u00e9rden is szolg\u00e1lt (1812\u201316), majd Ny\u00e1r\u00e1dkar\u00e1csonyban (1816\u20131835). Saj\u00e1t h\u00e1trahagyott feljegyz\u00e9sei szerint ott n\u00e9gy nap alatt k\u00e9tszer gy\u00fajtott\u00e1k fel: el\u0151bb a gabon\u00e1s\u00e1t (1817. febr. 8.), majd a h\u00e1z\u00e1t ( febr. 11.), minek k\u00f6vetkezt\u00e9ben minden addig szerzett ing\u00f3s\u00e1ga eleny\u00e9szett. Bergeny\u00e9ben is szolg\u00e1lt (1735\u201340), ahol fia, S\u00e1muel, lett az ut\u00f3da (1840\u201355). <br \/><strong>Irod.:<\/strong> Imreh Barna; Somosd<\/br><\/p>\n","protected":false},"excerpt":{"rendered":"<p>? \u2020 ?: ref. lelk\u00e9sz. \u2013 D\u00e9si J\u00f3zsef somosdi ref. lelk\u00e9sz mellett lelk\u00e9sz, D\u00e9si \u00f6regs\u00e9ge miatt nem mindig tudta szolg\u00e1lat\u00e1t ell\u00e1tni, seg\u00e9dlelk\u00e9szk\u00e9nt ker\u00fclt a faluba (1790\u201392). Sz\u00f6v\u00e9rden is szolg\u00e1lt (1812\u201316), majd Ny\u00e1r\u00e1dkar\u00e1csonyban (1816\u20131835). Saj\u00e1t h\u00e1trahagyott feljegyz\u00e9sei szerint ott n\u00e9gy nap alatt k\u00e9tszer gy\u00fajtott\u00e1k fel: el\u0151bb a gabon\u00e1s\u00e1t (1817. febr. 8.), majd a h\u00e1z\u00e1t ( febr. [&hellip;]<\/p>\n","protected":false},"featured_media":0,"comment_status":"open","ping_status":"closed","template":"","meta":[],"product_brand":[],"product_cat":[137],"product_tag":[],"class_list":{"0":"post-16411","1":"product","2":"type-product","3":"status-publish","5":"product_cat-maros-megyei-eletrajzi-lexikon","7":"first","8":"instock","9":"shipping-taxable","10":"product-type-simple"},"_links":{"self":[{"href":"https:\/\/uj.adatbank.ro\/lexikon\/wp-json\/wp\/v2\/product\/16411","targetHints":{"allow":["GET"]}}],"collection":[{"href":"https:\/\/uj.adatbank.ro\/lexikon\/wp-json\/wp\/v2\/product"}],"about":[{"href":"https:\/\/uj.adatbank.ro\/lexikon\/wp-json\/wp\/v2\/types\/product"}],"replies":[{"embeddable":true,"href":"https:\/\/uj.adatbank.ro\/lexikon\/wp-json\/wp\/v2\/comments?post=16411"}],"wp:attachment":[{"href":"https:\/\/uj.adatbank.ro\/lexikon\/wp-json\/wp\/v2\/media?parent=16411"}],"wp:term":[{"taxonomy":"product_brand","embeddable":true,"href":"https:\/\/uj.adatbank.ro\/lexikon\/wp-json\/wp\/v2\/product_brand?post=16411"},{"taxonomy":"product_cat","embeddable":true,"href":"https:\/\/uj.adatbank.ro\/lexikon\/wp-json\/wp\/v2\/product_cat?post=16411"},{"taxonomy":"product_tag","embeddable":true,"href":"https:\/\/uj.adatbank.ro\/lexikon\/wp-json\/wp\/v2\/product_tag?post=16411"}],"curies":[{"name":"wp","href":"https:\/\/api.w.org\/{rel}","templated":true}]}}

NAGY Mihály

<p>? † ?: ref. lelkész. – Dési József somosdi ref. lelkész mellett lelkész, Dési öregsége miatt nem mindig tudta szolgálatát ellátni, segédlelkészként került a faluba (1790–92). Szövérden is szolgált (1812–16), majd Nyárádkarácsonyban (1816–1835). Saját hátrahagyott feljegyzései szerint ott négy nap alatt kétszer gyújtották fel: előbb a gabonását (1817. febr. 8.), majd a házát ( febr. 11.), minek következtében minden addig szerzett ingósága elenyészett. Bergenyében is szolgált (1735–40), ahol fia, Sámuel, lett az utóda (1840–55). <br /><strong>Irod.:</strong> Imreh Barna; Somosd</br></p>

<p>? † ?: ref. lelkész. – Dési József somosdi ref. lelkész mellett lelkész, Dési öregsége miatt nem mindig tudta szolgálatát ellátni, segédlelkészként került a faluba (1790–92). Szövérden is szolgált (1812–16), majd Nyárádkarácsonyban (1816–1835). Saját hátrahagyott feljegyzései szerint ott négy nap alatt kétszer gyújtották fel: előbb a gabonását (1817. febr. 8.), majd a házát ( febr. [&hellip;]</p>
