{"id":16414,"date":"2025-07-15T16:16:02","date_gmt":"2025-07-15T14:16:02","guid":{"rendered":"https:\/\/uj.adatbank.ro\/lexikon\/termek\/nagy-mihaly-8\/"},"modified":"2025-07-15T16:16:02","modified_gmt":"2025-07-15T14:16:02","slug":"nagy-mihaly-8","status":"publish","type":"product","link":"https:\/\/uj.adatbank.ro\/lexikon\/termek\/nagy-mihaly-8\/","title":{"rendered":"NAGY Mih\u00e1ly"},"content":{"rendered":"<p>Marosillye, 1905. m\u00e1j. 8., \u2020 Mv., 1972. \u00e1pr. 17.:lakatos, p\u00e1rtakativista. \u2013 Eszerg\u00e1lyosinas (1919\u201322), lakatos seg\u00e9dmunk\u00e1s, kapcsolatba ker\u00fclt a munk\u00e1smozgalommal, a vasutn\u00e1l dolgozott (\u20131945), p\u00e1rt aktivista lett (1945\u2013), sz\u00e1mos felel\u0151s beoszt\u00e1sban dolgozott \u00e9s a vezet\u0151i adotts\u00e1gai\u00e9rt bev\u00e1lasztott\u00e1k a RKP Maros megyei bizotts\u00e1g\u00e1ba, marostartom\u00e1nyi p\u00e1rtszervezet els\u0151 titk\u00e1ra (1950\u201351), Brass\u00f3ban a CFR tartom\u00e1nyi politikai igazgat\u00f3s\u00e1g\u00e1nak f\u0151n\u00f6ke (1952\u2013), majd a tartom\u00e1nyi n\u00e9ptan\u00e1cs oszt\u00e1lyvezet\u0151je. A mv.-i K\u00f6z\u00fczemek igazgat\u00f3ja nyugd\u00edjaz\u00e1s\u00e1ig (1959\u2013). Tartom\u00e1nyi \u00e9s v\u00e1rosi k\u00e9pvisel\u0151 volt, majd a ter\u00fcleti-k\u00f6z\u00f6gazgat\u00e1si \u00e1tszervez\u00e9s ut\u00e1n a Mv. munic\u00edpium n\u00e9ptan\u00e1csi k\u00e9pvisel\u0151je. A RSZK \u00e9rdemrendjeivel \u00e9s \u00e9rdem\u00e9rmeivel t\u00fcntett\u00e9k ki. <br \/><strong>Irod.:<\/strong> N. M. elvt\u00e1rs (N\u00e9p\u00fajs\u00e1g, 1950. nov. 5.); N.M. [Nekrol\u00f3g] (V.Z., 1972. \u00e1pr. 18.); L\u00e1szl\u00f3 M\u00e1rton: Kollekt\u00edv gazdas\u00e1g-ellenes akci\u00f3k Maros tartom\u00e1nyban 1950\u20131951 k\u00f6z\u00f6tt (Sz\u00e9kelyf\u00f6ld, 6. sz., 2005. j\u00fan.)<\/br><\/p>\n","protected":false},"excerpt":{"rendered":"<p>Marosillye, 1905. m\u00e1j. 8., \u2020 Mv., 1972. \u00e1pr. 17.:lakatos, p\u00e1rtakativista. \u2013 Eszerg\u00e1lyosinas (1919\u201322), lakatos seg\u00e9dmunk\u00e1s, kapcsolatba ker\u00fclt a munk\u00e1smozgalommal, a vasutn\u00e1l dolgozott (\u20131945), p\u00e1rt aktivista lett (1945\u2013), sz\u00e1mos felel\u0151s beoszt\u00e1sban dolgozott \u00e9s a vezet\u0151i adotts\u00e1gai\u00e9rt bev\u00e1lasztott\u00e1k a RKP Maros megyei bizotts\u00e1g\u00e1ba, marostartom\u00e1nyi p\u00e1rtszervezet els\u0151 titk\u00e1ra (1950\u201351), Brass\u00f3ban a CFR tartom\u00e1nyi politikai igazgat\u00f3s\u00e1g\u00e1nak f\u0151n\u00f6ke (1952\u2013), majd [&hellip;]<\/p>\n","protected":false},"featured_media":0,"comment_status":"open","ping_status":"closed","template":"","meta":[],"product_brand":[],"product_cat":[137],"product_tag":[],"class_list":{"0":"post-16414","1":"product","2":"type-product","3":"status-publish","5":"product_cat-maros-megyei-eletrajzi-lexikon","7":"first","8":"instock","9":"shipping-taxable","10":"product-type-simple"},"_links":{"self":[{"href":"https:\/\/uj.adatbank.ro\/lexikon\/wp-json\/wp\/v2\/product\/16414","targetHints":{"allow":["GET"]}}],"collection":[{"href":"https:\/\/uj.adatbank.ro\/lexikon\/wp-json\/wp\/v2\/product"}],"about":[{"href":"https:\/\/uj.adatbank.ro\/lexikon\/wp-json\/wp\/v2\/types\/product"}],"replies":[{"embeddable":true,"href":"https:\/\/uj.adatbank.ro\/lexikon\/wp-json\/wp\/v2\/comments?post=16414"}],"wp:attachment":[{"href":"https:\/\/uj.adatbank.ro\/lexikon\/wp-json\/wp\/v2\/media?parent=16414"}],"wp:term":[{"taxonomy":"product_brand","embeddable":true,"href":"https:\/\/uj.adatbank.ro\/lexikon\/wp-json\/wp\/v2\/product_brand?post=16414"},{"taxonomy":"product_cat","embeddable":true,"href":"https:\/\/uj.adatbank.ro\/lexikon\/wp-json\/wp\/v2\/product_cat?post=16414"},{"taxonomy":"product_tag","embeddable":true,"href":"https:\/\/uj.adatbank.ro\/lexikon\/wp-json\/wp\/v2\/product_tag?post=16414"}],"curies":[{"name":"wp","href":"https:\/\/api.w.org\/{rel}","templated":true}]}}

NAGY Mihály

<p>Marosillye, 1905. máj. 8., † Mv., 1972. ápr. 17.:lakatos, pártakativista. – Eszergályosinas (1919–22), lakatos segédmunkás, kapcsolatba került a munkásmozgalommal, a vasutnál dolgozott (–1945), párt aktivista lett (1945–), számos felelős beosztásban dolgozott és a vezetői adottságaiért beválasztották a RKP Maros megyei bizottságába, marostartományi pártszervezet első titkára (1950–51), Brassóban a CFR tartományi politikai igazgatóságának főnöke (1952–), majd a tartományi néptanács osztályvezetője. A mv.-i Közüzemek igazgatója nyugdíjazásáig (1959–). Tartományi és városi képviselő volt, majd a területi-közögazgatási átszervezés után a Mv. municípium néptanácsi képviselője. A RSZK érdemrendjeivel és érdemérmeivel tüntették ki. <br /><strong>Irod.:</strong> N. M. elvtárs (Népújság, 1950. nov. 5.); N.M. [Nekrológ] (V.Z., 1972. ápr. 18.); László Márton: Kollektív gazdaság-ellenes akciók Maros tartományban 1950–1951 között (Székelyföld, 6. sz., 2005. jún.)</br></p>

<p>Marosillye, 1905. máj. 8., † Mv., 1972. ápr. 17.:lakatos, pártakativista. – Eszergályosinas (1919–22), lakatos segédmunkás, kapcsolatba került a munkásmozgalommal, a vasutnál dolgozott (–1945), párt aktivista lett (1945–), számos felelős beosztásban dolgozott és a vezetői adottságaiért beválasztották a RKP Maros megyei bizottságába, marostartományi pártszervezet első titkára (1950–51), Brassóban a CFR tartományi politikai igazgatóságának főnöke (1952–), majd [&hellip;]</p>
