{"id":16416,"date":"2025-07-15T16:16:06","date_gmt":"2025-07-15T14:16:06","guid":{"rendered":"https:\/\/uj.adatbank.ro\/lexikon\/termek\/nagy-mihaly-gyeresszentkiralyi\/"},"modified":"2025-07-15T16:16:06","modified_gmt":"2025-07-15T14:16:06","slug":"nagy-mihaly-gyeresszentkiralyi","status":"publish","type":"product","link":"https:\/\/uj.adatbank.ro\/lexikon\/termek\/nagy-mihaly-gyeresszentkiralyi\/","title":{"rendered":"NAGY Mih\u00e1ly, gy\u00e9resszentkir\u00e1lyi"},"content":{"rendered":"<p>Mv., 1896. szept. 8., \u2020 ?: \u00fcgyv\u00e9d, sz\u00f6vetkezeti \u00fcgy\u00e9sz. \u2013 Kv.-on.. Bp.-en \u00e9s Szegeden tanult, \u00e1llamtudom\u00e1nyb\u00f3l doktor\u00e1lt majd hadb\u00edr\u00f3i, \u00fcgyv\u00e9di, jog \u2013 \u00e9s polg\u00e1ri b\u00edr\u00f3i okl. Szerzett. R\u00e9szt vett az I. vh.-ban, az olaszfronton megsebes\u00fclt. Hadb\u00edr\u00f3 volt (1925\u201327), Nyugd\u00edjba vonul\u00e1sa ut\u00e1n Bp.-en \u00fcgyv\u00e9di irod\u00e1t nyitott, h\u00edres b\u0171n\u00fcgyekben v\u00e9d\u0151. A Nemzeti Szoc. P\u00e1rt alap\u00edt\u00f3 tagja (1928), sz\u00f6vetkezeti \u00fcgy\u00e9sz. A m. h\u00e1bor\u00fas eml\u00e9k\u00e9rem, a sebes\u00fcl\u00e9si \u00e9rem, a bolg\u00e1r, n\u00e9met \u00e9s osztr\u00e1k hadi\u00e9rem birtokosa. Vez\u00e9rcikkei hazai \u00e9s k\u00fclf\u00f6ldi lapokban. Az Erd\u00e9lyi foh\u00e1sz zeneszerz\u0151je \u00e9s el\u0151ad\u00f3ja. <br \/><strong>Irod.:<\/strong> Guly\u00e1s; M. t\u00e1rs. lexikon (1930); Kereszt\u00e9ny m. k\u00f6z\u00e9let almanah II (1940)<\/br><\/p>\n","protected":false},"excerpt":{"rendered":"<p>Mv., 1896. szept. 8., \u2020 ?: \u00fcgyv\u00e9d, sz\u00f6vetkezeti \u00fcgy\u00e9sz. \u2013 Kv.-on.. Bp.-en \u00e9s Szegeden tanult, \u00e1llamtudom\u00e1nyb\u00f3l doktor\u00e1lt majd hadb\u00edr\u00f3i, \u00fcgyv\u00e9di, jog \u2013 \u00e9s polg\u00e1ri b\u00edr\u00f3i okl. Szerzett. R\u00e9szt vett az I. vh.-ban, az olaszfronton megsebes\u00fclt. Hadb\u00edr\u00f3 volt (1925\u201327), Nyugd\u00edjba vonul\u00e1sa ut\u00e1n Bp.-en \u00fcgyv\u00e9di irod\u00e1t nyitott, h\u00edres b\u0171n\u00fcgyekben v\u00e9d\u0151. A Nemzeti Szoc. P\u00e1rt alap\u00edt\u00f3 tagja (1928), [&hellip;]<\/p>\n","protected":false},"featured_media":0,"comment_status":"open","ping_status":"closed","template":"","meta":[],"product_brand":[],"product_cat":[137],"product_tag":[],"class_list":{"0":"post-16416","1":"product","2":"type-product","3":"status-publish","5":"product_cat-maros-megyei-eletrajzi-lexikon","7":"first","8":"instock","9":"shipping-taxable","10":"product-type-simple"},"_links":{"self":[{"href":"https:\/\/uj.adatbank.ro\/lexikon\/wp-json\/wp\/v2\/product\/16416","targetHints":{"allow":["GET"]}}],"collection":[{"href":"https:\/\/uj.adatbank.ro\/lexikon\/wp-json\/wp\/v2\/product"}],"about":[{"href":"https:\/\/uj.adatbank.ro\/lexikon\/wp-json\/wp\/v2\/types\/product"}],"replies":[{"embeddable":true,"href":"https:\/\/uj.adatbank.ro\/lexikon\/wp-json\/wp\/v2\/comments?post=16416"}],"wp:attachment":[{"href":"https:\/\/uj.adatbank.ro\/lexikon\/wp-json\/wp\/v2\/media?parent=16416"}],"wp:term":[{"taxonomy":"product_brand","embeddable":true,"href":"https:\/\/uj.adatbank.ro\/lexikon\/wp-json\/wp\/v2\/product_brand?post=16416"},{"taxonomy":"product_cat","embeddable":true,"href":"https:\/\/uj.adatbank.ro\/lexikon\/wp-json\/wp\/v2\/product_cat?post=16416"},{"taxonomy":"product_tag","embeddable":true,"href":"https:\/\/uj.adatbank.ro\/lexikon\/wp-json\/wp\/v2\/product_tag?post=16416"}],"curies":[{"name":"wp","href":"https:\/\/api.w.org\/{rel}","templated":true}]}}

NAGY Mihály, gyéresszentkirályi

<p>Mv., 1896. szept. 8., † ?: ügyvéd, szövetkezeti ügyész. – Kv.-on.. Bp.-en és Szegeden tanult, államtudományból doktorált majd hadbírói, ügyvédi, jog – és polgári bírói okl. Szerzett. Részt vett az I. vh.-ban, az olaszfronton megsebesült. Hadbíró volt (1925–27), Nyugdíjba vonulása után Bp.-en ügyvédi irodát nyitott, híres bűnügyekben védő. A Nemzeti Szoc. Párt alapító tagja (1928), szövetkezeti ügyész. A m. háborús emlékérem, a sebesülési érem, a bolgár, német és osztrák hadiérem birtokosa. Vezércikkei hazai és külföldi lapokban. Az Erdélyi fohász zeneszerzője és előadója. <br /><strong>Irod.:</strong> Gulyás; M. társ. lexikon (1930); Keresztény m. közélet almanah II (1940)</br></p>

<p>Mv., 1896. szept. 8., † ?: ügyvéd, szövetkezeti ügyész. – Kv.-on.. Bp.-en és Szegeden tanult, államtudományból doktorált majd hadbírói, ügyvédi, jog – és polgári bírói okl. Szerzett. Részt vett az I. vh.-ban, az olaszfronton megsebesült. Hadbíró volt (1925–27), Nyugdíjba vonulása után Bp.-en ügyvédi irodát nyitott, híres bűnügyekben védő. A Nemzeti Szoc. Párt alapító tagja (1928), [&hellip;]</p>
