{"id":16424,"date":"2025-07-15T16:16:23","date_gmt":"2025-07-15T14:16:23","guid":{"rendered":"https:\/\/uj.adatbank.ro\/lexikon\/termek\/nagy-miklos-3\/"},"modified":"2025-07-15T16:16:23","modified_gmt":"2025-07-15T14:16:23","slug":"nagy-miklos-3","status":"publish","type":"product","link":"https:\/\/uj.adatbank.ro\/lexikon\/termek\/nagy-miklos-3\/","title":{"rendered":"NAGY Mikl\u00f3s"},"content":{"rendered":"<p>Mv., 1848. jan. 6., \u2020 ?: k\u00f6zs\u00e9gi b\u00edr\u00f3, lapszerkeszt\u0151. \u2013 A gimn\u00e1zium \u00f6t oszt\u00e1ly\u00e1t Mv.-en, a h\u00e1rom fels\u0151t Sz\u00e9kelyudvarhelyen v\u00e9gezte, az \u00e9retts\u00e9gi vizsg\u00e1t Kv.-on tette le \u00e9s ott hallgatta a jogot is. Petrozs\u00e9ny v\u00e1ros b\u00edr\u00e1ja. T\u00f6bb napi \u2013 \u00e9s hetilapban s foly\u00f3iratban \u00edrt cikkeket (1869\u2013). Szerkesztette a Zsilv\u00f6lgy c. r\u00f6plapot (1887), valamanit a Petrozs\u00e9ny \u00e9s Vid\u00e9ke c. vegyes tartalm\u00fa hetilapot, a vez\u00e9rcikkeket n\u00e9h\u00e1ny kiv\u00e9tel\u00e1vel mind \u0151 \u00edrta n\u00e9vtelen\u00fcl \u00e9s n\u00e9h\u00e1ny t\u00e1rc\u00e1t szint\u00e9n n\u00e9vtelen\u00fcl. Nagy \u00e9rdemei vannak abban hogy a magyars\u00e1g Petrozs\u00e9nyben megvethette a l\u00e1b\u00e1t. <br \/><strong>Irod.:<\/strong> Guly\u00e1s, Rugonfalvi Kiss; Szinnyei<\/br><\/p>\n","protected":false},"excerpt":{"rendered":"<p>Mv., 1848. jan. 6., \u2020 ?: k\u00f6zs\u00e9gi b\u00edr\u00f3, lapszerkeszt\u0151. \u2013 A gimn\u00e1zium \u00f6t oszt\u00e1ly\u00e1t Mv.-en, a h\u00e1rom fels\u0151t Sz\u00e9kelyudvarhelyen v\u00e9gezte, az \u00e9retts\u00e9gi vizsg\u00e1t Kv.-on tette le \u00e9s ott hallgatta a jogot is. Petrozs\u00e9ny v\u00e1ros b\u00edr\u00e1ja. T\u00f6bb napi \u2013 \u00e9s hetilapban s foly\u00f3iratban \u00edrt cikkeket (1869\u2013). Szerkesztette a Zsilv\u00f6lgy c. r\u00f6plapot (1887), valamanit a Petrozs\u00e9ny \u00e9s [&hellip;]<\/p>\n","protected":false},"featured_media":0,"comment_status":"open","ping_status":"closed","template":"","meta":[],"product_brand":[],"product_cat":[137],"product_tag":[],"class_list":{"0":"post-16424","1":"product","2":"type-product","3":"status-publish","5":"product_cat-maros-megyei-eletrajzi-lexikon","7":"first","8":"instock","9":"shipping-taxable","10":"product-type-simple"},"_links":{"self":[{"href":"https:\/\/uj.adatbank.ro\/lexikon\/wp-json\/wp\/v2\/product\/16424","targetHints":{"allow":["GET"]}}],"collection":[{"href":"https:\/\/uj.adatbank.ro\/lexikon\/wp-json\/wp\/v2\/product"}],"about":[{"href":"https:\/\/uj.adatbank.ro\/lexikon\/wp-json\/wp\/v2\/types\/product"}],"replies":[{"embeddable":true,"href":"https:\/\/uj.adatbank.ro\/lexikon\/wp-json\/wp\/v2\/comments?post=16424"}],"wp:attachment":[{"href":"https:\/\/uj.adatbank.ro\/lexikon\/wp-json\/wp\/v2\/media?parent=16424"}],"wp:term":[{"taxonomy":"product_brand","embeddable":true,"href":"https:\/\/uj.adatbank.ro\/lexikon\/wp-json\/wp\/v2\/product_brand?post=16424"},{"taxonomy":"product_cat","embeddable":true,"href":"https:\/\/uj.adatbank.ro\/lexikon\/wp-json\/wp\/v2\/product_cat?post=16424"},{"taxonomy":"product_tag","embeddable":true,"href":"https:\/\/uj.adatbank.ro\/lexikon\/wp-json\/wp\/v2\/product_tag?post=16424"}],"curies":[{"name":"wp","href":"https:\/\/api.w.org\/{rel}","templated":true}]}}

NAGY Miklós

<p>Mv., 1848. jan. 6., † ?: községi bíró, lapszerkesztő. – A gimnázium öt osztályát Mv.-en, a három felsőt Székelyudvarhelyen végezte, az érettségi vizsgát Kv.-on tette le és ott hallgatta a jogot is. Petrozsény város bírája. Több napi – és hetilapban s folyóiratban írt cikkeket (1869–). Szerkesztette a Zsilvölgy c. röplapot (1887), valamanit a Petrozsény és Vidéke c. vegyes tartalmú hetilapot, a vezércikkeket néhány kivételável mind ő írta névtelenül és néhány tárcát szintén névtelenül. Nagy érdemei vannak abban hogy a magyarság Petrozsényben megvethette a lábát. <br /><strong>Irod.:</strong> Gulyás, Rugonfalvi Kiss; Szinnyei</br></p>

<p>Mv., 1848. jan. 6., † ?: községi bíró, lapszerkesztő. – A gimnázium öt osztályát Mv.-en, a három felsőt Székelyudvarhelyen végezte, az érettségi vizsgát Kv.-on tette le és ott hallgatta a jogot is. Petrozsény város bírája. Több napi – és hetilapban s folyóiratban írt cikkeket (1869–). Szerkesztette a Zsilvölgy c. röplapot (1887), valamanit a Petrozsény és [&hellip;]</p>
