{"id":16426,"date":"2025-07-15T16:16:27","date_gmt":"2025-07-15T14:16:27","guid":{"rendered":"https:\/\/uj.adatbank.ro\/lexikon\/termek\/nagy-miklos-%c2%a7-nagy-miki\/"},"modified":"2025-07-15T16:16:27","modified_gmt":"2025-07-15T14:16:27","slug":"nagy-miklos-%c2%a7-nagy-miki","status":"publish","type":"product","link":"https:\/\/uj.adatbank.ro\/lexikon\/termek\/nagy-miklos-%c2%a7-nagy-miki\/","title":{"rendered":"NAGY Mikl\u00f3s, \u00a7 Nagy Miki"},"content":{"rendered":"<p>1942. m\u00e1rc. 8., \u2020 Mv., 1996. nov.: labdar\u00fag\u00f3. \u2013 Apja a II.vh.-ban vett r\u00e9szt, a csal\u00e1d Mv.-re k\u00f6lt\u00f6z\u00f6tt. (1942). Gyermekeik: 4 fi\u00fa, J\u00e1nos \u00e9s Mikl\u00f3s sportolt. Az MTE ifj\u00fas\u00e1gi csapat\u00e1ban, Kiss \u00c1rp\u00e1d edz\u0151 ir\u00e1ny\u00edt\u00e1s\u00e1val kezdett futbalozni J\u00e1nos b\u00e1tyj\u00e1val egy\u00fctt. A mv.-i Alimentara csapban j\u00e1tszott, Brass\u00f3ban az ifi v\u00e1logatott j\u00e1t\u00e9kosak\u00e9nt kezdte, a buk.-i Pompierul-hoz vitt\u00e9k katon\u00e1nak, innen a pitesti-i Dinam\u00f3hoz ker\u00fclt \u00e9s n\u00e9gy egym\u00e1st k\u00f6vet\u0151 \u00e9vben volt g\u00f3lkir\u00e1ly, \u00f6sszesen 57 g\u00f3lt szerzett. Egy szezonban a buk.-i Dinam\u00f3ban j\u00e1tszott. A mv.-i ASA j\u00e1t\u00e9kosa (1969 \u2013 ). T\u00f6bbsz\u00f6r volt ut\u00e1np\u00f3tl\u00e1s-v\u00e1logatott, szakemberek \u00e9rt\u00e9kel\u00e9se szerint, nem csak Mv., hanem az orsz\u00e1g egyik legnagyobb futballist\u00e1ja volt. Szipork\u00e1z\u00f3 technik\u00e1val rendelkezett. L\u00e9nyeges hozz\u00e1j\u00e1rul\u00e1sa volt az Arges \u00e9s k\u00fcl\u00f6n\u00f6sk\u00e9ppen a h\u00edres Dobrin (labdar\u00fag\u00f3 Craiov\u00e1n) p\u00e1ly\u00e1ra helyez\u00e9s\u00e9ben (Szucher). <br \/><strong>Irod.:<\/strong> Nem k\u00edm\u00e9lt\u00e9k egym\u00e1st, ha ellenfelek voltak (N\u00fa., 2016. \u00e1pr. 6.); Szucher<\/br><\/p>\n","protected":false},"excerpt":{"rendered":"<p>1942. m\u00e1rc. 8., \u2020 Mv., 1996. nov.: labdar\u00fag\u00f3. \u2013 Apja a II.vh.-ban vett r\u00e9szt, a csal\u00e1d Mv.-re k\u00f6lt\u00f6z\u00f6tt. (1942). Gyermekeik: 4 fi\u00fa, J\u00e1nos \u00e9s Mikl\u00f3s sportolt. Az MTE ifj\u00fas\u00e1gi csapat\u00e1ban, Kiss \u00c1rp\u00e1d edz\u0151 ir\u00e1ny\u00edt\u00e1s\u00e1val kezdett futbalozni J\u00e1nos b\u00e1tyj\u00e1val egy\u00fctt. A mv.-i Alimentara csapban j\u00e1tszott, Brass\u00f3ban az ifi v\u00e1logatott j\u00e1t\u00e9kosak\u00e9nt kezdte, a buk.-i Pompierul-hoz vitt\u00e9k katon\u00e1nak, [&hellip;]<\/p>\n","protected":false},"featured_media":0,"comment_status":"open","ping_status":"closed","template":"","meta":[],"product_brand":[],"product_cat":[137],"product_tag":[],"class_list":{"0":"post-16426","1":"product","2":"type-product","3":"status-publish","5":"product_cat-maros-megyei-eletrajzi-lexikon","7":"first","8":"instock","9":"shipping-taxable","10":"product-type-simple"},"_links":{"self":[{"href":"https:\/\/uj.adatbank.ro\/lexikon\/wp-json\/wp\/v2\/product\/16426","targetHints":{"allow":["GET"]}}],"collection":[{"href":"https:\/\/uj.adatbank.ro\/lexikon\/wp-json\/wp\/v2\/product"}],"about":[{"href":"https:\/\/uj.adatbank.ro\/lexikon\/wp-json\/wp\/v2\/types\/product"}],"replies":[{"embeddable":true,"href":"https:\/\/uj.adatbank.ro\/lexikon\/wp-json\/wp\/v2\/comments?post=16426"}],"wp:attachment":[{"href":"https:\/\/uj.adatbank.ro\/lexikon\/wp-json\/wp\/v2\/media?parent=16426"}],"wp:term":[{"taxonomy":"product_brand","embeddable":true,"href":"https:\/\/uj.adatbank.ro\/lexikon\/wp-json\/wp\/v2\/product_brand?post=16426"},{"taxonomy":"product_cat","embeddable":true,"href":"https:\/\/uj.adatbank.ro\/lexikon\/wp-json\/wp\/v2\/product_cat?post=16426"},{"taxonomy":"product_tag","embeddable":true,"href":"https:\/\/uj.adatbank.ro\/lexikon\/wp-json\/wp\/v2\/product_tag?post=16426"}],"curies":[{"name":"wp","href":"https:\/\/api.w.org\/{rel}","templated":true}]}}

NAGY Miklós, § Nagy Miki

<p>1942. márc. 8., † Mv., 1996. nov.: labdarúgó. – Apja a II.vh.-ban vett részt, a család Mv.-re költözött. (1942). Gyermekeik: 4 fiú, János és Miklós sportolt. Az MTE ifjúsági csapatában, Kiss Árpád edző irányításával kezdett futbalozni János bátyjával együtt. A mv.-i Alimentara csapban játszott, Brassóban az ifi válogatott játékosaként kezdte, a buk.-i Pompierul-hoz vitték katonának, innen a pitesti-i Dinamóhoz került és négy egymást követő évben volt gólkirály, összesen 57 gólt szerzett. Egy szezonban a buk.-i Dinamóban játszott. A mv.-i ASA játékosa (1969 – ). Többször volt utánpótlás-válogatott, szakemberek értékelése szerint, nem csak Mv., hanem az ország egyik legnagyobb futballistája volt. Sziporkázó technikával rendelkezett. Lényeges hozzájárulása volt az Arges és különösképpen a híres Dobrin (labdarúgó Craiován) pályára helyezésében (Szucher). <br /><strong>Irod.:</strong> Nem kímélték egymást, ha ellenfelek voltak (Nú., 2016. ápr. 6.); Szucher</br></p>

<p>1942. márc. 8., † Mv., 1996. nov.: labdarúgó. – Apja a II.vh.-ban vett részt, a család Mv.-re költözött. (1942). Gyermekeik: 4 fiú, János és Miklós sportolt. Az MTE ifjúsági csapatában, Kiss Árpád edző irányításával kezdett futbalozni János bátyjával együtt. A mv.-i Alimentara csapban játszott, Brassóban az ifi válogatott játékosaként kezdte, a buk.-i Pompierul-hoz vitték katonának, [&hellip;]</p>
