{"id":16431,"date":"2025-07-15T16:16:38","date_gmt":"2025-07-15T14:16:38","guid":{"rendered":"https:\/\/uj.adatbank.ro\/lexikon\/termek\/nagy-odon\/"},"modified":"2025-07-15T16:16:38","modified_gmt":"2025-07-15T14:16:38","slug":"nagy-odon","status":"publish","type":"product","link":"https:\/\/uj.adatbank.ro\/lexikon\/termek\/nagy-odon\/","title":{"rendered":"NAGY \u00d6d\u00f6n"},"content":{"rendered":"<p>Hajd\u00fan\u00e1n\u00e1s, 1879. febr. 2., \u2020 Mv., 1968. m\u00e1j. 11.: tan\u00e1r. \u2013 A kv.-i egyetemen term\u00e9szetrajz, f\u00f6ldrajz, vegytan szakon v\u00e9gzett (1901). Tanulm\u00e1nyut\u00f3n volt: Olaszo.-ban N\u00e9meto.-ban, Franciao.-ban \u00e9s B\u00e9csben. A sz\u00e1szv\u00e1rosi Kun Kocs\u00e1rd gimn. tan\u00e1ra (1902\u201325), utols\u00f3 igazgat\u00f3ja. A mv-i Ref. Koll. term\u00e9szetrajz szakos tan\u00e1ra (1925. szept.\u201339. szept. 1.). Mad\u00e1rgy\u0171jtem\u00e9ny, t\u00f6rzsherb\u00e1rium l\u00e9trehoz\u00e1sa neki k\u00f6sz\u00f6nhet\u0151. A mv.-i tisztvisel\u0151telepi h\u00e1z\u00e1nak udvar\u00e1n \u00e1llt az \u00e1ltala szervezett Meteorol\u00f3giai \u00e1llom\u00e1s (1945\u201365). Szorgalmazta egy f\u00fcv\u00e9szkert l\u00e9trehoz\u00e1s\u00e1t. A M. Kir. Term\u00e9szettudom\u00e1nyi T\u00e1rsulat tagja. A ref. kistemplom k\u00e1ntora volt. \u2013 <strong>F. m.:<\/strong> Sz\u00e9kelyf\u00f6ld \u00e9s Marosv\u00e1s\u00e1rhely fl\u00f3r\u00e1j\u00e1nak le\u00edr\u00e1sa.(?) <br \/><strong>Irod.:<\/strong> Csekme; Elekes B\u00e9la 1999; Er\u0151s v\u00e1runk; Kiss Sz\u00e9kely Zolt\u00e1n: Adal\u00e9kok a mv.-i Ref. Koll. Term\u00e9szetrajzi Katedr\u00e1j\u00e1nak t\u00f6rt\u00e9net\u00e9hez [k\u00e9zirat]; M\u00e1th\u00e9-Haller, 3\u20134. sz., 2007); Kiss Sz\u00e9kely Zolt\u00e1n: Adal\u00e9kok a mv.-i Ref. Koll. Term\u00e9szetrajzi Katedr\u00e1j\u00e1nak t\u00f6rt\u00e9net\u00e9hez = Iskol\u00e1k, iskolamesterek; Kiss Sz\u00e9kely Zolt\u00e1n: A term\u00e9szet kalend\u00e1riuna XVII. (N\u00fa., Sz\u00ednes Vil\u00e1g, 2012. szept. 1.); Mv. t\u00f6rt. 2.; Nagy Lajos: Mindenre van er\u0151m a Krisztusban (Mv., 2005.); Nagy \u00d6d\u00f6n<\/br><\/p>\n","protected":false},"excerpt":{"rendered":"<p>Hajd\u00fan\u00e1n\u00e1s, 1879. febr. 2., \u2020 Mv., 1968. m\u00e1j. 11.: tan\u00e1r. \u2013 A kv.-i egyetemen term\u00e9szetrajz, f\u00f6ldrajz, vegytan szakon v\u00e9gzett (1901). Tanulm\u00e1nyut\u00f3n volt: Olaszo.-ban N\u00e9meto.-ban, Franciao.-ban \u00e9s B\u00e9csben. A sz\u00e1szv\u00e1rosi Kun Kocs\u00e1rd gimn. tan\u00e1ra (1902\u201325), utols\u00f3 igazgat\u00f3ja. A mv-i Ref. Koll. term\u00e9szetrajz szakos tan\u00e1ra (1925. szept.\u201339. szept. 1.). Mad\u00e1rgy\u0171jtem\u00e9ny, t\u00f6rzsherb\u00e1rium l\u00e9trehoz\u00e1sa neki k\u00f6sz\u00f6nhet\u0151. A mv.-i tisztvisel\u0151telepi [&hellip;]<\/p>\n","protected":false},"featured_media":0,"comment_status":"open","ping_status":"closed","template":"","meta":[],"product_brand":[],"product_cat":[137],"product_tag":[],"class_list":{"0":"post-16431","1":"product","2":"type-product","3":"status-publish","5":"product_cat-maros-megyei-eletrajzi-lexikon","7":"first","8":"instock","9":"shipping-taxable","10":"product-type-simple"},"_links":{"self":[{"href":"https:\/\/uj.adatbank.ro\/lexikon\/wp-json\/wp\/v2\/product\/16431","targetHints":{"allow":["GET"]}}],"collection":[{"href":"https:\/\/uj.adatbank.ro\/lexikon\/wp-json\/wp\/v2\/product"}],"about":[{"href":"https:\/\/uj.adatbank.ro\/lexikon\/wp-json\/wp\/v2\/types\/product"}],"replies":[{"embeddable":true,"href":"https:\/\/uj.adatbank.ro\/lexikon\/wp-json\/wp\/v2\/comments?post=16431"}],"wp:attachment":[{"href":"https:\/\/uj.adatbank.ro\/lexikon\/wp-json\/wp\/v2\/media?parent=16431"}],"wp:term":[{"taxonomy":"product_brand","embeddable":true,"href":"https:\/\/uj.adatbank.ro\/lexikon\/wp-json\/wp\/v2\/product_brand?post=16431"},{"taxonomy":"product_cat","embeddable":true,"href":"https:\/\/uj.adatbank.ro\/lexikon\/wp-json\/wp\/v2\/product_cat?post=16431"},{"taxonomy":"product_tag","embeddable":true,"href":"https:\/\/uj.adatbank.ro\/lexikon\/wp-json\/wp\/v2\/product_tag?post=16431"}],"curies":[{"name":"wp","href":"https:\/\/api.w.org\/{rel}","templated":true}]}}

NAGY Ödön

<p>Hajdúnánás, 1879. febr. 2., † Mv., 1968. máj. 11.: tanár. – A kv.-i egyetemen természetrajz, földrajz, vegytan szakon végzett (1901). Tanulmányutón volt: Olaszo.-ban Németo.-ban, Franciao.-ban és Bécsben. A szászvárosi Kun Kocsárd gimn. tanára (1902–25), utolsó igazgatója. A mv-i Ref. Koll. természetrajz szakos tanára (1925. szept.–39. szept. 1.). Madárgyűjtemény, törzsherbárium létrehozása neki köszönhető. A mv.-i tisztviselőtelepi házának udvarán állt az általa szervezett Meteorológiai állomás (1945–65). Szorgalmazta egy füvészkert létrehozását. A M. Kir. Természettudományi Társulat tagja. A ref. kistemplom kántora volt. – <strong>F. m.:</strong> Székelyföld és Marosvásárhely flórájának leírása.(?) <br /><strong>Irod.:</strong> Csekme; Elekes Béla 1999; Erős várunk; Kiss Székely Zoltán: Adalékok a mv.-i Ref. Koll. Természetrajzi Katedrájának történetéhez [kézirat]; Máthé-Haller, 3–4. sz., 2007); Kiss Székely Zoltán: Adalékok a mv.-i Ref. Koll. Természetrajzi Katedrájának történetéhez = Iskolák, iskolamesterek; Kiss Székely Zoltán: A természet kalendáriuna XVII. (Nú., Színes Világ, 2012. szept. 1.); Mv. tört. 2.; Nagy Lajos: Mindenre van erőm a Krisztusban (Mv., 2005.); Nagy Ödön</br></p>

<p>Hajdúnánás, 1879. febr. 2., † Mv., 1968. máj. 11.: tanár. – A kv.-i egyetemen természetrajz, földrajz, vegytan szakon végzett (1901). Tanulmányutón volt: Olaszo.-ban Németo.-ban, Franciao.-ban és Bécsben. A szászvárosi Kun Kocsárd gimn. tanára (1902–25), utolsó igazgatója. A mv-i Ref. Koll. természetrajz szakos tanára (1925. szept.–39. szept. 1.). Madárgyűjtemény, törzsherbárium létrehozása neki köszönhető. A mv.-i tisztviselőtelepi [&hellip;]</p>
