{"id":16436,"date":"2025-07-15T16:16:47","date_gmt":"2025-07-15T14:16:47","guid":{"rendered":"https:\/\/uj.adatbank.ro\/lexikon\/termek\/nagy-ors\/"},"modified":"2025-07-15T16:16:47","modified_gmt":"2025-07-15T14:16:47","slug":"nagy-ors","status":"publish","type":"product","link":"https:\/\/uj.adatbank.ro\/lexikon\/termek\/nagy-ors\/","title":{"rendered":"NAGY \u00d6rs"},"content":{"rendered":"<p>Marosludas., 1923. nov. 30., \u2020 Mv., 1987. \u00e1pr. 14.: gy\u00f3gyszer\u00e9sz. \u2013 N. S\u00e1ndor \u00fcgyv\u00e9d \u00e9s Szepessy Piroska fia. Feles\u00e9ge Pokorny Judit (1930\u20132009). \u2013 Marosludason, majd a mv.-i Ref. Koll.-ban tanult (1934\u201342). Mv.-en \u00e9s Beszterc\u00e9n volt gy\u00f3gyszer\u00e9szgyakornok. Gy\u00f3gyszer\u00e9sz oklevelet Szegeden kapott a FJTE-en (1946). Mv.-en a Gr\u00f3sz Ferdin\u00e1nd gy\u00f3gyszert\u00e1r\u00e1nak volt az alkalmazottja az \u00e1llamos\u00edt\u00e1sig (1950. m\u00e1rc. 1.-ig). Beosztott gy\u00f3gyszer\u00e9sz a 3. sz. gy\u00f3gyszert\u00e1rban (1950\u201357), a Centrofarm gy\u00f3gyszerkereskedelmi v\u00e1llalat aligazgat\u00f3ja (1957\u201360), a szervez\u00e9si oszt\u00e1ly f\u0151n\u00f6ke (1965. szept. 1.\u2013), a gy\u00f3gyszert\u00e1ri \u00fcgyvitel \u00e9s szervez\u00e9s t\u00e1rgyk\u00f6r\u00e9nek oktat\u00f3ja a MOGYI-n (1952\u201362), a Gy\u00f3gyszerv\u00e1llalat keret\u00e9ben fel\u00e1ll\u00edtott Galenusi \/ Galenikai Laborat\u00f3rium megszervez\u00e9se, beind\u00edt\u00e1sa a feladata \u00e9s vezet\u0151 f\u0151gy\u00f3gyszer\u00e9sze volt (1985. febr. 1. \u2013). A Maros \u00e9s Hargita megye gy\u00f3gyszert\u00e1rait is ell\u00e1tt\u00e1k k\u00e9sz\u00edtm\u00e9nyeikkel. Mv.-en megjelent \u00c9rtes\u00edt\u0151, ill. Gy\u00f3gyszer\u00e9szi \u00c9rtes\u00edt\u0151 szaklapnak szerkeszt\u0151bizotts\u00e1gi tagja, k\u00f6z\u00f6lt a Farmacia foly\u00f3iratban is. \u00c9rdemes f\u0151gy\u00f3gyszer\u00e9sz. <br \/><strong>Irod.:<\/strong> Komj\u00e1tszegi; [Nekrol\u00f3g] (V. Z., 1987. \u00e1pr. 16.); P\u00e9ter H. M.; P\u00e9ter H. M. 2013; T\u0151k\u00e9s<\/br><\/p>\n","protected":false},"excerpt":{"rendered":"<p>Marosludas., 1923. nov. 30., \u2020 Mv., 1987. \u00e1pr. 14.: gy\u00f3gyszer\u00e9sz. \u2013 N. S\u00e1ndor \u00fcgyv\u00e9d \u00e9s Szepessy Piroska fia. Feles\u00e9ge Pokorny Judit (1930\u20132009). \u2013 Marosludason, majd a mv.-i Ref. Koll.-ban tanult (1934\u201342). Mv.-en \u00e9s Beszterc\u00e9n volt gy\u00f3gyszer\u00e9szgyakornok. Gy\u00f3gyszer\u00e9sz oklevelet Szegeden kapott a FJTE-en (1946). Mv.-en a Gr\u00f3sz Ferdin\u00e1nd gy\u00f3gyszert\u00e1r\u00e1nak volt az alkalmazottja az \u00e1llamos\u00edt\u00e1sig (1950. m\u00e1rc. [&hellip;]<\/p>\n","protected":false},"featured_media":0,"comment_status":"open","ping_status":"closed","template":"","meta":[],"product_brand":[],"product_cat":[137],"product_tag":[],"class_list":{"0":"post-16436","1":"product","2":"type-product","3":"status-publish","5":"product_cat-maros-megyei-eletrajzi-lexikon","7":"first","8":"instock","9":"shipping-taxable","10":"product-type-simple"},"_links":{"self":[{"href":"https:\/\/uj.adatbank.ro\/lexikon\/wp-json\/wp\/v2\/product\/16436","targetHints":{"allow":["GET"]}}],"collection":[{"href":"https:\/\/uj.adatbank.ro\/lexikon\/wp-json\/wp\/v2\/product"}],"about":[{"href":"https:\/\/uj.adatbank.ro\/lexikon\/wp-json\/wp\/v2\/types\/product"}],"replies":[{"embeddable":true,"href":"https:\/\/uj.adatbank.ro\/lexikon\/wp-json\/wp\/v2\/comments?post=16436"}],"wp:attachment":[{"href":"https:\/\/uj.adatbank.ro\/lexikon\/wp-json\/wp\/v2\/media?parent=16436"}],"wp:term":[{"taxonomy":"product_brand","embeddable":true,"href":"https:\/\/uj.adatbank.ro\/lexikon\/wp-json\/wp\/v2\/product_brand?post=16436"},{"taxonomy":"product_cat","embeddable":true,"href":"https:\/\/uj.adatbank.ro\/lexikon\/wp-json\/wp\/v2\/product_cat?post=16436"},{"taxonomy":"product_tag","embeddable":true,"href":"https:\/\/uj.adatbank.ro\/lexikon\/wp-json\/wp\/v2\/product_tag?post=16436"}],"curies":[{"name":"wp","href":"https:\/\/api.w.org\/{rel}","templated":true}]}}

NAGY Örs

<p>Marosludas., 1923. nov. 30., † Mv., 1987. ápr. 14.: gyógyszerész. – N. Sándor ügyvéd és Szepessy Piroska fia. Felesége Pokorny Judit (1930–2009). – Marosludason, majd a mv.-i Ref. Koll.-ban tanult (1934–42). Mv.-en és Besztercén volt gyógyszerészgyakornok. Gyógyszerész oklevelet Szegeden kapott a FJTE-en (1946). Mv.-en a Grósz Ferdinánd gyógyszertárának volt az alkalmazottja az államosításig (1950. márc. 1.-ig). Beosztott gyógyszerész a 3. sz. gyógyszertárban (1950–57), a Centrofarm gyógyszerkereskedelmi vállalat aligazgatója (1957–60), a szervezési osztály főnöke (1965. szept. 1.–), a gyógyszertári ügyvitel és szervezés tárgykörének oktatója a MOGYI-n (1952–62), a Gyógyszervállalat keretében felállított Galenusi / Galenikai Laboratórium megszervezése, beindítása a feladata és vezető főgyógyszerésze volt (1985. febr. 1. –). A Maros és Hargita megye gyógyszertárait is ellátták készítményeikkel. Mv.-en megjelent Értesítő, ill. Gyógyszerészi Értesítő szaklapnak szerkesztőbizottsági tagja, közölt a Farmacia folyóiratban is. Érdemes főgyógyszerész. <br /><strong>Irod.:</strong> Komjátszegi; [Nekrológ] (V. Z., 1987. ápr. 16.); Péter H. M.; Péter H. M. 2013; Tőkés</br></p>

<p>Marosludas., 1923. nov. 30., † Mv., 1987. ápr. 14.: gyógyszerész. – N. Sándor ügyvéd és Szepessy Piroska fia. Felesége Pokorny Judit (1930–2009). – Marosludason, majd a mv.-i Ref. Koll.-ban tanult (1934–42). Mv.-en és Besztercén volt gyógyszerészgyakornok. Gyógyszerész oklevelet Szegeden kapott a FJTE-en (1946). Mv.-en a Grósz Ferdinánd gyógyszertárának volt az alkalmazottja az államosításig (1950. márc. [&hellip;]</p>
