{"id":16444,"date":"2025-07-15T16:17:04","date_gmt":"2025-07-15T14:17:04","guid":{"rendered":"https:\/\/uj.adatbank.ro\/lexikon\/termek\/nagy-pal-%c2%a7\/"},"modified":"2025-07-15T16:17:04","modified_gmt":"2025-07-15T14:17:04","slug":"nagy-pal-%c2%a7","status":"publish","type":"product","link":"https:\/\/uj.adatbank.ro\/lexikon\/termek\/nagy-pal-%c2%a7\/","title":{"rendered":"NAGY P\u00e1l, \u00a7"},"content":{"rendered":"<p>Arad, 1920. j\u00fan. 29., \u2020 Mv., 1976. m\u00e1rc.6.:orvos. \u2013 K\u00f6z\u00e9piskol\u00e1it sz\u00fcl\u0151v\u00e1ros\u00e1ban v\u00e9gezte (1939), Kv.-on szerzett orvosi diplom\u00e1t a Ferenc J\u00f3zsef TE \u00e9s doktor\u00e1lt(1944). Munk\u00e1ss\u00e1g\u00e1t Kv.-on az Ideg- \u00e9s Elmegy\u00f3gy\u00e1szati Klinik\u00e1n kezdte (1944\u2013), majd Mv.-en folytatta mint gyakornok, tan\u00e1rseg\u00e9d, idegseb\u00e9sz f\u0151orvos az OGYI Idegseb\u00e9szeti Klinik\u00e1j\u00e1n (1945\u2013). Kore\u00e1ban 13 h\u00f3napon kereszt\u00fcl vezette a rom\u00e1n k\u00f3rh\u00e1z idegseb\u00e9szeti r\u00e9szleg\u00e9t Nampho v\u00e1ros\u00e1ban (1954\u201355). El\u0151ad\u00e1sokat tartott itthon \u00e9s Kore\u00e1ban is az agyv\u00e9rz\u00e9sr\u0151l, a kopony\u00e1ba hatolt idegen testekr\u0151l, a fejs\u00e9r\u00fcl\u00e9sek plasztikai kezel\u00e9s\u00e9r\u0151l, ezek nagyr\u00e9sz\u00e9t az Orvosi Szemle-Revista Medical\u0103 k\u00f6z\u00f6lte. Publik\u00e1lt m\u00e9g az Acta Med. Scandinav, Neurologia, Psihiatria, Neurochirurgia, Studii \u015fi Cercet\u0103ri de neurologie, Medicina intern\u0103-ban. Kit\u0171ntet\u00e9sei : Munka\u00e9rdemrend III. oszt\u00e1ly , a Koreai N\u00e9pk\u00f6zt\u00e1rsas\u00e1g V\u00f6r\u00f6s Z\u00e1szl\u00f3 Rendje \u2013 <strong>F. m.:<\/strong> <strong>t\u00e1rssz.:<\/strong> Curs de neurologie (TgM, 1951); Idegk\u00f3rtan (Buk., 1958). <br \/><strong>Irod.:<\/strong> Dezs\u0151 Istv\u00e1n; Genersich; Kiss-P\u00e9terffy \u2013 P\u00e9terffy; P\u00e9ter; P\u00e9terffy \u00c1. \u2013 P.P.; RMIL<\/br><\/p>\n","protected":false},"excerpt":{"rendered":"<p>Arad, 1920. j\u00fan. 29., \u2020 Mv., 1976. m\u00e1rc.6.:orvos. \u2013 K\u00f6z\u00e9piskol\u00e1it sz\u00fcl\u0151v\u00e1ros\u00e1ban v\u00e9gezte (1939), Kv.-on szerzett orvosi diplom\u00e1t a Ferenc J\u00f3zsef TE \u00e9s doktor\u00e1lt(1944). Munk\u00e1ss\u00e1g\u00e1t Kv.-on az Ideg- \u00e9s Elmegy\u00f3gy\u00e1szati Klinik\u00e1n kezdte (1944\u2013), majd Mv.-en folytatta mint gyakornok, tan\u00e1rseg\u00e9d, idegseb\u00e9sz f\u0151orvos az OGYI Idegseb\u00e9szeti Klinik\u00e1j\u00e1n (1945\u2013). Kore\u00e1ban 13 h\u00f3napon kereszt\u00fcl vezette a rom\u00e1n k\u00f3rh\u00e1z idegseb\u00e9szeti r\u00e9szleg\u00e9t [&hellip;]<\/p>\n","protected":false},"featured_media":0,"comment_status":"open","ping_status":"closed","template":"","meta":[],"product_brand":[],"product_cat":[137],"product_tag":[],"class_list":{"0":"post-16444","1":"product","2":"type-product","3":"status-publish","5":"product_cat-maros-megyei-eletrajzi-lexikon","7":"first","8":"instock","9":"shipping-taxable","10":"product-type-simple"},"_links":{"self":[{"href":"https:\/\/uj.adatbank.ro\/lexikon\/wp-json\/wp\/v2\/product\/16444","targetHints":{"allow":["GET"]}}],"collection":[{"href":"https:\/\/uj.adatbank.ro\/lexikon\/wp-json\/wp\/v2\/product"}],"about":[{"href":"https:\/\/uj.adatbank.ro\/lexikon\/wp-json\/wp\/v2\/types\/product"}],"replies":[{"embeddable":true,"href":"https:\/\/uj.adatbank.ro\/lexikon\/wp-json\/wp\/v2\/comments?post=16444"}],"wp:attachment":[{"href":"https:\/\/uj.adatbank.ro\/lexikon\/wp-json\/wp\/v2\/media?parent=16444"}],"wp:term":[{"taxonomy":"product_brand","embeddable":true,"href":"https:\/\/uj.adatbank.ro\/lexikon\/wp-json\/wp\/v2\/product_brand?post=16444"},{"taxonomy":"product_cat","embeddable":true,"href":"https:\/\/uj.adatbank.ro\/lexikon\/wp-json\/wp\/v2\/product_cat?post=16444"},{"taxonomy":"product_tag","embeddable":true,"href":"https:\/\/uj.adatbank.ro\/lexikon\/wp-json\/wp\/v2\/product_tag?post=16444"}],"curies":[{"name":"wp","href":"https:\/\/api.w.org\/{rel}","templated":true}]}}

NAGY Pál, §

<p>Arad, 1920. jún. 29., † Mv., 1976. márc.6.:orvos. – Középiskoláit szülővárosában végezte (1939), Kv.-on szerzett orvosi diplomát a Ferenc József TE és doktorált(1944). Munkásságát Kv.-on az Ideg- és Elmegyógyászati Klinikán kezdte (1944–), majd Mv.-en folytatta mint gyakornok, tanársegéd, idegsebész főorvos az OGYI Idegsebészeti Klinikáján (1945–). Koreában 13 hónapon keresztül vezette a román kórház idegsebészeti részlegét Nampho városában (1954–55). Előadásokat tartott itthon és Koreában is az agyvérzésről, a koponyába hatolt idegen testekről, a fejsérülések plasztikai kezeléséről, ezek nagyrészét az Orvosi Szemle-Revista Medicală közölte. Publikált még az Acta Med. Scandinav, Neurologia, Psihiatria, Neurochirurgia, Studii şi Cercetări de neurologie, Medicina internă-ban. Kitűntetései : Munkaérdemrend III. osztály , a Koreai Népköztársaság Vörös Zászló Rendje – <strong>F. m.:</strong> <strong>társsz.:</strong> Curs de neurologie (TgM, 1951); Idegkórtan (Buk., 1958). <br /><strong>Irod.:</strong> Dezső István; Genersich; Kiss-Péterffy – Péterffy; Péter; Péterffy Á. – P.P.; RMIL</br></p>

<p>Arad, 1920. jún. 29., † Mv., 1976. márc.6.:orvos. – Középiskoláit szülővárosában végezte (1939), Kv.-on szerzett orvosi diplomát a Ferenc József TE és doktorált(1944). Munkásságát Kv.-on az Ideg- és Elmegyógyászati Klinikán kezdte (1944–), majd Mv.-en folytatta mint gyakornok, tanársegéd, idegsebész főorvos az OGYI Idegsebészeti Klinikáján (1945–). Koreában 13 hónapon keresztül vezette a román kórház idegsebészeti részlegét [&hellip;]</p>
